000
CDUS43 KIWX 280533
CLISBN


CLIMATE REPORT
NATIONAL WEATHER SERVICE NORTHERN INDIANA
131 AM EDT SAT MAR 28 2015


...................................

...THE SOUTH BEND CLIMATE SUMMARY FOR MARCH 27 2015...

CLIMATE NORMAL PERIOD 1981 TO 2010
CLIMATE RECORD PERIOD 1893 TO 2015


WEATHER ITEM   OBSERVED TIME   RECORD YEAR NORMAL DEPARTURE LAST
                VALUE   (LST)  VALUE       VALUE  FROM      YEAR
                                                  NORMAL
..................................................................
TEMPERATURE (F)
 YESTERDAY
  MAXIMUM         32   1231 AM  82    1907  51    -19       52
  MINIMUM         17   1100 PM   4    1965  32    -15       34
  AVERAGE         25                        42    -17       43

PRECIPITATION (IN)
  YESTERDAY        T             1.88 1914   0.08  -0.08     0.12
  MONTH TO DATE    0.74                      2.08  -1.34     1.65
  SINCE MAR 1      0.74                      2.08  -1.34     1.65
  SINCE JAN 1      4.64                      6.32  -1.68     7.59

SNOWFALL (IN)
  YESTERDAY        T             5.0  1934   0.2   -0.2      0.0
  MONTH TO DATE    6.1                       6.7   -0.6     11.8
  SINCE MAR 1      6.1                       6.7   -0.6     11.8
  SINCE JUL 1     83.9                      64.8   19.1    105.8
  SNOW DEPTH       0

DEGREE DAYS
 HEATING
  YESTERDAY       40                        23     17       22
  MONTH TO DATE  830                       765     65      981
  SINCE MAR 1    830                       765     65      981
  SINCE JUL 1   5927                      5454    473     6164

 COOLING
  YESTERDAY        0                         0      0        0
  MONTH TO DATE    0                         0      0        0
  SINCE MAR 1      0                         0      0        0
  SINCE JAN 1      0                         0      0        0
..................................................................


WIND (MPH)
  HIGHEST WIND SPEED    28   HIGHEST WIND DIRECTION     N (350)
  HIGHEST GUST SPEED    33   HIGHEST GUST DIRECTION     N (360)
  AVERAGE WIND SPEED    14.4


SKY COVER
  AVERAGE SKY COVER 0.8


WEATHER CONDITIONS
 THE FOLLOWING WEATHER WAS RECORDED YESTERDAY.
  LIGHT SNOW
  HAZE


RELATIVE HUMIDITY (PERCENT)
 HIGHEST    78           100 AM
 LOWEST     42          1200 PM
 AVERAGE    60

..........................................................


THE SOUTH BEND CLIMATE NORMALS FOR TODAY
                         NORMAL    RECORD    YEAR
 MAXIMUM TEMPERATURE (F)   52        82      1910
 MINIMUM TEMPERATURE (F)   32        -9      1934


SUNRISE AND SUNSET
MARCH 28 2015.........SUNRISE   735 AM EDT   SUNSET   806 PM EDT
MARCH 29 2015.........SUNRISE   734 AM EDT   SUNSET   807 PM EDT


-  INDICATES NEGATIVE NUMBERS.
R  INDICATES RECORD WAS SET OR TIED.
MM INDICATES DATA IS MISSING.
T  INDICATES TRACE AMOUNT.




$$
