449
CDUS43 KIWX 150526
CLISBN


CLIMATE REPORT
NATIONAL WEATHER SERVICE NORTHERN INDIANA
1225 AM EST FRI DEC 15 2017


...................................

...THE SOUTH BEND CLIMATE SUMMARY FOR DECEMBER 14 2017...

CLIMATE NORMAL PERIOD 1981 TO 2010
CLIMATE RECORD PERIOD 1893 TO 2017


WEATHER ITEM   OBSERVED TIME   RECORD YEAR NORMAL DEPARTURE LAST
                VALUE   (LST)  VALUE       VALUE  FROM      YEAR
                                                  NORMAL
..................................................................
TEMPERATURE (F)
 YESTERDAY
  MAXIMUM         22    602 PM  67    1975  35    -13       19
  MINIMUM         10   1025 PM -10    1903  23    -13       -3
  AVERAGE         16                        29    -13        8

PRECIPITATION (IN)
  YESTERDAY        T             1.30 2011   0.08  -0.08      T
  MONTH TO DATE    0.64                      1.24  -0.60     1.19
  SINCE DEC 1      0.64                      1.24  -0.60     1.19
  SINCE JAN 1     42.80                     36.63   6.17    45.80

SNOWFALL (IN)
  YESTERDAY        T             6.0  2013   0.6   -0.6      0.1
  MONTH TO DATE   13.0                       6.6    6.4     14.0
  SINCE DEC 1     13.0                       6.6    6.4     14.0
  SINCE JUL 1     13.0                      11.8    1.2     14.5
  SNOW DEPTH       4

DEGREE DAYS
 HEATING
  YESTERDAY       49                        36     13       57
  MONTH TO DATE  482                       473      9      541
  SINCE DEC 1    482                       473      9      541
  SINCE JUL 1   1665                      1742    -77     1442

 COOLING
  YESTERDAY        0                         0      0        0
  MONTH TO DATE    0                         0      0        0
  SINCE DEC 1      0                         0      0        0
  SINCE JAN 1    692                       773    -81      950
..................................................................


WIND (MPH)
  HIGHEST WIND SPEED    17   HIGHEST WIND DIRECTION     N (350)
  HIGHEST GUST SPEED    22   HIGHEST GUST DIRECTION     N (360)
  AVERAGE WIND SPEED     6.9


SKY COVER
  AVERAGE SKY COVER 0.6


WEATHER CONDITIONS
 THE FOLLOWING WEATHER WAS RECORDED YESTERDAY.
  LIGHT SNOW
  FOG
  HAZE


RELATIVE HUMIDITY (PERCENT)
 HIGHEST   100           400 AM
 LOWEST     68           200 PM
 AVERAGE    84

..........................................................


THE SOUTH BEND CLIMATE NORMALS FOR TODAY
                         NORMAL    RECORD    YEAR
 MAXIMUM TEMPERATURE (F)   35        62      1971
 MINIMUM TEMPERATURE (F)   22       -12      1901


SUNRISE AND SUNSET
DECEMBER 15 2017......SUNRISE   805 AM EST   SUNSET   516 PM EST
DECEMBER 16 2017......SUNRISE   806 AM EST   SUNSET   516 PM EST


-  INDICATES NEGATIVE NUMBERS.
R  INDICATES RECORD WAS SET OR TIED.
MM INDICATES DATA IS MISSING.
T  INDICATES TRACE AMOUNT.




$$
