000
CDUS43 KIWX 140523
CLISBN


CLIMATE REPORT
NATIONAL WEATHER SERVICE NORTHERN INDIANA
123 AM EDT MON APR 14 2014


...................................

...THE SOUTH BEND CLIMATE SUMMARY FOR APRIL 13 2014...

CLIMATE NORMAL PERIOD 1981 TO 2010
CLIMATE RECORD PERIOD 1893 TO 2014


WEATHER ITEM   OBSERVED TIME   RECORD YEAR NORMAL DEPARTURE LAST
                VALUE   (LST)  VALUE       VALUE  FROM      YEAR
                                                  NORMAL
..................................................................
TEMPERATURE (F)
 YESTERDAY
  MAXIMUM         72   1159 AM  85    1941  59     13       44
  MINIMUM         62    616 AM  18    1950  38     24       34
  AVERAGE         67                        48     19       39

PRECIPITATION (IN)
  YESTERDAY        0.05          1.23 1909   0.11  -0.06     0.01
  MONTH TO DATE    1.31                      1.35  -0.04     1.74
  SINCE MAR 1      3.00                      3.77  -0.77     3.00
  SINCE JAN 1      8.94                      8.01   0.93    10.49

DEGREE DAYS
 HEATING
  YESTERDAY        0                        17    -17       26
  MONTH TO DATE  221                       251    -30      282
  SINCE MAR 1   1297                      1106    191     1296
  SINCE JUL 1   6480                      5795    685     5693

 COOLING
  YESTERDAY        2                         0      2        0
  MONTH TO DATE    2                         0      2        0
  SINCE MAR 1      2                         1      1        0
  SINCE JAN 1      2                         1      1        0
..................................................................


WIND (MPH)
  HIGHEST WIND SPEED    29   HIGHEST WIND DIRECTION     S (200)
  HIGHEST GUST SPEED    36   HIGHEST GUST DIRECTION     S (200)
  AVERAGE WIND SPEED    15.0


SKY COVER
  AVERAGE SKY COVER 0.7


WEATHER CONDITIONS
 THE FOLLOWING WEATHER WAS RECORDED YESTERDAY.
  THUNDERSTORM
  HEAVY RAIN
  LIGHT RAIN


RELATIVE HUMIDITY (PERCENT)
 HIGHEST    84           800 PM
 LOWEST     57          1200 PM
 AVERAGE    71

..........................................................


THE SOUTH BEND CLIMATE NORMALS FOR TODAY
                         NORMAL    RECORD    YEAR
 MAXIMUM TEMPERATURE (F)   59        81      2003
                                             1941
 MINIMUM TEMPERATURE (F)   38        19      1940
                                             1917


SUNRISE AND SUNSET
APRIL 14 2014.........SUNRISE   707 AM EDT   SUNSET   825 PM EDT
APRIL 15 2014.........SUNRISE   705 AM EDT   SUNSET   826 PM EDT


-  INDICATES NEGATIVE NUMBERS.
R  INDICATES RECORD WAS SET OR TIED.
MM INDICATES DATA IS MISSING.
T  INDICATES TRACE AMOUNT.




$$
