000
CDUS43 KIWX 010021
CLISBN


CLIMATE REPORT
NATIONAL WEATHER SERVICE NORTHERN INDIANA
821 PM EDT TUE JUN 30 2015


...................................

...THE SOUTH BEND CLIMATE SUMMARY FOR JUNE 30 2015...
VALID AS OF 0800 PM LOCAL TIME.

CLIMATE NORMAL PERIOD 1981 TO 2010
CLIMATE RECORD PERIOD 1893 TO 2015


WEATHER ITEM   OBSERVED TIME   RECORD YEAR NORMAL DEPARTURE LAST
                VALUE   (LST)  VALUE       VALUE  FROM      YEAR
                                                  NORMAL
..................................................................
TEMPERATURE (F)
 TODAY
  MAXIMUM         74    351 PM  97    1913  83     -9       85
  MINIMUM         62    444 AM  40    1943  62      0       66
  AVERAGE         68                        73     -5       76

PRECIPITATION (IN)
  TODAY            0.02          2.54 1977   0.11  -0.09     0.69
  MONTH TO DATE    4.07                      3.79   0.28     9.14
  SINCE JUN 1      4.07                      3.79   0.28     9.14
  SINCE JAN 1     17.16                     17.51  -0.35    24.22

SNOWFALL (IN)
  TODAY            0.0           0.0  2002   0.0    0.0      0.0
                                      2001
                                      2000
  MONTH TO DATE    0.0                       0.0    0.0      0.0
  SINCE JUN 1      0.0                       0.0    0.0      0.0
  SINCE JUL 1     83.9                      66.6   17.3    106.9
  SNOW DEPTH       0

DEGREE DAYS
 HEATING
  TODAY            0                         0      0        0
  MONTH TO DATE   19                        43    -24       17
  SINCE JUN 1     19                        44    -25       17
  SINCE JUL 1   6623                      6298    325     6953

 COOLING
  TODAY            3                         8     -5       11
  MONTH TO DATE  159                       165     -6      216
  SINCE JUN 1    159                       165     -6      216
  SINCE JAN 1    245                       221     24      301
..................................................................


WIND (MPH)
  RESULTANT WIND SPEED   4   RESULTANT WIND DIRECTION  NW (300)
  HIGHEST WIND SPEED    18   HIGHEST WIND DIRECTION    NW (300)
  HIGHEST GUST SPEED    22   HIGHEST GUST DIRECTION    NW (320)
  AVERAGE WIND SPEED     8.4


SKY COVER
  POSSIBLE SUNSHINE  MM
  AVERAGE SKY COVER 0.8


WEATHER CONDITIONS
 THE FOLLOWING WEATHER WAS RECORDED TODAY.
  RAIN
  FOG
  HAZE


RELATIVE HUMIDITY (PERCENT)
 HIGHEST   100           600 AM
 LOWEST     64           200 PM
 AVERAGE    82

..........................................................


THE SOUTH BEND CLIMATE NORMALS FOR TOMORROW
                         NORMAL    RECORD    YEAR
 MAXIMUM TEMPERATURE (F)   83        99      1956
 MINIMUM TEMPERATURE (F)   63        45      1950
                                             1937


SUNRISE AND SUNSET
JUNE 30 2015..........SUNRISE   614 AM EDT   SUNSET   924 PM EDT
JULY  1 2015..........SUNRISE   614 AM EDT   SUNSET   924 PM EDT


-  INDICATES NEGATIVE NUMBERS.
R  INDICATES RECORD WAS SET OR TIED.
MM INDICATES DATA IS MISSING.
T  INDICATES TRACE AMOUNT.




$$
