000
CDUS43 KIWX 280526
CLISBN


CLIMATE REPORT
NATIONAL WEATHER SERVICE NORTHERN INDIANA
126 AM EDT SAT MAY 28 2016


...................................

...THE SOUTH BEND CLIMATE SUMMARY FOR MAY 27 2016...

CLIMATE NORMAL PERIOD 1981 TO 2010
CLIMATE RECORD PERIOD 1893 TO 2016


WEATHER ITEM   OBSERVED TIME   RECORD YEAR NORMAL DEPARTURE LAST
                VALUE   (LST)  VALUE       VALUE  FROM      YEAR
                                                  NORMAL
..................................................................
TEMPERATURE (F)
 YESTERDAY
  MAXIMUM         85    355 PM  97    2012  73     12       76
  MINIMUM         64    601 AM  30    1961  52     12       56
  AVERAGE         75                        63     12       66

PRECIPITATION (IN)
  YESTERDAY        0.01          1.45 1922   0.13  -0.12     0.11
  MONTH TO DATE    2.41                      3.29  -0.88     3.47
  SINCE MAR 1     11.25                      8.94   2.31     6.65
  SINCE JAN 1     15.03                     13.18   1.85    10.55

SNOWFALL (IN)
  YESTERDAY        0.0           0.0  2002   0.0    0.0      0.0
                                      2001
  MONTH TO DATE    0.0                       0.0    0.0      0.0
  SINCE MAR 1     10.9                       8.5    2.4      6.1
  SINCE JUL 1     70.2                      66.6    3.6     83.9
  SNOW DEPTH       0

DEGREE DAYS
 HEATING
  YESTERDAY        0                         5     -5        0
  MONTH TO DATE  261                       208     53      121
  SINCE MAR 1   1475                      1550    -75     1496
  SINCE JUL 1   5605                      6239   -634     6593

 COOLING
  YESTERDAY       10                         2      8        1
  MONTH TO DATE   31                        36     -5       71
  SINCE MAR 1     35                        46    -11       73
  SINCE JAN 1     35                        46    -11       73
..................................................................


WIND (MPH)
  HIGHEST WIND SPEED    24   HIGHEST WIND DIRECTION     W (250)
  HIGHEST GUST SPEED    30   HIGHEST GUST DIRECTION    SW (240)
  AVERAGE WIND SPEED     9.3


SKY COVER
  AVERAGE SKY COVER 0.3


WEATHER CONDITIONS
 THE FOLLOWING WEATHER WAS RECORDED YESTERDAY.
  LIGHT RAIN


RELATIVE HUMIDITY (PERCENT)
 HIGHEST    97           900 PM
 LOWEST     44           400 PM
 AVERAGE    71

..........................................................


THE SOUTH BEND CLIMATE NORMALS FOR TODAY
                         NORMAL    RECORD    YEAR
 MAXIMUM TEMPERATURE (F)   74        95      2012
 MINIMUM TEMPERATURE (F)   53        34      1902


SUNRISE AND SUNSET
MAY 28 2016...........SUNRISE   615 AM EDT   SUNSET   911 PM EDT
MAY 29 2016...........SUNRISE   614 AM EDT   SUNSET   911 PM EDT


-  INDICATES NEGATIVE NUMBERS.
R  INDICATES RECORD WAS SET OR TIED.
MM INDICATES DATA IS MISSING.
T  INDICATES TRACE AMOUNT.




$$
