000
CDUS43 KIWX 170546
CLISBN


CLIMATE REPORT
NATIONAL WEATHER SERVICE NORTHERN INDIANA
1246 AM EST SAT FEB 17 2018


...................................

...THE SOUTH BEND CLIMATE SUMMARY FOR FEBRUARY 16 2018...

CLIMATE NORMAL PERIOD 1981 TO 2010
CLIMATE RECORD PERIOD 1893 TO 2018


WEATHER ITEM   OBSERVED TIME   RECORD YEAR NORMAL DEPARTURE LAST
                VALUE   (LST)  VALUE       VALUE  FROM      YEAR
                                                  NORMAL
..................................................................
TEMPERATURE (F)
 YESTERDAY
  MAXIMUM         36    139 AM  60    1921  35      1       36
  MINIMUM         17   1149 PM -10    1905  21     -4       24
  AVERAGE         27                        28     -1       30

PRECIPITATION (IN)
  YESTERDAY        T             1.14 1954   0.06  -0.06     0.00
  MONTH TO DATE    2.24                      1.04   1.20     1.46
  SINCE DEC 1      5.53                      5.94  -0.41     6.79
  SINCE JAN 1      4.17                      3.33   0.84     4.80

SNOWFALL (IN)
  YESTERDAY        T             4.5  1997   0.5   -0.5      0.0
                                      1993
  MONTH TO DATE   27.8                       9.3   18.5      0.3
  SINCE DEC 1     82.2                      47.2   35.0     33.1
  SINCE JUL 1     82.2                      52.4   29.8     33.6
  SNOW DEPTH       6

DEGREE DAYS
 HEATING
  YESTERDAY       38                        37      1       35
  MONTH TO DATE  713                       621     92      540
  SINCE DEC 1   3205                      3000    205     2847
  SINCE JUL 1   4388                      4269    119     3748

 COOLING
  YESTERDAY        0                         0      0        0
  MONTH TO DATE    0                         0      0        0
  SINCE DEC 1      0                         0      0        0
  SINCE JAN 1      0                         0      0        0
..................................................................


WIND (MPH)
  HIGHEST WIND SPEED    24   HIGHEST WIND DIRECTION     N (340)
  HIGHEST GUST SPEED    31   HIGHEST GUST DIRECTION    NW (330)
  AVERAGE WIND SPEED    11.5


SKY COVER
  AVERAGE SKY COVER 0.6


WEATHER CONDITIONS
 THE FOLLOWING WEATHER WAS RECORDED YESTERDAY.
  FOG


RELATIVE HUMIDITY (PERCENT)
 HIGHEST    96           300 AM
 LOWEST     51           400 PM
 AVERAGE    74

..........................................................


THE SOUTH BEND CLIMATE NORMALS FOR TODAY
                         NORMAL    RECORD    YEAR
 MAXIMUM TEMPERATURE (F)   36        64      2017
 MINIMUM TEMPERATURE (F)   21        -8      1903


SUNRISE AND SUNSET
FEBRUARY 17 2018......SUNRISE   738 AM EST   SUNSET   621 PM EST
FEBRUARY 18 2018......SUNRISE   736 AM EST   SUNSET   622 PM EST


-  INDICATES NEGATIVE NUMBERS.
R  INDICATES RECORD WAS SET OR TIED.
MM INDICATES DATA IS MISSING.
T  INDICATES TRACE AMOUNT.




$$
