000
CDUS43 KIWX 160534
CLISBN


CLIMATE REPORT
NATIONAL WEATHER SERVICE NORTHERN INDIANA
133 AM EDT SAT SEP 16 2017


...................................

...THE SOUTH BEND CLIMATE SUMMARY FOR SEPTEMBER 15 2017...

CLIMATE NORMAL PERIOD 1981 TO 2010
CLIMATE RECORD PERIOD 1893 TO 2017


WEATHER ITEM   OBSERVED TIME   RECORD YEAR NORMAL DEPARTURE LAST
                VALUE   (LST)  VALUE       VALUE  FROM      YEAR
                                                  NORMAL
..................................................................
TEMPERATURE (F)
 YESTERDAY
  MAXIMUM         81    346 PM  96    1897  75      6       75
  MINIMUM         54    458 AM  38    1953  54      0       57
  AVERAGE         68                        64      4       66

PRECIPITATION (IN)
  YESTERDAY        0.00          2.27 1912   0.12  -0.12     0.00
  MONTH TO DATE    1.11                      1.76  -0.65     1.16
  SINCE SEP 1      1.11                      1.76  -0.65     1.16
  SINCE JAN 1     28.70                     27.03   1.67    35.57

DEGREE DAYS
 HEATING
  YESTERDAY        0                         3     -3        0
  MONTH TO DATE   67                        29     38        4
  SINCE SEP 1     67                        29     38        4
  SINCE JUL 1     88                        47     41       12

 COOLING
  YESTERDAY        3                         3      0        1
  MONTH TO DATE   10                        58    -48       71
  SINCE SEP 1     10                        58    -48       71
  SINCE JAN 1    562                       740   -178      880
..................................................................


WIND (MPH)
  HIGHEST WIND SPEED    14   HIGHEST WIND DIRECTION    SE (150)
  HIGHEST GUST SPEED    18   HIGHEST GUST DIRECTION     S (190)
  AVERAGE WIND SPEED     5.9


SKY COVER
  AVERAGE SKY COVER 0.0


WEATHER CONDITIONS
 THE FOLLOWING WEATHER WAS RECORDED YESTERDAY.
  NO SIGNIFICANT WEATHER WAS OBSERVED.


RELATIVE HUMIDITY (PERCENT)
 HIGHEST   100          1200 AM
 LOWEST     51           300 PM
 AVERAGE    76

..........................................................


THE SOUTH BEND CLIMATE NORMALS FOR TODAY
                         NORMAL    RECORD    YEAR
 MAXIMUM TEMPERATURE (F)   74        93      1927
 MINIMUM TEMPERATURE (F)   54        34      1916


SUNRISE AND SUNSET
SEPTEMBER 16 2017.....SUNRISE   727 AM EDT   SUNSET   752 PM EDT
SEPTEMBER 17 2017.....SUNRISE   728 AM EDT   SUNSET   751 PM EDT


-  INDICATES NEGATIVE NUMBERS.
R  INDICATES RECORD WAS SET OR TIED.
MM INDICATES DATA IS MISSING.
T  INDICATES TRACE AMOUNT.




$$
