000
CDUS43 KIWX 280032
CLISBN


CLIMATE REPORT
NATIONAL WEATHER SERVICE NORTHERN INDIANA
825 PM EDT SAT JUN 27 2015


...................................

...THE SOUTH BEND CLIMATE SUMMARY FOR JUNE 27 2015...
VALID AS OF 0800 PM LOCAL TIME.

CLIMATE NORMAL PERIOD 1981 TO 2010
CLIMATE RECORD PERIOD 1893 TO 2015


WEATHER ITEM   OBSERVED TIME   RECORD YEAR NORMAL DEPARTURE LAST
                VALUE   (LST)  VALUE       VALUE  FROM      YEAR
                                                  NORMAL
..................................................................
TEMPERATURE (F)
 TODAY
  MAXIMUM         73    353 PM 102    1933  82     -9       87
  MINIMUM         58    724 AM  41    1905  62     -4       62
  AVERAGE         66                        72     -6       75

PRECIPITATION (IN)
  TODAY            0.90          1.55 1973   0.12   0.78     0.00
  MONTH TO DATE    3.72                      3.46   0.26     8.35
  SINCE JUN 1      3.72                      3.46   0.26     8.35
  SINCE JAN 1     16.81                     17.18  -0.37    23.43

SNOWFALL (IN)
  TODAY            0.0           0.0  2002   0.0    0.0      0.0
                                      2001
                                      2000
  MONTH TO DATE    0.0                       0.0    0.0      0.0
  SINCE JUN 1      0.0                       0.0    0.0      0.0
  SINCE JUL 1     83.9                      66.6   17.3    106.9
  SNOW DEPTH       0

DEGREE DAYS
 HEATING
  TODAY            0                         0      0        0
  MONTH TO DATE   19                        43    -24       17
  SINCE JUN 1     19                        43    -24       17
  SINCE JUL 1   6623                      6297    326     6953

 COOLING
  TODAY            1                         8     -7       10
  MONTH TO DATE  153                       141     12      176
  SINCE JUN 1    153                       141     12      176
  SINCE JAN 1    239                       197     42      261
..................................................................


WIND (MPH)
  RESULTANT WIND SPEED  11   RESULTANT WIND DIRECTION   N (10)
  HIGHEST WIND SPEED    22   HIGHEST WIND DIRECTION     N (350)
  HIGHEST GUST SPEED    29   HIGHEST GUST DIRECTION     N (10)
  AVERAGE WIND SPEED    12.9


SKY COVER
  POSSIBLE SUNSHINE  MM
  AVERAGE SKY COVER 0.8


WEATHER CONDITIONS
 THE FOLLOWING WEATHER WAS RECORDED TODAY.
  RAIN
  LIGHT RAIN
  FOG


RELATIVE HUMIDITY (PERCENT)
 HIGHEST   100          1200 AM
 LOWEST     57           400 PM
 AVERAGE    79

..........................................................


THE SOUTH BEND CLIMATE NORMALS FOR TOMORROW
                         NORMAL    RECORD    YEAR
 MAXIMUM TEMPERATURE (F)   83       103      1934
 MINIMUM TEMPERATURE (F)   62        42      1992


SUNRISE AND SUNSET
JUNE 27 2015..........SUNRISE   613 AM EDT   SUNSET   924 PM EDT
JUNE 28 2015..........SUNRISE   613 AM EDT   SUNSET   924 PM EDT


-  INDICATES NEGATIVE NUMBERS.
R  INDICATES RECORD WAS SET OR TIED.
MM INDICATES DATA IS MISSING.
T  INDICATES TRACE AMOUNT.




$$
