916
CDUS43 KIWX 260523
CLISBN


CLIMATE REPORT
NATIONAL WEATHER SERVICE NORTHERN INDIANA
123 AM EDT FRI AUG 26 2016


...................................

...THE SOUTH BEND CLIMATE SUMMARY FOR AUGUST 25 2016...

CLIMATE NORMAL PERIOD 1981 TO 2010
CLIMATE RECORD PERIOD 1893 TO 2016


WEATHER ITEM   OBSERVED TIME   RECORD YEAR NORMAL DEPARTURE LAST
                VALUE   (LST)  VALUE       VALUE  FROM      YEAR
                                                  NORMAL
..................................................................
TEMPERATURE (F)
 YESTERDAY
  MAXIMUM         80    427 PM  97    1948  80      0       64
  MINIMUM         67   1159 PM  42    1956  61      6       59
  AVERAGE         74                        70      4       62

PRECIPITATION (IN)
  YESTERDAY        0.18          3.40 1905   0.12   0.06     0.00
  MONTH TO DATE   11.30                      3.04   8.26     2.09
  SINCE JUN 1     17.79                     10.83   6.96    10.95
  SINCE JAN 1     32.90                     24.55   8.35    24.04

SNOWFALL (IN)
  YESTERDAY        0.0           0.0  2002   0.0    0.0      0.0
                                      2001
  MONTH TO DATE    0.0                       0.0    0.0      0.0
  SINCE JUN 1      0.0                       0.0    0.0      0.0
  SINCE JUL 1      0.0                       0.0    0.0      0.0
  SNOW DEPTH       0

DEGREE DAYS
 HEATING
  YESTERDAY        0                         1     -1        3
  MONTH TO DATE    0                         2     -2        3
  SINCE JUN 1     43                        51     -8       32
  SINCE JUL 1      8                         7      1       13

 COOLING
  YESTERDAY        9                         6      3        0
  MONTH TO DATE  234                       172     62      180
  SINCE JUN 1    680                       590     90      545
  SINCE JAN 1    749                       646    103      631
..................................................................


WIND (MPH)
  HIGHEST WIND SPEED    16   HIGHEST WIND DIRECTION     W (270)
  HIGHEST GUST SPEED    23   HIGHEST GUST DIRECTION     W (260)
  AVERAGE WIND SPEED     7.1


SKY COVER
  AVERAGE SKY COVER 0.4


WEATHER CONDITIONS
 THE FOLLOWING WEATHER WAS RECORDED YESTERDAY.
  LIGHT RAIN
  FOG


RELATIVE HUMIDITY (PERCENT)
 HIGHEST   100           200 AM
 LOWEST     74           400 PM
 AVERAGE    87

..........................................................


THE SOUTH BEND CLIMATE NORMALS FOR TODAY
                         NORMAL    RECORD    YEAR
 MAXIMUM TEMPERATURE (F)   80        97      1948
 MINIMUM TEMPERATURE (F)   61        43      1945


SUNRISE AND SUNSET
AUGUST 26 2016........SUNRISE   706 AM EDT   SUNSET   827 PM EDT
AUGUST 27 2016........SUNRISE   707 AM EDT   SUNSET   826 PM EDT


-  INDICATES NEGATIVE NUMBERS.
R  INDICATES RECORD WAS SET OR TIED.
MM INDICATES DATA IS MISSING.
T  INDICATES TRACE AMOUNT.




$$
