000
CDUS43 KIWX 170536
CLISBN


CLIMATE REPORT
NATIONAL WEATHER SERVICE NORTHERN INDIANA
1233 AM EST WED JAN 17 2018


...................................

...THE SOUTH BEND CLIMATE SUMMARY FOR JANUARY 16 2018...

CLIMATE NORMAL PERIOD 1981 TO 2010
CLIMATE RECORD PERIOD 1893 TO 2018


WEATHER ITEM   OBSERVED TIME   RECORD YEAR NORMAL DEPARTURE LAST
                VALUE   (LST)  VALUE       VALUE  FROM      YEAR
                                                  NORMAL
..................................................................
TEMPERATURE (F)
 YESTERDAY
  MAXIMUM         12    552 PM  57    1949  31    -19       37
  MINIMUM         -2    858 AM -19    2009  17    -19       28
                                      1972
  AVERAGE          5                        24    -19       33

PRECIPITATION (IN)
  YESTERDAY        0.02          1.23 1959   0.08  -0.06     0.23
  MONTH TO DATE    1.26                      1.29  -0.03     2.05
  SINCE DEC 1      2.62                      3.90  -1.28     4.04
  SINCE JAN 1      1.26                      1.29  -0.03     2.05

SNOWFALL (IN)
  YESTERDAY        0.7          15.0  1959   0.7    0.0       T
  MONTH TO DATE   19.2                      10.4    8.8      3.8
  SINCE DEC 1     51.6                      27.7   23.9     27.5
  SINCE JUL 1     51.6                      32.9   18.7     28.0
  SNOW DEPTH       4

DEGREE DAYS
 HEATING
  YESTERDAY       60                        41     19       32
  MONTH TO DATE  775                       648    127      639
  SINCE DEC 1   1996                      1770    226     1860
  SINCE JUL 1   3179                      3039    140     2761

 COOLING
  YESTERDAY        0                         0      0        0
  MONTH TO DATE    0                         0      0        0
  SINCE DEC 1      0                         0      0        0
  SINCE JAN 1      0                         0      0        0
..................................................................


WIND (MPH)
  HIGHEST WIND SPEED    15   HIGHEST WIND DIRECTION     S (200)
  HIGHEST GUST SPEED    19   HIGHEST GUST DIRECTION     S (200)
  AVERAGE WIND SPEED     8.1


SKY COVER
  AVERAGE SKY COVER 0.8


WEATHER CONDITIONS
 THE FOLLOWING WEATHER WAS RECORDED YESTERDAY.
  LIGHT SNOW
  FOG
  HAZE
  BLOWING SNOW


RELATIVE HUMIDITY (PERCENT)
 HIGHEST    87          1200 AM
 LOWEST     73           200 PM
 AVERAGE    80

..........................................................


THE SOUTH BEND CLIMATE NORMALS FOR TODAY
                         NORMAL    RECORD    YEAR
 MAXIMUM TEMPERATURE (F)   31        64      1952
 MINIMUM TEMPERATURE (F)   17       -16      1977


SUNRISE AND SUNSET
JANUARY 17 2018.......SUNRISE   809 AM EST   SUNSET   542 PM EST
JANUARY 18 2018.......SUNRISE   808 AM EST   SUNSET   543 PM EST


-  INDICATES NEGATIVE NUMBERS.
R  INDICATES RECORD WAS SET OR TIED.
MM INDICATES DATA IS MISSING.
T  INDICATES TRACE AMOUNT.




$$
