000
CDUS43 KIWX 042023
CLISBN


CLIMATE REPORT
NATIONAL WEATHER SERVICE NORTHERN INDIANA
423 PM EDT TUE AUG 4 2015


...................................

...THE SOUTH BEND CLIMATE SUMMARY FOR AUGUST 4 2015...
VALID TODAY AS OF 0400 PM LOCAL TIME.

CLIMATE NORMAL PERIOD 1981 TO 2010
CLIMATE RECORD PERIOD 1893 TO 2015


WEATHER ITEM   OBSERVED TIME   RECORD YEAR NORMAL DEPARTURE LAST
                VALUE   (LST)  VALUE       VALUE  FROM      YEAR
                                                  NORMAL
..................................................................
TEMPERATURE (F)
 TODAY
  MAXIMUM         81   1250 PM  98    1956  82     -1       86
  MINIMUM         59    619 AM  47    1912  63     -4       64
  AVERAGE         70                        72     -2       75

PRECIPITATION (IN)
  TODAY            0.00          1.54 1903   0.13  -0.13      T
  MONTH TO DATE    0.54                      0.50   0.04      T
  SINCE JUN 1      9.40                      8.29   1.11    10.93
  SINCE JAN 1     22.49                     22.01   0.48    26.01

DEGREE DAYS
 HEATING
  TODAY            0                         0      0        0
  MONTH TO DATE    0                         0      0        0
  SINCE JUN 1     29                        49    -20       35
  SINCE JUL 1     10                         5      5       18

 COOLING
  TODAY            5                         7     -2       10
  MONTH TO DATE   34                        30      4       27
  SINCE JUN 1    399                       448    -49      383
  SINCE JAN 1    485                       504    -19      468
..................................................................


WIND (MPH)
  HIGHEST WIND SPEED    16   HIGHEST WIND DIRECTION    NW (300)
  HIGHEST GUST SPEED    21   HIGHEST GUST DIRECTION    NW (320)
  AVERAGE WIND SPEED     5.9


SKY COVER
  POSSIBLE SUNSHINE  MM
  AVERAGE SKY COVER 0.0


WEATHER CONDITIONS
 THE FOLLOWING WEATHER WAS RECORDED TODAY.
  NO SIGNIFICANT WEATHER WAS OBSERVED.


RELATIVE HUMIDITY (PERCENT)
 HIGHEST    90           700 AM
 LOWEST     35           200 PM
 AVERAGE    63

..........................................................


THE SOUTH BEND CLIMATE NORMALS FOR TOMORROW
                         NORMAL    RECORD    YEAR
 MAXIMUM TEMPERATURE (F)   82       102      1918
 MINIMUM TEMPERATURE (F)   63        47      1912


SUNRISE AND SUNSET
AUGUST  4 2015........SUNRISE   642 AM EDT   SUNSET   900 PM EDT
AUGUST  5 2015........SUNRISE   643 AM EDT   SUNSET   859 PM EDT


-  INDICATES NEGATIVE NUMBERS.
R  INDICATES RECORD WAS SET OR TIED.
MM INDICATES DATA IS MISSING.
T  INDICATES TRACE AMOUNT.




$$
