000
CDUS43 KIWX 130020
CLISBN


CLIMATE REPORT
NATIONAL WEATHER SERVICE NORTHERN INDIANA
820 PM EDT SAT APR 12 2014


...................................

...THE SOUTH BEND CLIMATE SUMMARY FOR APRIL 12 2014...
VALID AS OF 0800 PM LOCAL TIME.

CLIMATE NORMAL PERIOD 1981 TO 2010
CLIMATE RECORD PERIOD 1893 TO 2014


WEATHER ITEM   OBSERVED TIME   RECORD YEAR NORMAL DEPARTURE LAST
                VALUE   (LST)  VALUE       VALUE  FROM      YEAR
                                                  NORMAL
..................................................................
TEMPERATURE (F)
 TODAY
  MAXIMUM         77    528 PM  84    1977  58     19       44
  MINIMUM         47    651 AM  21    1950  37     10       37
                                      1940
  AVERAGE         62                        48     14       41

PRECIPITATION (IN)
  TODAY            0.00          0.90 1962   0.11  -0.11     0.07
  MONTH TO DATE    1.26                      1.24   0.02     1.73
  SINCE MAR 1      2.95                      3.66  -0.71     2.99
  SINCE JAN 1      8.89                      7.90   0.99    10.48

DEGREE DAYS
 HEATING
  TODAY            3                        17    -14       24
  MONTH TO DATE  221                       234    -13      256
  SINCE MAR 1   1297                      1089    208     1270
  SINCE JUL 1   6480                      5778    702     5667

 COOLING
  TODAY            0                         0      0        0
  MONTH TO DATE    0                         0      0        0
  SINCE MAR 1      0                         1     -1        0
  SINCE JAN 1      0                         1     -1        0
..................................................................


WIND (MPH)
  RESULTANT WIND SPEED  14   RESULTANT WIND DIRECTION   S (200)
  HIGHEST WIND SPEED    30   HIGHEST WIND DIRECTION    SW (210)
  HIGHEST GUST SPEED    39   HIGHEST GUST DIRECTION    SW (210)
  AVERAGE WIND SPEED    14.3


SKY COVER
  POSSIBLE SUNSHINE  MM
  AVERAGE SKY COVER 0.3


WEATHER CONDITIONS
 THE FOLLOWING WEATHER WAS RECORDED TODAY.
  NO SIGNIFICANT WEATHER WAS OBSERVED.


RELATIVE HUMIDITY (PERCENT)
 HIGHEST    54           700 AM
 LOWEST     28          1000 AM
 AVERAGE    41

..........................................................


THE SOUTH BEND CLIMATE NORMALS FOR TOMORROW
                         NORMAL    RECORD    YEAR
 MAXIMUM TEMPERATURE (F)   59        85      1941
 MINIMUM TEMPERATURE (F)   38        18      1950


SUNRISE AND SUNSET
APRIL 12 2014.........SUNRISE   710 AM EDT   SUNSET   823 PM EDT
APRIL 13 2014.........SUNRISE   708 AM EDT   SUNSET   824 PM EDT


-  INDICATES NEGATIVE NUMBERS.
R  INDICATES RECORD WAS SET OR TIED.
MM INDICATES DATA IS MISSING.
T  INDICATES TRACE AMOUNT.




$$
