000
CDUS43 KIWX 242020
CLISBN


CLIMATE REPORT
NATIONAL WEATHER SERVICE NORTHERN INDIANA
420 PM EDT FRI JUL 24 2015


...................................

...THE SOUTH BEND CLIMATE SUMMARY FOR JULY 24 2015...
VALID TODAY AS OF 0400 PM LOCAL TIME.

CLIMATE NORMAL PERIOD 1981 TO 2010
CLIMATE RECORD PERIOD 1893 TO 2015


WEATHER ITEM   OBSERVED TIME   RECORD YEAR NORMAL DEPARTURE LAST
                VALUE   (LST)  VALUE       VALUE  FROM      YEAR
                                                  NORMAL
..................................................................
TEMPERATURE (F)
 TODAY
  MAXIMUM         86    253 PM 109    1934  83      3       77
  MINIMUM         61    535 AM  50    2013  63     -2       54
                                      1953
                                      1932
  AVERAGE         74                        73      1       66

PRECIPITATION (IN)
  TODAY            0.00          2.63 2010   0.13  -0.13     0.00
  MONTH TO DATE    4.79                      3.08   1.71     1.75
  SINCE JUN 1      8.86                      6.87   1.99    10.89
  SINCE JAN 1     21.95                     20.59   1.36    25.97

DEGREE DAYS
 HEATING
  TODAY            0                         0      0        0
  MONTH TO DATE   10                         0     10        9
  SINCE JUN 1     29                        44    -15       26
  SINCE JUL 1     10                         0     10        9

 COOLING
  TODAY            9                         8      1        1
  MONTH TO DATE  130                       192    -62      115
  SINCE JUN 1    287                       357    -70      331
  SINCE JAN 1    373                       413    -40      416
..................................................................


WIND (MPH)
  HIGHEST WIND SPEED    14   HIGHEST WIND DIRECTION    SW (230)
  HIGHEST GUST SPEED    19   HIGHEST GUST DIRECTION     W (250)
  AVERAGE WIND SPEED     3.6


SKY COVER
  POSSIBLE SUNSHINE  MM
  AVERAGE SKY COVER 0.0


WEATHER CONDITIONS
 THE FOLLOWING WEATHER WAS RECORDED TODAY.
  NO SIGNIFICANT WEATHER WAS OBSERVED.


RELATIVE HUMIDITY (PERCENT)
 HIGHEST    90           100 AM
 LOWEST     44           200 PM
 AVERAGE    67

..........................................................


THE SOUTH BEND CLIMATE NORMALS FOR TOMORROW
                         NORMAL    RECORD    YEAR
 MAXIMUM TEMPERATURE (F)   83       105      1934
 MINIMUM TEMPERATURE (F)   63        48      1911


SUNRISE AND SUNSET
JULY 24 2015..........SUNRISE   632 AM EDT   SUNSET   911 PM EDT
JULY 25 2015..........SUNRISE   632 AM EDT   SUNSET   911 PM EDT


-  INDICATES NEGATIVE NUMBERS.
R  INDICATES RECORD WAS SET OR TIED.
MM INDICATES DATA IS MISSING.
T  INDICATES TRACE AMOUNT.




$$
