000
CDUS43 KIWX 180524
CLISBN


CLIMATE REPORT
NATIONAL WEATHER SERVICE NORTHERN INDIANA
123 AM EDT MON SEP 18 2017


...................................

...THE SOUTH BEND CLIMATE SUMMARY FOR SEPTEMBER 17 2017...

CLIMATE NORMAL PERIOD 1981 TO 2010
CLIMATE RECORD PERIOD 1893 TO 2017


WEATHER ITEM   OBSERVED TIME   RECORD YEAR NORMAL DEPARTURE LAST
                VALUE   (LST)  VALUE       VALUE  FROM      YEAR
                                                  NORMAL
..................................................................
TEMPERATURE (F)
 YESTERDAY
  MAXIMUM         87    200 PM  94    1927  74     13       79
  MINIMUM         65    648 AM  35    1959  53     12       62
  AVERAGE         76                        63     13       71

PRECIPITATION (IN)
  YESTERDAY        0.04          1.89 2016   0.12  -0.08     1.89
  MONTH TO DATE    1.15                      1.99  -0.84     3.05
  SINCE SEP 1      1.15                      1.99  -0.84     3.05
  SINCE JAN 1     28.74                     27.26   1.48    37.46

DEGREE DAYS
 HEATING
  YESTERDAY        0                         4     -4        0
  MONTH TO DATE   67                        37     30        4
  SINCE SEP 1     67                        37     30        4
  SINCE JUL 1     88                        55     33       12

 COOLING
  YESTERDAY       11                         2      9        6
  MONTH TO DATE   29                        62    -33       82
  SINCE SEP 1     29                        62    -33       82
  SINCE JAN 1    581                       744   -163      891
..................................................................


WIND (MPH)
  HIGHEST WIND SPEED    17   HIGHEST WIND DIRECTION     W (270)
  HIGHEST GUST SPEED    22   HIGHEST GUST DIRECTION    NW (300)
  AVERAGE WIND SPEED     7.4


SKY COVER
  AVERAGE SKY COVER 0.3


WEATHER CONDITIONS
 THE FOLLOWING WEATHER WAS RECORDED YESTERDAY.
  THUNDERSTORM
  LIGHT RAIN
  FOG


RELATIVE HUMIDITY (PERCENT)
 HIGHEST   100           800 PM
 LOWEST     48           100 PM
 AVERAGE    74

..........................................................


THE SOUTH BEND CLIMATE NORMALS FOR TODAY
                         NORMAL    RECORD    YEAR
 MAXIMUM TEMPERATURE (F)   73        94      1906
                                             1895
 MINIMUM TEMPERATURE (F)   53        35      1900


SUNRISE AND SUNSET
SEPTEMBER 18 2017.....SUNRISE   729 AM EDT   SUNSET   749 PM EDT
SEPTEMBER 19 2017.....SUNRISE   730 AM EDT   SUNSET   747 PM EDT


-  INDICATES NEGATIVE NUMBERS.
R  INDICATES RECORD WAS SET OR TIED.
MM INDICATES DATA IS MISSING.
T  INDICATES TRACE AMOUNT.




$$
