991
CDUS43 KIWX 202021
CLISBN


CLIMATE REPORT
NATIONAL WEATHER SERVICE NORTHERN INDIANA
420 PM EDT TUE JUN 20 2017


...................................

...THE SOUTH BEND CLIMATE SUMMARY FOR JUNE 20 2017...
VALID TODAY AS OF 0400 PM LOCAL TIME.

CLIMATE NORMAL PERIOD 1981 TO 2010
CLIMATE RECORD PERIOD 1893 TO 2017


WEATHER ITEM   OBSERVED TIME   RECORD YEAR NORMAL DEPARTURE LAST
                VALUE   (LST)  VALUE       VALUE  FROM      YEAR
                                                  NORMAL
..................................................................
TEMPERATURE (F)
 TODAY
  MAXIMUM         79    151 PM 100    1953  81     -2       93
  MINIMUM         55    548 AM  44    1992  60     -5       64
                                      1940
                                      1914
  AVERAGE         67                        71     -4       79

PRECIPITATION (IN)
  TODAY            0.00          1.48 1919   0.13  -0.13     1.11
  MONTH TO DATE    1.16                      2.60  -1.44     1.55
  SINCE JUN 1      1.16                      2.60  -1.44     1.55
  SINCE JAN 1     20.39                     16.32   4.07    16.66

DEGREE DAYS
 HEATING
  TODAY            0                         1     -1        0
  MONTH TO DATE   13                        37    -24       24
  SINCE JUN 1     13                        37    -24       24
  SINCE JUL 1   5515                      6291   -776     5629

 COOLING
  TODAY            2                         7     -5       14
  MONTH TO DATE  133                        91     42      116
  SINCE JUN 1    133                        91     42      116
  SINCE JAN 1    173                       147     26      185
..................................................................


WIND (MPH)
  HIGHEST WIND SPEED    20   HIGHEST WIND DIRECTION     W (270)
  HIGHEST GUST SPEED    26   HIGHEST GUST DIRECTION     W (260)
  AVERAGE WIND SPEED     8.9


SKY COVER
  POSSIBLE SUNSHINE  MM
  AVERAGE SKY COVER 0.1


WEATHER CONDITIONS
 THE FOLLOWING WEATHER WAS RECORDED TODAY.
  NO SIGNIFICANT WEATHER WAS OBSERVED.


RELATIVE HUMIDITY (PERCENT)
 HIGHEST    93           200 AM
 LOWEST     35           200 PM
 AVERAGE    64

..........................................................


THE SOUTH BEND CLIMATE NORMALS FOR TOMORROW
                         NORMAL    RECORD    YEAR
 MAXIMUM TEMPERATURE (F)   81       101      1988
 MINIMUM TEMPERATURE (F)   61        42      1992
                                             1897


SUNRISE AND SUNSET
JUNE 20 2017..........SUNRISE   611 AM EDT   SUNSET   923 PM EDT
JUNE 21 2017..........SUNRISE   611 AM EDT   SUNSET   923 PM EDT


-  INDICATES NEGATIVE NUMBERS.
R  INDICATES RECORD WAS SET OR TIED.
MM INDICATES DATA IS MISSING.
T  INDICATES TRACE AMOUNT.




$$
