407
CDUS43 KIWX 230521
CLISBN


CLIMATE REPORT
NATIONAL WEATHER SERVICE NORTHERN INDIANA
120 AM EDT TUE AUG 23 2016


...................................

...THE SOUTH BEND CLIMATE SUMMARY FOR AUGUST 22 2016...

CLIMATE NORMAL PERIOD 1981 TO 2010
CLIMATE RECORD PERIOD 1893 TO 2016


WEATHER ITEM   OBSERVED TIME   RECORD YEAR NORMAL DEPARTURE LAST
                VALUE   (LST)  VALUE       VALUE  FROM      YEAR
                                                  NORMAL
..................................................................
TEMPERATURE (F)
 YESTERDAY
  MAXIMUM         77    309 PM 100    1936  81     -4       81
  MINIMUM         55    548 AM  45    1923  61     -6       56
                                      1907
  AVERAGE         66                        71     -5       69

PRECIPITATION (IN)
  YESTERDAY        0.00          1.59 1913   0.12  -0.12     0.00
  MONTH TO DATE   11.09                      2.70   8.39     1.54
  SINCE JUN 1     17.58                     10.49   7.09    10.40
  SINCE JAN 1     32.69                     24.21   8.48    23.49

SNOWFALL (IN)
  YESTERDAY        0.0           0.0  2002   0.0    0.0      0.0
                                      2001
  MONTH TO DATE    0.0                       0.0    0.0      0.0
  SINCE JUN 1      0.0                       0.0    0.0      0.0
  SINCE JUL 1      0.0                       0.0    0.0      0.0
  SNOW DEPTH       0

DEGREE DAYS
 HEATING
  YESTERDAY        0                         0      0        0
  MONTH TO DATE    0                         0      0        0
  SINCE JUN 1     43                        49     -6       29
  SINCE JUL 1      8                         5      3       10

 COOLING
  YESTERDAY        1                         6     -5        4
  MONTH TO DATE  213                       154     59      175
  SINCE JUN 1    659                       572     87      540
  SINCE JAN 1    728                       628    100      626
..................................................................


WIND (MPH)
  HIGHEST WIND SPEED    10   HIGHEST WIND DIRECTION     S (200)
  HIGHEST GUST SPEED    14   HIGHEST GUST DIRECTION     S (200)
  AVERAGE WIND SPEED     3.8


SKY COVER
  AVERAGE SKY COVER 0.2


WEATHER CONDITIONS
 THE FOLLOWING WEATHER WAS RECORDED YESTERDAY.
  NO SIGNIFICANT WEATHER WAS OBSERVED.


RELATIVE HUMIDITY (PERCENT)
 HIGHEST   100           100 AM
 LOWEST     43           300 PM
 AVERAGE    72

..........................................................


THE SOUTH BEND CLIMATE NORMALS FOR TODAY
                         NORMAL    RECORD    YEAR
 MAXIMUM TEMPERATURE (F)   81        95      1959
                                             1947
                                             1914
 MINIMUM TEMPERATURE (F)   61        44      1920


SUNRISE AND SUNSET
AUGUST 23 2016........SUNRISE   702 AM EDT   SUNSET   832 PM EDT
AUGUST 24 2016........SUNRISE   703 AM EDT   SUNSET   831 PM EDT


-  INDICATES NEGATIVE NUMBERS.
R  INDICATES RECORD WAS SET OR TIED.
MM INDICATES DATA IS MISSING.
T  INDICATES TRACE AMOUNT.




$$
