000
CDUS43 KIWX 230529
CLISBN


CLIMATE REPORT
NATIONAL WEATHER SERVICE NORTHERN INDIANA
127 AM EDT MON MAY 23 2016


...................................

...THE SOUTH BEND CLIMATE SUMMARY FOR MAY 22 2016...

CLIMATE NORMAL PERIOD 1981 TO 2010
CLIMATE RECORD PERIOD 1893 TO 2016


WEATHER ITEM   OBSERVED TIME   RECORD YEAR NORMAL DEPARTURE LAST
                VALUE   (LST)  VALUE       VALUE  FROM      YEAR
                                                  NORMAL
..................................................................
TEMPERATURE (F)
 YESTERDAY
  MAXIMUM         76    205 PM  92    1925  72      4       71
  MINIMUM         45    550 AM  32    1997  51     -6       44
  AVERAGE         61                        61      0       58

PRECIPITATION (IN)
  YESTERDAY        0.00          2.79 1982   0.12  -0.12     0.00
  MONTH TO DATE    2.39                      2.65  -0.26     3.05
  SINCE MAR 1     11.23                      8.30   2.93     6.23
  SINCE JAN 1     15.01                     12.54   2.47    10.13

SNOWFALL (IN)
  YESTERDAY        0.0           0.0  2002   0.0    0.0      0.0
                                      2001
  MONTH TO DATE    0.0                       0.0    0.0      0.0
  SINCE MAR 1     10.9                       8.5    2.4      6.1
  SINCE JUL 1     70.2                      66.6    3.6     83.9
  SNOW DEPTH       0

DEGREE DAYS
 HEATING
  YESTERDAY        4                         6     -2        7
  MONTH TO DATE  257                       182     75      119
  SINCE MAR 1   1471                      1524    -53     1494
  SINCE JUL 1   5601                      6213   -612     6591

 COOLING
  YESTERDAY        0                         2     -2        0
  MONTH TO DATE    0                        26    -26       47
  SINCE MAR 1      4                        36    -32       49
  SINCE JAN 1      4                        36    -32       49
..................................................................


WIND (MPH)
  HIGHEST WIND SPEED    17   HIGHEST WIND DIRECTION     N (340)
  HIGHEST GUST SPEED    23   HIGHEST GUST DIRECTION     N (350)
  AVERAGE WIND SPEED     6.6


SKY COVER
  AVERAGE SKY COVER 0.0


WEATHER CONDITIONS
 THE FOLLOWING WEATHER WAS RECORDED YESTERDAY.
  NO SIGNIFICANT WEATHER WAS OBSERVED.


RELATIVE HUMIDITY (PERCENT)
 HIGHEST    83          1000 PM
 LOWEST     37          1000 AM
 AVERAGE    60

..........................................................


THE SOUTH BEND CLIMATE NORMALS FOR TODAY
                         NORMAL    RECORD    YEAR
 MAXIMUM TEMPERATURE (F)   72        92      1921
 MINIMUM TEMPERATURE (F)   51        31      1963


SUNRISE AND SUNSET
MAY 23 2016...........SUNRISE   618 AM EDT   SUNSET   906 PM EDT
MAY 24 2016...........SUNRISE   618 AM EDT   SUNSET   907 PM EDT


-  INDICATES NEGATIVE NUMBERS.
R  INDICATES RECORD WAS SET OR TIED.
MM INDICATES DATA IS MISSING.
T  INDICATES TRACE AMOUNT.




$$
