000
CDUS43 KIWX 190833
CLISBN


CLIMATE REPORT...CORRECTED
NATIONAL WEATHER SERVICE NORTHERN INDIANA
432 AM EDT MON JUN 19 2017


...................................

...THE SOUTH BEND CLIMATE SUMMARY FOR JUNE 18 2017...

CLIMATE NORMAL PERIOD 1981 TO 2010
CLIMATE RECORD PERIOD 1893 TO 2017


WEATHER ITEM   OBSERVED TIME   RECORD YEAR NORMAL DEPARTURE LAST
                VALUE   (LST)  VALUE       VALUE  FROM      YEAR
                                                  NORMAL
..................................................................
TEMPERATURE (F)
 YESTERDAY
  MAXIMUM         80    133 PM  98    1994  80      0       88
  MINIMUM         62   1159 PM  41    1909  60      2       55
  AVERAGE         71                        70      1       72

PRECIPITATION (IN)
  YESTERDAY        T             1.57 1996   0.13  -0.13     0.00
  MONTH TO DATE    1.10                      2.35  -1.25     0.44
  SINCE JUN 1      1.10                      2.35  -1.25     0.44
  SINCE JAN 1     20.33                     16.07   4.26    15.55

DEGREE DAYS
 HEATING
  YESTERDAY        0                         1     -1        0
  MONTH TO DATE   13                        35    -22       24
  SINCE JUN 1     13                        35    -22       24
  SINCE JUL 1   5515                      6289   -774     5629

 COOLING
  YESTERDAY        6                         6      0        7
  MONTH TO DATE  129                        78     51       92
  SINCE JUN 1    129                        78     51       92
  SINCE JAN 1    169                       134     35      161
..................................................................


WIND (MPH)
  HIGHEST WIND SPEED    23   HIGHEST WIND DIRECTION     W (270)
  HIGHEST GUST SPEED    28   HIGHEST GUST DIRECTION    SW (230)
  AVERAGE WIND SPEED    11.7


SKY COVER
  AVERAGE SKY COVER 0.5


WEATHER CONDITIONS
 THE FOLLOWING WEATHER WAS RECORDED YESTERDAY.
  LIGHT RAIN


RELATIVE HUMIDITY (PERCENT)
 HIGHEST    93          1200 AM
 LOWEST     48           400 PM
 AVERAGE    71

..........................................................


THE SOUTH BEND CLIMATE NORMALS FOR TODAY
                         NORMAL    RECORD    YEAR
 MAXIMUM TEMPERATURE (F)   81        97      1953
                                             1933
 MINIMUM TEMPERATURE (F)   60        41      1909


SUNRISE AND SUNSET
JUNE 19 2017..........SUNRISE   611 AM EDT   SUNSET   923 PM EDT
JUNE 20 2017..........SUNRISE   611 AM EDT   SUNSET   923 PM EDT


-  INDICATES NEGATIVE NUMBERS.
R  INDICATES RECORD WAS SET OR TIED.
MM INDICATES DATA IS MISSING.
T  INDICATES TRACE AMOUNT.




$$
