000
CDUS43 KIWX 120527
CLISBN


CLIMATE REPORT
NATIONAL WEATHER SERVICE NORTHERN INDIANA
127 AM EDT THU OCT 12 2017


...................................

...THE SOUTH BEND CLIMATE SUMMARY FOR OCTOBER 11 2017...

CLIMATE NORMAL PERIOD 1981 TO 2010
CLIMATE RECORD PERIOD 1893 TO 2017


WEATHER ITEM   OBSERVED TIME   RECORD YEAR NORMAL DEPARTURE LAST
                VALUE   (LST)  VALUE       VALUE  FROM      YEAR
                                                  NORMAL
..................................................................
TEMPERATURE (F)
 YESTERDAY
  MAXIMUM         59   1222 AM  87    1928  64     -5       71
  MINIMUM         53   1159 PM  12    1906  44      9       53
  AVERAGE         56                        54      2       62

PRECIPITATION (IN)
  YESTERDAY        1.62R         1.43 1931   0.11   1.51      T
  MONTH TO DATE    2.66                      1.22   1.44     1.01
  SINCE SEP 1      4.70                      4.75  -0.05     4.75
  SINCE JAN 1     32.29                     30.02   2.27    39.16

SNOWFALL (IN)
  YESTERDAY        0.0           T    1988   0.1   -0.1      0.0
  MONTH TO DATE    0.0                       0.1   -0.1      0.0
  SINCE SEP 1      0.0                       0.1   -0.1      0.0
  SINCE JUL 1      0.0                       0.1   -0.1      0.0
  SNOW DEPTH       0

DEGREE DAYS
 HEATING
  YESTERDAY        9                        12     -3        3
  MONTH TO DATE   20                       110    -90       57
  SINCE SEP 1    111                       226   -115       87
  SINCE JUL 1    132                       244   -112       95

 COOLING
  YESTERDAY        0                         0      0        0
  MONTH TO DATE   21                         8     13       10
  SINCE SEP 1    139                        90     49      133
  SINCE JAN 1    691                       772    -81      942
..................................................................


WIND (MPH)
  HIGHEST WIND SPEED    18   HIGHEST WIND DIRECTION     E (80)
  HIGHEST GUST SPEED    27   HIGHEST GUST DIRECTION     E (90)
  AVERAGE WIND SPEED     8.9


SKY COVER
  AVERAGE SKY COVER 1.0


WEATHER CONDITIONS
 THE FOLLOWING WEATHER WAS RECORDED YESTERDAY.
  HEAVY RAIN
  RAIN
  LIGHT RAIN
  FOG


RELATIVE HUMIDITY (PERCENT)
 HIGHEST   100          1200 AM
 LOWEST     93           200 PM
 AVERAGE    97

..........................................................


THE SOUTH BEND CLIMATE NORMALS FOR TODAY
                         NORMAL    RECORD    YEAR
 MAXIMUM TEMPERATURE (F)   63        84      2008
 MINIMUM TEMPERATURE (F)   44        16      1906


SUNRISE AND SUNSET
OCTOBER 12 2017.......SUNRISE   754 AM EDT   SUNSET   708 PM EDT
OCTOBER 13 2017.......SUNRISE   755 AM EDT   SUNSET   707 PM EDT


-  INDICATES NEGATIVE NUMBERS.
R  INDICATES RECORD WAS SET OR TIED.
MM INDICATES DATA IS MISSING.
T  INDICATES TRACE AMOUNT.




$$
