000
CDUS43 KIWX 112021
CLISBN


CLIMATE REPORT
NATIONAL WEATHER SERVICE NORTHERN INDIANA
421 PM EDT FRI APR 11 2014


...................................

...THE SOUTH BEND CLIMATE SUMMARY FOR APRIL 11 2014...
VALID TODAY AS OF 0400 PM LOCAL TIME.

CLIMATE NORMAL PERIOD 1981 TO 2010
CLIMATE RECORD PERIOD 1893 TO 2014


WEATHER ITEM   OBSERVED TIME   RECORD YEAR NORMAL DEPARTURE LAST
                VALUE   (LST)  VALUE       VALUE  FROM      YEAR
                                                  NORMAL
..................................................................
TEMPERATURE (F)
 TODAY
  MAXIMUM         69    227 PM  90    1930  58     11       44
  MINIMUM         32    642 AM  16    1909  37     -5       41
  AVERAGE         51                        47      4       43

PRECIPITATION (IN)
  TODAY            0.00          1.75 1922   0.11  -0.11     1.35
  MONTH TO DATE    1.26                      1.13   0.13     1.66
  SINCE MAR 1      2.95                      3.55  -0.60     2.92
  SINCE JAN 1      8.89                      7.79   1.10    10.41

DEGREE DAYS
 HEATING
  TODAY           14                        18     -4       22
  MONTH TO DATE  218                       217      1      232
  SINCE MAR 1   1294                      1072    222     1246
  SINCE JUL 1   6477                      5761    716     5643

 COOLING
  TODAY            0                         0      0        0
  MONTH TO DATE    0                         0      0        0
  SINCE MAR 1      0                         1     -1        0
  SINCE JAN 1      0                         1     -1        0
..................................................................


WIND (MPH)
  HIGHEST WIND SPEED    14   HIGHEST WIND DIRECTION    NW (300)
  HIGHEST GUST SPEED    18   HIGHEST GUST DIRECTION     W (270)
  AVERAGE WIND SPEED     2.1


SKY COVER
  POSSIBLE SUNSHINE  MM
  AVERAGE SKY COVER 0.1


WEATHER CONDITIONS
 THE FOLLOWING WEATHER WAS RECORDED TODAY.
  FOG
  HAZE


RELATIVE HUMIDITY (PERCENT)
 HIGHEST    92           300 AM
 LOWEST     16           300 PM
 AVERAGE    54

..........................................................


THE SOUTH BEND CLIMATE NORMALS FOR TOMORROW
                         NORMAL    RECORD    YEAR
 MAXIMUM TEMPERATURE (F)   58        84      1977
 MINIMUM TEMPERATURE (F)   37        21      1950
                                             1940


SUNRISE AND SUNSET
APRIL 11 2014.........SUNRISE   712 AM EDT   SUNSET   822 PM EDT
APRIL 12 2014.........SUNRISE   710 AM EDT   SUNSET   823 PM EDT


-  INDICATES NEGATIVE NUMBERS.
R  INDICATES RECORD WAS SET OR TIED.
MM INDICATES DATA IS MISSING.
T  INDICATES TRACE AMOUNT.




$$
