000
CDUS43 KIWX 092129
CLISBN


CLIMATE REPORT
NATIONAL WEATHER SERVICE NORTHERN INDIANA
429 PM EST TUE JAN 9 2018


...................................

...THE SOUTH BEND CLIMATE SUMMARY FOR JANUARY 9 2018...
VALID TODAY AS OF 0400 PM LOCAL TIME.

CLIMATE NORMAL PERIOD 1981 TO 2010
CLIMATE RECORD PERIOD 1893 TO 2018


WEATHER ITEM   OBSERVED TIME   RECORD YEAR NORMAL DEPARTURE LAST
                VALUE   (LST)  VALUE       VALUE  FROM      YEAR
                                                  NORMAL
..................................................................
TEMPERATURE (F)
 TODAY
  MAXIMUM         30    359 PM  48    1950  31     -1       29
                                      1946
                                      1935
  MINIMUM         26    751 AM  -9    1962  18      8       14
  AVERAGE         28                        24      4       22

PRECIPITATION (IN)
  TODAY            0.00          0.72 1946   0.08  -0.08     0.02
  MONTH TO DATE    0.53                      0.75  -0.22     0.81
  SINCE DEC 1      1.89                      3.36  -1.47     2.80
  SINCE JAN 1      0.53                      0.75  -0.22     0.81

SNOWFALL (IN)
  TODAY            0.0          11.4         0.6   -0.6      0.5
  MONTH TO DATE   14.0                       5.7    8.3      3.7
  SINCE DEC 1     46.4                      23.0   23.4     27.4
  SINCE JUL 1     46.4                      28.2   18.2     27.9
  SNOW DEPTH       8

DEGREE DAYS
 HEATING
  TODAY           37                        41     -4       43
  MONTH TO DATE  471                       361    110      402
  SINCE DEC 1   1692                      1483    209     1623
  SINCE JUL 1   2875                      2752    123     2524

 COOLING
  TODAY            0                         0      0        0
  MONTH TO DATE    0                         0      0        0
  SINCE DEC 1      0                         0      0        0
  SINCE JAN 1      0                         0      0        0
..................................................................


WIND (MPH)
  HIGHEST WIND SPEED    13   HIGHEST WIND DIRECTION    SW (230)
  HIGHEST GUST SPEED    19   HIGHEST GUST DIRECTION    SW (220)
  AVERAGE WIND SPEED     7.0


SKY COVER
  POSSIBLE SUNSHINE  MM
  AVERAGE SKY COVER 0.9


WEATHER CONDITIONS
 THE FOLLOWING WEATHER WAS RECORDED TODAY.
  FOG
  FOG W/VISIBILITY <= 1/4 MILE


RELATIVE HUMIDITY (PERCENT)
 HIGHEST   100           600 AM
 LOWEST     85           400 PM
 AVERAGE    93

..........................................................


THE SOUTH BEND CLIMATE NORMALS FOR TOMORROW
                         NORMAL    RECORD    YEAR
 MAXIMUM TEMPERATURE (F)   31        61      1975
 MINIMUM TEMPERATURE (F)   18       -15      1982


SUNRISE AND SUNSET
JANUARY  9 2018.......SUNRISE   812 AM EST   SUNSET   533 PM EST
JANUARY 10 2018.......SUNRISE   812 AM EST   SUNSET   534 PM EST


-  INDICATES NEGATIVE NUMBERS.
R  INDICATES RECORD WAS SET OR TIED.
MM INDICATES DATA IS MISSING.
T  INDICATES TRACE AMOUNT.




$$
