000
CDUS43 KIWX 220522
CLISBN


CLIMATE REPORT
NATIONAL WEATHER SERVICE NORTHERN INDIANA
122 AM EDT THU SEP 22 2016


...................................

...THE SOUTH BEND CLIMATE SUMMARY FOR SEPTEMBER 21 2016...

CLIMATE NORMAL PERIOD 1981 TO 2010
CLIMATE RECORD PERIOD 1893 TO 2016


WEATHER ITEM   OBSERVED TIME   RECORD YEAR NORMAL DEPARTURE LAST
                VALUE   (LST)  VALUE       VALUE  FROM      YEAR
                                                  NORMAL
..................................................................
TEMPERATURE (F)
 YESTERDAY
  MAXIMUM         84    138 PM  94    1908  72     12       72
  MINIMUM         62    546 AM  32    1897  51     11       44
  AVERAGE         73                        62     11       58

PRECIPITATION (IN)
  YESTERDAY        0.00          1.52 1947   0.13  -0.13     0.00
  MONTH TO DATE    3.05                      2.48   0.57     4.05
  SINCE SEP 1      3.05                      2.48   0.57     4.05
  SINCE JAN 1     37.46                     27.75   9.71    28.32

SNOWFALL (IN)
  YESTERDAY        0.0           0.0  2002   0.0    0.0      0.0
                                      2001
  MONTH TO DATE    0.0                       0.0    0.0      0.0
  SINCE SEP 1      0.0                       0.0    0.0      0.0
  SINCE JUL 1      0.0                       0.0    0.0      0.0
  SNOW DEPTH       0

DEGREE DAYS
 HEATING
  YESTERDAY        0                         5     -5        7
  MONTH TO DATE    4                        55    -51       48
  SINCE SEP 1      4                        55    -51       48
  SINCE JUL 1     12                        73    -61       73

 COOLING
  YESTERDAY        8                         2      6        0
  MONTH TO DATE  102                        70     32      124
  SINCE SEP 1    102                        70     32      124
  SINCE JAN 1    911                       752    159      769
..................................................................


WIND (MPH)
  HIGHEST WIND SPEED    15   HIGHEST WIND DIRECTION    SE (130)
  HIGHEST GUST SPEED    19   HIGHEST GUST DIRECTION    SE (120)
  AVERAGE WIND SPEED     4.6


SKY COVER
  AVERAGE SKY COVER 0.1


WEATHER CONDITIONS
 THE FOLLOWING WEATHER WAS RECORDED YESTERDAY.
  NO SIGNIFICANT WEATHER WAS OBSERVED.


RELATIVE HUMIDITY (PERCENT)
 HIGHEST    93           500 AM
 LOWEST     58           100 PM
 AVERAGE    76

..........................................................


THE SOUTH BEND CLIMATE NORMALS FOR TODAY
                         NORMAL    RECORD    YEAR
 MAXIMUM TEMPERATURE (F)   72        95      1908
 MINIMUM TEMPERATURE (F)   51        34      1947
                                             1904


SUNRISE AND SUNSET
SEPTEMBER 22 2016.....SUNRISE   733 AM EDT   SUNSET   742 PM EDT
SEPTEMBER 23 2016.....SUNRISE   734 AM EDT   SUNSET   740 PM EDT


-  INDICATES NEGATIVE NUMBERS.
R  INDICATES RECORD WAS SET OR TIED.
MM INDICATES DATA IS MISSING.
T  INDICATES TRACE AMOUNT.




$$
