000
CDUS43 KIWX 130554
CLISBN


CLIMATE REPORT
NATIONAL WEATHER SERVICE NORTHERN INDIANA
1252 AM EST WED DEC 13 2017


...................................

...THE SOUTH BEND CLIMATE SUMMARY FOR DECEMBER 12 2017...

CLIMATE NORMAL PERIOD 1981 TO 2010
CLIMATE RECORD PERIOD 1893 TO 2017


WEATHER ITEM   OBSERVED TIME   RECORD YEAR NORMAL DEPARTURE LAST
                VALUE   (LST)  VALUE       VALUE  FROM      YEAR
                                                  NORMAL
..................................................................
TEMPERATURE (F)
 YESTERDAY
  MAXIMUM         33   1200 AM  62    1991  36     -3       33
  MINIMUM         15   1159 PM  -3    2013  23     -8        4
                                      1962
                                      1958
  AVERAGE         24                        30     -6       19

PRECIPITATION (IN)
  YESTERDAY        0.06          2.15 1946   0.08  -0.02     0.01
  MONTH TO DATE    0.53                      1.08  -0.55     1.17
  SINCE DEC 1      0.53                      1.08  -0.55     1.17
  SINCE JAN 1     42.69                     36.47   6.22    45.78

SNOWFALL (IN)
  YESTERDAY        2.6           3.7  2000   0.6    2.0       T
  MONTH TO DATE   11.0                       5.5    5.5     13.4
  SINCE DEC 1     11.0                       5.5    5.5     13.4
  SINCE JUL 1     11.0                      10.7    0.3     13.9
  SNOW DEPTH       0

DEGREE DAYS
 HEATING
  YESTERDAY       41                        35      6       46
  MONTH TO DATE  392                       401     -9      434
  SINCE DEC 1    392                       401     -9      434
  SINCE JUL 1   1575                      1670    -95     1335

 COOLING
  YESTERDAY        0                         0      0        0
  MONTH TO DATE    0                         0      0        0
  SINCE DEC 1      0                         0      0        0
  SINCE JAN 1    692                       773    -81      950
..................................................................


WIND (MPH)
  HIGHEST WIND SPEED    32   HIGHEST WIND DIRECTION    NW (330)
  HIGHEST GUST SPEED    41   HIGHEST GUST DIRECTION     N (340)
  AVERAGE WIND SPEED    15.8


SKY COVER
  AVERAGE SKY COVER 1.0


WEATHER CONDITIONS
 THE FOLLOWING WEATHER WAS RECORDED YESTERDAY.
  HEAVY SNOW
  SNOW
  LIGHT SNOW
  FOG
  FOG W/VISIBILITY <= 1/4 MILE
  HAZE


RELATIVE HUMIDITY (PERCENT)
 HIGHEST   100           400 AM
 LOWEST     65          1200 PM
 AVERAGE    83

..........................................................


THE SOUTH BEND CLIMATE NORMALS FOR TODAY
                         NORMAL    RECORD    YEAR
 MAXIMUM TEMPERATURE (F)   36        66      1975
 MINIMUM TEMPERATURE (F)   23        -8      1903


SUNRISE AND SUNSET
DECEMBER 13 2017......SUNRISE   804 AM EST   SUNSET   515 PM EST
DECEMBER 14 2017......SUNRISE   805 AM EST   SUNSET   515 PM EST


-  INDICATES NEGATIVE NUMBERS.
R  INDICATES RECORD WAS SET OR TIED.
MM INDICATES DATA IS MISSING.
T  INDICATES TRACE AMOUNT.




$$
