167
CDUS43 KIWX 140020
CLISBN


CLIMATE REPORT
NATIONAL WEATHER SERVICE NORTHERN INDIANA
820 PM EDT WED MAY 13 2015


...................................

...THE SOUTH BEND CLIMATE SUMMARY FOR MAY 13 2015...
VALID AS OF 0800 PM LOCAL TIME.

CLIMATE NORMAL PERIOD 1981 TO 2010
CLIMATE RECORD PERIOD 1893 TO 2015


WEATHER ITEM   OBSERVED TIME   RECORD YEAR NORMAL DEPARTURE LAST
                VALUE   (LST)  VALUE       VALUE  FROM      YEAR
                                                  NORMAL
..................................................................
TEMPERATURE (F)
 TODAY
  MAXIMUM         62    423 PM  88    1991  69     -7       76
  MINIMUM         40    458 AM  30    2013  48     -8       53
                                      1996
                                      1928
  AVERAGE         51                        58     -7       65

PRECIPITATION (IN)
  TODAY            0.00          1.03 1935   0.12  -0.12     0.42
  MONTH TO DATE    2.80                      1.53   1.27     1.92
  SINCE MAR 1      5.98                      7.18  -1.20     5.96
  SINCE JAN 1      9.88                     11.42  -1.54    11.90

SNOWFALL (IN)
  TODAY            0.0          MM      MM   0.0    0.0      0.0
  MONTH TO DATE    0.0                       0.0    0.0      0.0
  SINCE MAR 1      6.1                       8.5   -2.4     12.9
  SINCE JUL 1     83.9                      66.6   17.3    106.9
  SNOW DEPTH       0

DEGREE DAYS
 HEATING
  TODAY           14                         8      6        0
  MONTH TO DATE   54                       122    -68       91
  SINCE MAR 1   1429                      1464    -35     1636
  SINCE JUL 1   6526                      6153    373     6819

 COOLING
  TODAY            0                         1     -1        0
  MONTH TO DATE   26                        11     15       23
  SINCE MAR 1     28                        21      7       25
  SINCE JAN 1     28                        21      7       25
..................................................................


WIND (MPH)
  RESULTANT WIND SPEED   7   RESULTANT WIND DIRECTION   N (350)
  HIGHEST WIND SPEED    20   HIGHEST WIND DIRECTION     N (20)
  HIGHEST GUST SPEED    25   HIGHEST GUST DIRECTION     N (10)
  AVERAGE WIND SPEED     8.6


SKY COVER
  POSSIBLE SUNSHINE  MM
  AVERAGE SKY COVER 0.2


WEATHER CONDITIONS
 THE FOLLOWING WEATHER WAS RECORDED TODAY.
  NO SIGNIFICANT WEATHER WAS OBSERVED.


RELATIVE HUMIDITY (PERCENT)
 HIGHEST    86           500 AM
 LOWEST     42           600 PM
 AVERAGE    64

..........................................................


THE SOUTH BEND CLIMATE NORMALS FOR TOMORROW
                         NORMAL    RECORD    YEAR
 MAXIMUM TEMPERATURE (F)   69        89      2007
                                             1982
                                             1962
 MINIMUM TEMPERATURE (F)   48        31      1936
                                             1920
                                             1910


SUNRISE AND SUNSET
MAY 13 2015...........SUNRISE   628 AM EDT   SUNSET   856 PM EDT
MAY 14 2015...........SUNRISE   627 AM EDT   SUNSET   857 PM EDT


-  INDICATES NEGATIVE NUMBERS.
R  INDICATES RECORD WAS SET OR TIED.
MM INDICATES DATA IS MISSING.
T  INDICATES TRACE AMOUNT.




$$
