000
CDUS43 KIWX 110021
CLISBN


CLIMATE REPORT
NATIONAL WEATHER SERVICE NORTHERN INDIANA
820 PM EDT THU AUG 10 2017


...................................

...THE SOUTH BEND CLIMATE SUMMARY FOR AUGUST 10 2017...
VALID AS OF 0800 PM LOCAL TIME.

CLIMATE NORMAL PERIOD 1981 TO 2010
CLIMATE RECORD PERIOD 1893 TO 2017


WEATHER ITEM   OBSERVED TIME   RECORD YEAR NORMAL DEPARTURE LAST
                VALUE   (LST)  VALUE       VALUE  FROM      YEAR
                                                  NORMAL
..................................................................
TEMPERATURE (F)
 TODAY
  MAXIMUM         81    427 PM  98    1944  81      0       92
  MINIMUM         55    620 AM  46    1972  62     -7       65
  AVERAGE         68                        72     -4       79

PRECIPITATION (IN)
  TODAY            0.00          2.79 1979   0.12  -0.12     0.00
  MONTH TO DATE    1.06                      1.24  -0.18     0.00
  SINCE JUN 1      7.23                      9.03  -1.80     6.49
  SINCE JAN 1     26.46                     22.75   3.71    21.60

DEGREE DAYS
 HEATING
  TODAY            0                         0      0        0
  MONTH TO DATE    5                         0      5        0
  SINCE JUN 1     31                        49    -18       43
  SINCE JUL 1      6                         5      1        8

 COOLING
  TODAY            3                         7     -4       14
  MONTH TO DATE   33                        72    -39      105
  SINCE JUN 1    426                       490    -64      551
  SINCE JAN 1    466                       546    -80      620
..................................................................


WIND (MPH)
  RESULTANT WIND SPEED   5   RESULTANT WIND DIRECTION  SW (210)
  HIGHEST WIND SPEED    15   HIGHEST WIND DIRECTION     S (200)
  HIGHEST GUST SPEED    22   HIGHEST GUST DIRECTION     S (180)
  AVERAGE WIND SPEED     5.0


SKY COVER
  POSSIBLE SUNSHINE  MM
  AVERAGE SKY COVER 0.0


WEATHER CONDITIONS
 THE FOLLOWING WEATHER WAS RECORDED TODAY.
  NO SIGNIFICANT WEATHER WAS OBSERVED.


RELATIVE HUMIDITY (PERCENT)
 HIGHEST   100           300 AM
 LOWEST     45           200 PM
 AVERAGE    73

..........................................................


THE SOUTH BEND CLIMATE NORMALS FOR TOMORROW
                         NORMAL    RECORD    YEAR
 MAXIMUM TEMPERATURE (F)   81        99      1941
 MINIMUM TEMPERATURE (F)   62        47      1968
                                             1967
                                             1946


SUNRISE AND SUNSET
AUGUST 10 2017........SUNRISE   649 AM EDT   SUNSET   852 PM EDT
AUGUST 11 2017........SUNRISE   650 AM EDT   SUNSET   850 PM EDT


-  INDICATES NEGATIVE NUMBERS.
R  INDICATES RECORD WAS SET OR TIED.
MM INDICATES DATA IS MISSING.
T  INDICATES TRACE AMOUNT.




$$
