913
CDUS43 KIWX 130523
CLISBN


CLIMATE REPORT
NATIONAL WEATHER SERVICE NORTHERN INDIANA
123 AM EDT WED MAY 13 2015


...................................

...THE SOUTH BEND CLIMATE SUMMARY FOR MAY 12 2015...

CLIMATE NORMAL PERIOD 1981 TO 2010
CLIMATE RECORD PERIOD 1893 TO 2015


WEATHER ITEM   OBSERVED TIME   RECORD YEAR NORMAL DEPARTURE LAST
                VALUE   (LST)  VALUE       VALUE  FROM      YEAR
                                                  NORMAL
..................................................................
TEMPERATURE (F)
 YESTERDAY
  MAXIMUM         55   1229 AM  88    1985  69    -14       84
  MINIMUM         48   1159 PM  29    1928  47      1       62
                                      1907
  AVERAGE         52                        58     -6       73

PRECIPITATION (IN)
  YESTERDAY        0.00          2.30 1905   0.12  -0.12      T
  MONTH TO DATE    2.80                      1.41   1.39     1.50
  SINCE MAR 1      5.98                      7.06  -1.08     5.54
  SINCE JAN 1      9.88                     11.30  -1.42    11.48

SNOWFALL (IN)
  YESTERDAY        0.0           0.0  2002   0.0    0.0      0.0
                                      2001
  MONTH TO DATE    0.0                       0.0    0.0      0.0
  SINCE MAR 1      6.1                       8.5   -2.4     12.9
  SINCE JUL 1     83.9                      66.6   17.3    106.9
  SNOW DEPTH       0

DEGREE DAYS
 HEATING
  YESTERDAY       13                         8      5        0
  MONTH TO DATE   40                       114    -74       91
  SINCE MAR 1   1415                      1456    -41     1636
  SINCE JUL 1   6512                      6145    367     6819

 COOLING
  YESTERDAY        0                         1     -1        8
  MONTH TO DATE   26                        10     16       23
  SINCE MAR 1     28                        20      8       25
  SINCE JAN 1     28                        20      8       25
..................................................................


WIND (MPH)
  HIGHEST WIND SPEED    24   HIGHEST WIND DIRECTION     W (250)
  HIGHEST GUST SPEED    31   HIGHEST GUST DIRECTION     W (280)
  AVERAGE WIND SPEED    13.3


SKY COVER
  AVERAGE SKY COVER 1.0


WEATHER CONDITIONS
 THE FOLLOWING WEATHER WAS RECORDED YESTERDAY.
  NO SIGNIFICANT WEATHER WAS OBSERVED.


RELATIVE HUMIDITY (PERCENT)
 HIGHEST    68           600 AM
 LOWEST     59           300 AM
 AVERAGE    64

..........................................................


THE SOUTH BEND CLIMATE NORMALS FOR TODAY
                         NORMAL    RECORD    YEAR
 MAXIMUM TEMPERATURE (F)   69        88      1991
 MINIMUM TEMPERATURE (F)   48        30      2013
                                             1996
                                             1928


SUNRISE AND SUNSET
MAY 13 2015...........SUNRISE   628 AM EDT   SUNSET   856 PM EDT
MAY 14 2015...........SUNRISE   627 AM EDT   SUNSET   857 PM EDT


-  INDICATES NEGATIVE NUMBERS.
R  INDICATES RECORD WAS SET OR TIED.
MM INDICATES DATA IS MISSING.
T  INDICATES TRACE AMOUNT.




$$
