000
CDUS43 KIWX 080537
CLISBN


CLIMATE REPORT
NATIONAL WEATHER SERVICE NORTHERN INDIANA
134 AM EDT SUN OCT 8 2017


...................................

...THE SOUTH BEND CLIMATE SUMMARY FOR OCTOBER 7 2017...

CLIMATE NORMAL PERIOD 1981 TO 2010
CLIMATE RECORD PERIOD 1893 TO 2017


WEATHER ITEM   OBSERVED TIME   RECORD YEAR NORMAL DEPARTURE LAST
                VALUE   (LST)  VALUE       VALUE  FROM      YEAR
                                                  NORMAL
..................................................................
TEMPERATURE (F)
 YESTERDAY
  MAXIMUM         83    331 PM  88    2007  65     18       79
  MINIMUM         59    952 PM  25    1935  45     14       50
  AVERAGE         71                        55     16       65

PRECIPITATION (IN)
  YESTERDAY        0.09          1.64 1984   0.11  -0.02      T
  MONTH TO DATE    0.67                      0.78  -0.11     1.01
  SINCE SEP 1      2.71                      4.31  -1.60     4.75
  SINCE JAN 1     30.30                     29.58   0.72    39.16

SNOWFALL (IN)
  YESTERDAY        0.0           T    2000   0.0    0.0      0.0
                                      1952
  MONTH TO DATE    0.0                       0.0    0.0      0.0
  SINCE SEP 1      0.0                       T      0.0      0.0
  SINCE JUL 1      0.0                       T      0.0      0.0
  SNOW DEPTH       0

DEGREE DAYS
 HEATING
  YESTERDAY        0                        10    -10        0
  MONTH TO DATE   10                        65    -55       19
  SINCE SEP 1    101                       181    -80       49
  SINCE JUL 1    122                       199    -77       57

 COOLING
  YESTERDAY        6                         1      5        0
  MONTH TO DATE   20                         7     13       10
  SINCE SEP 1    138                        89     49      133
  SINCE JAN 1    690                       771    -81      942
..................................................................


WIND (MPH)
  HIGHEST WIND SPEED    31   HIGHEST WIND DIRECTION     S (190)
  HIGHEST GUST SPEED    42   HIGHEST GUST DIRECTION     S (190)
  AVERAGE WIND SPEED    16.9


SKY COVER
  AVERAGE SKY COVER 0.5


WEATHER CONDITIONS
 THE FOLLOWING WEATHER WAS RECORDED YESTERDAY.
  RAIN
  LIGHT RAIN


RELATIVE HUMIDITY (PERCENT)
 HIGHEST    97           800 PM
 LOWEST     49           500 PM
 AVERAGE    73

..........................................................


THE SOUTH BEND CLIMATE NORMALS FOR TODAY
                         NORMAL    RECORD    YEAR
 MAXIMUM TEMPERATURE (F)   65        88      2007
 MINIMUM TEMPERATURE (F)   45        28      1952
                                             1896


SUNRISE AND SUNSET
OCTOBER  8 2017.......SUNRISE   750 AM EDT   SUNSET   715 PM EDT
OCTOBER  9 2017.......SUNRISE   751 AM EDT   SUNSET   713 PM EDT


-  INDICATES NEGATIVE NUMBERS.
R  INDICATES RECORD WAS SET OR TIED.
MM INDICATES DATA IS MISSING.
T  INDICATES TRACE AMOUNT.




$$
