000
CDUS43 KIWX 310523
CLISBN


CLIMATE REPORT
NATIONAL WEATHER SERVICE NORTHERN INDIANA
123 AM EDT WED AUG 31 2016


...................................

...THE SOUTH BEND CLIMATE SUMMARY FOR AUGUST 30 2016...

CLIMATE NORMAL PERIOD 1981 TO 2010
CLIMATE RECORD PERIOD 1893 TO 2016


WEATHER ITEM   OBSERVED TIME   RECORD YEAR NORMAL DEPARTURE LAST
                VALUE   (LST)  VALUE       VALUE  FROM      YEAR
                                                  NORMAL
..................................................................
TEMPERATURE (F)
 YESTERDAY
  MAXIMUM         82    443 PM  97    1925  79      3       76
  MINIMUM         69   1033 AM  41    1946  60      9       60
  AVERAGE         76                        70      6       68

PRECIPITATION (IN)
  YESTERDAY        0.22          1.90 1928   0.12   0.10      T
  MONTH TO DATE   12.81                      3.63   9.18     2.32
  SINCE JUN 1     19.30                     11.42   7.88    11.18
  SINCE JAN 1     34.41                     25.14   9.27    24.27

SNOWFALL (IN)
  YESTERDAY        0.0           0.0  2002   0.0    0.0      0.0
                                      2001
  MONTH TO DATE    0.0                       0.0    0.0      0.0
  SINCE JUN 1      0.0                       0.0    0.0      0.0
  SINCE JUL 1      0.0                       0.0    0.0      0.0
  SNOW DEPTH       0

DEGREE DAYS
 HEATING
  YESTERDAY        0                         1     -1        0
  MONTH TO DATE    0                         7     -7       15
  SINCE JUN 1     43                        56    -13       44
  SINCE JUL 1      8                        12     -4       25

 COOLING
  YESTERDAY       11                         5      6        3
  MONTH TO DATE  287                       201     86      187
  SINCE JUN 1    733                       619    114      552
  SINCE JAN 1    802                       675    127      638
..................................................................


WIND (MPH)
  HIGHEST WIND SPEED    14   HIGHEST WIND DIRECTION     N (10)
  HIGHEST GUST SPEED    18   HIGHEST GUST DIRECTION     N (10)
  AVERAGE WIND SPEED     5.2


SKY COVER
  AVERAGE SKY COVER 0.3


WEATHER CONDITIONS
 THE FOLLOWING WEATHER WAS RECORDED YESTERDAY.
  THUNDERSTORM
  HEAVY RAIN
  RAIN
  LIGHT RAIN
  FOG


RELATIVE HUMIDITY (PERCENT)
 HIGHEST   100          1200 AM
 LOWEST     74           200 PM
 AVERAGE    87

..........................................................


THE SOUTH BEND CLIMATE NORMALS FOR TODAY
                         NORMAL    RECORD    YEAR
 MAXIMUM TEMPERATURE (F)   79        96      1953
 MINIMUM TEMPERATURE (F)   60        40      1911


SUNRISE AND SUNSET
AUGUST 31 2016........SUNRISE   711 AM EDT   SUNSET   819 PM EDT
SEPTEMBER  1 2016.....SUNRISE   712 AM EDT   SUNSET   818 PM EDT


-  INDICATES NEGATIVE NUMBERS.
R  INDICATES RECORD WAS SET OR TIED.
MM INDICATES DATA IS MISSING.
T  INDICATES TRACE AMOUNT.




$$
