000
CDUS43 KIWX 242022
CLISBN


CLIMATE REPORT
NATIONAL WEATHER SERVICE NORTHERN INDIANA
421 PM EDT SUN MAY 24 2015


...................................

...THE SOUTH BEND CLIMATE SUMMARY FOR MAY 24 2015...
VALID TODAY AS OF 0400 PM LOCAL TIME.

CLIMATE NORMAL PERIOD 1981 TO 2010
CLIMATE RECORD PERIOD 1893 TO 2015


WEATHER ITEM   OBSERVED TIME   RECORD YEAR NORMAL DEPARTURE LAST
                VALUE   (LST)  VALUE       VALUE  FROM      YEAR
                                                  NORMAL
..................................................................
TEMPERATURE (F)
 TODAY
  MAXIMUM         79    259 PM  90    2007  72      7       76
  MINIMUM         54    450 AM  33    1925  51      3       43
  AVERAGE         67                        62      5       60

PRECIPITATION (IN)
  TODAY            0.00          1.94 1927   0.13  -0.13     0.00
  MONTH TO DATE    3.05                      2.91   0.14     3.79
  SINCE MAR 1      6.23                      8.56  -2.33     7.83
  SINCE JAN 1     10.13                     12.80  -2.67    13.77

DEGREE DAYS
 HEATING
  TODAY            0                         5     -5        5
  MONTH TO DATE  121                       193    -72      208
  SINCE MAR 1   1496                      1535    -39     1753
  SINCE JUL 1   6593                      6224    369     6936

 COOLING
  TODAY            2                         2      0        0
  MONTH TO DATE   49                        30     19       39
  SINCE MAR 1     51                        40     11       41
  SINCE JAN 1     51                        40     11       41
..................................................................


WIND (MPH)
  HIGHEST WIND SPEED    15   HIGHEST WIND DIRECTION    SE (130)
  HIGHEST GUST SPEED    18   HIGHEST GUST DIRECTION    SE (140)
  AVERAGE WIND SPEED     4.9


SKY COVER
  POSSIBLE SUNSHINE  MM
  AVERAGE SKY COVER 0.3


WEATHER CONDITIONS
 THE FOLLOWING WEATHER WAS RECORDED TODAY.
  NO SIGNIFICANT WEATHER WAS OBSERVED.


RELATIVE HUMIDITY (PERCENT)
 HIGHEST    77           400 AM
 LOWEST     45           200 PM
 AVERAGE    61

..........................................................


THE SOUTH BEND CLIMATE NORMALS FOR TOMORROW
                         NORMAL    RECORD    YEAR
 MAXIMUM TEMPERATURE (F)   73        91      1977
 MINIMUM TEMPERATURE (F)   52        28      1925


SUNRISE AND SUNSET
MAY 24 2015...........SUNRISE   618 AM EDT   SUNSET   907 PM EDT
MAY 25 2015...........SUNRISE   617 AM EDT   SUNSET   907 PM EDT


-  INDICATES NEGATIVE NUMBERS.
R  INDICATES RECORD WAS SET OR TIED.
MM INDICATES DATA IS MISSING.
T  INDICATES TRACE AMOUNT.




$$
