000
CDUS43 KIWX 132026
CLISBN


CLIMATE REPORT
NATIONAL WEATHER SERVICE NORTHERN INDIANA
426 PM EDT THU APR 13 2017


...................................

...THE SOUTH BEND CLIMATE SUMMARY FOR APRIL 13 2017...
VALID TODAY AS OF 0400 PM LOCAL TIME.

CLIMATE NORMAL PERIOD 1981 TO 2010
CLIMATE RECORD PERIOD 1893 TO 2017


WEATHER ITEM   OBSERVED TIME   RECORD YEAR NORMAL DEPARTURE LAST
                VALUE   (LST)  VALUE       VALUE  FROM      YEAR
                                                  NORMAL
..................................................................
TEMPERATURE (F)
 TODAY
  MAXIMUM         56    241 PM  85    1941  59     -3       55
  MINIMUM         37    150 AM  18    1950  38     -1       29
  AVERAGE         47                        48     -1       42

PRECIPITATION (IN)
  TODAY            0.06          1.23 1909   0.11  -0.05     0.00
  MONTH TO DATE    1.19                      1.35  -0.16     2.23
  SINCE MAR 1      5.42                      3.77   1.65     6.40
  SINCE JAN 1     12.41                      8.01   4.40    10.18

SNOWFALL (IN)
  TODAY            0.0           1.4  1962   0.1   -0.1      0.0
  MONTH TO DATE    0.6                       1.0   -0.4      4.1
  SINCE MAR 1      8.5                       8.1    0.4     10.9
  SINCE JUL 1     42.2                      66.2  -24.0     70.2

DEGREE DAYS
 HEATING
  TODAY           18                        17      1       23
  MONTH TO DATE  239                       251    -12      363
  SINCE MAR 1   1101                      1106     -5     1053
  SINCE JUL 1   5078                      5795   -717     5183

 COOLING
  TODAY            0                         0      0        0
  MONTH TO DATE    0                         0      0        0
  SINCE MAR 1      0                         1     -1        0
  SINCE JAN 1      0                         1     -1        0
..................................................................


WIND (MPH)
  HIGHEST WIND SPEED    17   HIGHEST WIND DIRECTION     E (110)
  HIGHEST GUST SPEED    22   HIGHEST GUST DIRECTION     E (110)
  AVERAGE WIND SPEED     7.6


SKY COVER
  POSSIBLE SUNSHINE  MM
  AVERAGE SKY COVER 0.6


WEATHER CONDITIONS
 THE FOLLOWING WEATHER WAS RECORDED TODAY.
  LIGHT RAIN
  FOG


RELATIVE HUMIDITY (PERCENT)
 HIGHEST    93          1100 AM
 LOWEST     58          1200 AM
 AVERAGE    76

..........................................................


THE SOUTH BEND CLIMATE NORMALS FOR TOMORROW
                         NORMAL    RECORD    YEAR
 MAXIMUM TEMPERATURE (F)   59        81      2003
                                             1941
 MINIMUM TEMPERATURE (F)   38        19      1940
                                             1917


SUNRISE AND SUNSET
APRIL 13 2017.........SUNRISE   708 AM EDT   SUNSET   824 PM EDT
APRIL 14 2017.........SUNRISE   706 AM EDT   SUNSET   825 PM EDT


-  INDICATES NEGATIVE NUMBERS.
R  INDICATES RECORD WAS SET OR TIED.
MM INDICATES DATA IS MISSING.
T  INDICATES TRACE AMOUNT.




$$
