000
CDUS43 KIWX 102131
CLISBN


CLIMATE REPORT
NATIONAL WEATHER SERVICE NORTHERN INDIANA
430 PM EST FRI FEB 10 2017


...................................

...THE SOUTH BEND CLIMATE SUMMARY FOR FEBRUARY 10 2017...
VALID TODAY AS OF 0400 PM LOCAL TIME.

CLIMATE NORMAL PERIOD 1981 TO 2010
CLIMATE RECORD PERIOD 1893 TO 2017


WEATHER ITEM   OBSERVED TIME   RECORD YEAR NORMAL DEPARTURE LAST
                VALUE   (LST)  VALUE       VALUE  FROM      YEAR
                                                  NORMAL
..................................................................
TEMPERATURE (F)
 TODAY
  MAXIMUM         38    359 PM  62    2009  34      4       19
  MINIMUM         14    118 AM -20    1899  19     -5       13
  AVERAGE         26                        26      0       16

PRECIPITATION (IN)
  TODAY            T             1.03 1960   0.07  -0.07     0.17
  MONTH TO DATE    1.43                      0.63   0.80     0.79
  SINCE DEC 1      6.76                      5.53   1.23     6.51
  SINCE JAN 1      4.77                      2.92   1.85     2.39

SNOWFALL (IN)
  TODAY            T             6.6  2016   0.5   -0.5      6.6
  MONTH TO DATE    0.3                       6.1   -5.8     11.5
  SINCE DEC 1     33.1                      44.0  -10.9     31.6
  SINCE JUL 1     33.6                      49.2  -15.6     40.7

DEGREE DAYS
 HEATING
  TODAY           39                        39      0       49
  MONTH TO DATE  367                       395    -28      357
  SINCE DEC 1   2674                      2774   -100     2383
  SINCE JUL 1   3575                      4043   -468     3450

 COOLING
  TODAY            0                         0      0        0
  MONTH TO DATE    0                         0      0        0
  SINCE DEC 1      0                         0      0        0
  SINCE JAN 1      0                         0      0        0
..................................................................


WIND (MPH)
  HIGHEST WIND SPEED    28   HIGHEST WIND DIRECTION     S (190)
  HIGHEST GUST SPEED    35   HIGHEST GUST DIRECTION     S (180)
  AVERAGE WIND SPEED    13.4


SKY COVER
  POSSIBLE SUNSHINE  MM
  AVERAGE SKY COVER 0.4


WEATHER CONDITIONS
 THE FOLLOWING WEATHER WAS RECORDED TODAY.
  LIGHT SNOW


RELATIVE HUMIDITY (PERCENT)
 HIGHEST    80           100 AM
 LOWEST     50          1100 AM
 AVERAGE    65

..........................................................


THE SOUTH BEND CLIMATE NORMALS FOR TOMORROW
                         NORMAL    RECORD    YEAR
 MAXIMUM TEMPERATURE (F)   34        72      1999
 MINIMUM TEMPERATURE (F)   20       -12      1899


SUNRISE AND SUNSET
FEBRUARY 10 2017......SUNRISE   747 AM EST   SUNSET   613 PM EST
FEBRUARY 11 2017......SUNRISE   746 AM EST   SUNSET   614 PM EST


-  INDICATES NEGATIVE NUMBERS.
R  INDICATES RECORD WAS SET OR TIED.
MM INDICATES DATA IS MISSING.
T  INDICATES TRACE AMOUNT.




$$
