000
CDUS43 KIWX 152024
CLISBN


CLIMATE REPORT
NATIONAL WEATHER SERVICE NORTHERN INDIANA
423 PM EDT TUE APR 15 2014


...................................

...THE SOUTH BEND CLIMATE SUMMARY FOR APRIL 15 2014...
VALID TODAY AS OF 0400 PM LOCAL TIME.

CLIMATE NORMAL PERIOD 1981 TO 2010
CLIMATE RECORD PERIOD 1893 TO 2014


WEATHER ITEM   OBSERVED TIME   RECORD YEAR NORMAL DEPARTURE LAST
                VALUE   (LST)  VALUE       VALUE  FROM      YEAR
                                                  NORMAL
..................................................................
TEMPERATURE (F)
 TODAY
  MAXIMUM         35    239 PM  87    2002  59    -24       66
  MINIMUM         27    640 AM  19    1928  39    -12       46
                                      1926
  AVERAGE         31                        49    -18       56

PRECIPITATION (IN)
  TODAY            T             2.24 1937   0.11  -0.11     0.64
  MONTH TO DATE    1.41                      1.57  -0.16     2.38
  SINCE MAR 1      3.10                      3.99  -0.89     3.64
  SINCE JAN 1      9.04                      8.23   0.81    11.13

DEGREE DAYS
 HEATING
  TODAY           34                        16     18        9
  MONTH TO DATE  271                       284    -13      306
  SINCE MAR 1   1347                      1139    208     1320
  SINCE JUL 1   6530                      5828    702     5717

 COOLING
  TODAY            0                         0      0        0
  MONTH TO DATE    2                         0      2        0
  SINCE MAR 1      2                         1      1        0
  SINCE JAN 1      2                         1      1        0
..................................................................


WIND (MPH)
  HIGHEST WIND SPEED    26   HIGHEST WIND DIRECTION     N (340)
  HIGHEST GUST SPEED    36   HIGHEST GUST DIRECTION    NW (320)
  AVERAGE WIND SPEED    17.5


SKY COVER
  POSSIBLE SUNSHINE  MM
  AVERAGE SKY COVER 0.7


WEATHER CONDITIONS
 THE FOLLOWING WEATHER WAS RECORDED TODAY.
  NO SIGNIFICANT WEATHER WAS OBSERVED.


RELATIVE HUMIDITY (PERCENT)
 HIGHEST    75           100 AM
 LOWEST     32           300 PM
 AVERAGE    54

..........................................................


THE SOUTH BEND CLIMATE NORMALS FOR TOMORROW
                         NORMAL    RECORD    YEAR
 MAXIMUM TEMPERATURE (F)   60        86      1976
                                             1896
 MINIMUM TEMPERATURE (F)   39        22      1935


SUNRISE AND SUNSET
APRIL 15 2014.........SUNRISE   705 AM EDT   SUNSET   826 PM EDT
APRIL 16 2014.........SUNRISE   704 AM EDT   SUNSET   827 PM EDT


-  INDICATES NEGATIVE NUMBERS.
R  INDICATES RECORD WAS SET OR TIED.
MM INDICATES DATA IS MISSING.
T  INDICATES TRACE AMOUNT.




$$
