000
CDUS43 KIWX 080522
CLISBN


CLIMATE REPORT
NATIONAL WEATHER SERVICE NORTHERN INDIANA
122 AM EDT TUE JUL 8 2014


...................................

...THE SOUTH BEND CLIMATE SUMMARY FOR JULY 7 2014...

CLIMATE NORMAL PERIOD 1981 TO 2010
CLIMATE RECORD PERIOD 1893 TO 2014


WEATHER ITEM   OBSERVED TIME   RECORD YEAR NORMAL DEPARTURE LAST
                VALUE   (LST)  VALUE       VALUE  FROM      YEAR
                                                  NORMAL
..................................................................
TEMPERATURE (F)
 YESTERDAY
  MAXIMUM         84    552 PM 102    1936  83      1       84
  MINIMUM         72   1058 PM  49    1942  63      9       68
                                      1896
  AVERAGE         78                        73      5       76

PRECIPITATION (IN)
  YESTERDAY        0.03          2.37 1925   0.12  -0.09      T
  MONTH TO DATE    0.40                      0.84  -0.44     0.70
  SINCE JUN 1      9.54                      4.63   4.91     4.13
  SINCE JAN 1     24.62                     18.35   6.27    21.43

DEGREE DAYS
 HEATING
  YESTERDAY        0                         0      0        0
  MONTH TO DATE    2                         0      2        3
  SINCE JUN 1     19                        44    -25       40
  SINCE JUL 1      2                         0      2        3

 COOLING
  YESTERDAY       13                         8      5       11
  MONTH TO DATE   35                        56    -21       35
  SINCE JUN 1    251                       221     30      200
  SINCE JAN 1    336                       277     59      296
..................................................................


WIND (MPH)
  HIGHEST WIND SPEED    22   HIGHEST WIND DIRECTION    SW (230)
  HIGHEST GUST SPEED    30   HIGHEST GUST DIRECTION    SW (210)
  AVERAGE WIND SPEED     9.8


SKY COVER
  AVERAGE SKY COVER 0.6


WEATHER CONDITIONS
 THE FOLLOWING WEATHER WAS RECORDED YESTERDAY.
  THUNDERSTORM
  LIGHT RAIN


RELATIVE HUMIDITY (PERCENT)
 HIGHEST    87           600 AM
 LOWEST     51           500 PM
 AVERAGE    69

..........................................................


THE SOUTH BEND CLIMATE NORMALS FOR TODAY
                         NORMAL    RECORD    YEAR
 MAXIMUM TEMPERATURE (F)   83       106      1936
 MINIMUM TEMPERATURE (F)   63        47      1984


SUNRISE AND SUNSET
JULY  8 2014..........SUNRISE   619 AM EDT   SUNSET   922 PM EDT
JULY  9 2014..........SUNRISE   619 AM EDT   SUNSET   921 PM EDT


-  INDICATES NEGATIVE NUMBERS.
R  INDICATES RECORD WAS SET OR TIED.
MM INDICATES DATA IS MISSING.
T  INDICATES TRACE AMOUNT.




$$
