000
CDUS43 KIWX 270559
CLISBN


CLIMATE REPORT
NATIONAL WEATHER SERVICE NORTHERN INDIANA
158 AM EDT SAT SEP 27 2014


...................................

...THE SOUTH BEND CLIMATE SUMMARY FOR SEPTEMBER 26 2014...

CLIMATE NORMAL PERIOD 1981 TO 2010
CLIMATE RECORD PERIOD 1893 TO 2014


WEATHER ITEM   OBSERVED TIME   RECORD YEAR NORMAL DEPARTURE LAST
                VALUE   (LST)  VALUE       VALUE  FROM      YEAR
                                                  NORMAL
..................................................................
TEMPERATURE (F)
 YESTERDAY
  MAXIMUM         82    341 PM  91    1998  70     12       78
                                      1908
  MINIMUM         54    721 AM  31    1928  49      5       45
  AVERAGE         68                        60      8       62

PRECIPITATION (IN)
  YESTERDAY        0.00          2.28 1981   0.12  -0.12     0.00
  MONTH TO DATE    2.71                      3.09  -0.38     3.89
  SINCE SEP 1      2.71                      3.09  -0.38     3.89
  SINCE JAN 1     30.92                     28.36   2.56    30.81

DEGREE DAYS
 HEATING
  YESTERDAY        0                         7     -7        3
  MONTH TO DATE  111                        85     26       79
  SINCE SEP 1    111                        85     26       79
  SINCE JUL 1    139                       103     36      108

 COOLING
  YESTERDAY        3                         1      2        0
  MONTH TO DATE   72                        76     -4      116
  SINCE SEP 1     72                        76     -4      116
  SINCE JAN 1    765                       758      7      796
..................................................................


WIND (MPH)
  HIGHEST WIND SPEED    12   HIGHEST WIND DIRECTION    SE (120)
  HIGHEST GUST SPEED    16   HIGHEST GUST DIRECTION     E (110)
  AVERAGE WIND SPEED     4.7


SKY COVER
  AVERAGE SKY COVER 0.0


WEATHER CONDITIONS
 THE FOLLOWING WEATHER WAS RECORDED YESTERDAY.
  NO SIGNIFICANT WEATHER WAS OBSERVED.


RELATIVE HUMIDITY (PERCENT)
 HIGHEST    86           500 AM
 LOWEST     78          1000 PM
 AVERAGE    82

..........................................................


THE SOUTH BEND CLIMATE NORMALS FOR TODAY
                         NORMAL    RECORD    YEAR
 MAXIMUM TEMPERATURE (F)   69        91      1908
 MINIMUM TEMPERATURE (F)   49        34      1989
                                             1957
                                             1947


SUNRISE AND SUNSET
SEPTEMBER 27 2014.....SUNRISE   738 AM EDT   SUNSET   734 PM EDT
SEPTEMBER 28 2014.....SUNRISE   739 AM EDT   SUNSET   732 PM EDT


-  INDICATES NEGATIVE NUMBERS.
R  INDICATES RECORD WAS SET OR TIED.
MM INDICATES DATA IS MISSING.
T  INDICATES TRACE AMOUNT.




$$
