000
CDUS43 KIWX 120521
CLISBN


CLIMATE REPORT
NATIONAL WEATHER SERVICE NORTHERN INDIANA
1221 AM EST SUN FEB 12 2017


...................................

...THE SOUTH BEND CLIMATE SUMMARY FOR FEBRUARY 11 2017...

CLIMATE NORMAL PERIOD 1981 TO 2010
CLIMATE RECORD PERIOD 1893 TO 2017


WEATHER ITEM   OBSERVED TIME   RECORD YEAR NORMAL DEPARTURE LAST
                VALUE   (LST)  VALUE       VALUE  FROM      YEAR
                                                  NORMAL
..................................................................
TEMPERATURE (F)
 YESTERDAY
  MAXIMUM         50    358 PM  72    1999  34     16       22
  MINIMUM         33    751 AM -12    1899  20     13        1
  AVERAGE         42                        27     15       12

PRECIPITATION (IN)
  YESTERDAY        0.00          1.01 2009   0.07  -0.07      T
  MONTH TO DATE    1.43                      0.70   0.73     0.79
  SINCE DEC 1      6.76                      5.60   1.16     6.51
  SINCE JAN 1      4.77                      2.99   1.78     2.39

SNOWFALL (IN)
  YESTERDAY        0.0           7.6  1985   0.6   -0.6      0.1
  MONTH TO DATE    0.3                       6.7   -6.4     11.6
  SINCE DEC 1     33.1                      44.6  -11.5     31.7
  SINCE JUL 1     33.6                      49.8  -16.2     40.8
  SNOW DEPTH       0

DEGREE DAYS
 HEATING
  YESTERDAY       23                        38    -15       53
  MONTH TO DATE  389                       433    -44      410
  SINCE DEC 1   2696                      2812   -116     2436
  SINCE JUL 1   3597                      4081   -484     3503

 COOLING
  YESTERDAY        0                         0      0        0
  MONTH TO DATE    0                         0      0        0
  SINCE DEC 1      0                         0      0        0
  SINCE JAN 1      0                         0      0        0
..................................................................


WIND (MPH)
  HIGHEST WIND SPEED    15   HIGHEST WIND DIRECTION    NE (30)
  HIGHEST GUST SPEED    18   HIGHEST GUST DIRECTION    NE (30)
  AVERAGE WIND SPEED     4.8


SKY COVER
  AVERAGE SKY COVER 0.1


WEATHER CONDITIONS
 THE FOLLOWING WEATHER WAS RECORDED YESTERDAY.
  NO SIGNIFICANT WEATHER WAS OBSERVED.


RELATIVE HUMIDITY (PERCENT)
 HIGHEST    96           800 AM
 LOWEST     66           200 PM
 AVERAGE    81

..........................................................


THE SOUTH BEND CLIMATE NORMALS FOR TODAY
                         NORMAL    RECORD    YEAR
 MAXIMUM TEMPERATURE (F)   34        59      1984
 MINIMUM TEMPERATURE (F)   20       -14      1899


SUNRISE AND SUNSET
FEBRUARY 12 2017......SUNRISE   744 AM EST   SUNSET   615 PM EST
FEBRUARY 13 2017......SUNRISE   743 AM EST   SUNSET   616 PM EST


-  INDICATES NEGATIVE NUMBERS.
R  INDICATES RECORD WAS SET OR TIED.
MM INDICATES DATA IS MISSING.
T  INDICATES TRACE AMOUNT.




$$
