000
CDUS43 KIWX 150523
CLISBN


CLIMATE REPORT
NATIONAL WEATHER SERVICE NORTHERN INDIANA
122 AM EDT SAT JUL 15 2017


...................................

...THE SOUTH BEND CLIMATE SUMMARY FOR JULY 14 2017...

CLIMATE NORMAL PERIOD 1981 TO 2010
CLIMATE RECORD PERIOD 1893 TO 2017


WEATHER ITEM   OBSERVED TIME   RECORD YEAR NORMAL DEPARTURE LAST
                VALUE   (LST)  VALUE       VALUE  FROM      YEAR
                                                  NORMAL
..................................................................
TEMPERATURE (F)
 YESTERDAY
  MAXIMUM         74    941 AM 108    1936  83     -9       87
  MINIMUM         60   1159 PM  48    1930  63     -3       67
  AVERAGE         67                        73     -6       77

PRECIPITATION (IN)
  YESTERDAY        0.00          3.16 1937   0.13  -0.13     0.00
  MONTH TO DATE    1.91                      1.74   0.17     0.81
  SINCE JUN 1      4.33                      5.53  -1.20     4.06
  SINCE JAN 1     23.56                     19.25   4.31    19.17

DEGREE DAYS
 HEATING
  YESTERDAY        0                         0      0        0
  MONTH TO DATE    1                         0      1        8
  SINCE JUN 1     26                        44    -18       43
  SINCE JUL 1      1                         0      1        8

 COOLING
  YESTERDAY        2                         8     -6       12
  MONTH TO DATE  100                       112    -12      105
  SINCE JUN 1    273                       277     -4      281
  SINCE JAN 1    313                       333    -20      350
..................................................................


WIND (MPH)
  HIGHEST WIND SPEED    21   HIGHEST WIND DIRECTION    NW (320)
  HIGHEST GUST SPEED    25   HIGHEST GUST DIRECTION    NW (310)
  AVERAGE WIND SPEED     8.8


SKY COVER
  AVERAGE SKY COVER 0.6


WEATHER CONDITIONS
 THE FOLLOWING WEATHER WAS RECORDED YESTERDAY.
  FOG


RELATIVE HUMIDITY (PERCENT)
 HIGHEST   100           100 AM
 LOWEST     68           100 PM
 AVERAGE    84

..........................................................


THE SOUTH BEND CLIMATE NORMALS FOR TODAY
                         NORMAL    RECORD    YEAR
 MAXIMUM TEMPERATURE (F)   83       100      1936
 MINIMUM TEMPERATURE (F)   63        42      1930


SUNRISE AND SUNSET
JULY 15 2017..........SUNRISE   624 AM EDT   SUNSET   918 PM EDT
JULY 16 2017..........SUNRISE   625 AM EDT   SUNSET   917 PM EDT


-  INDICATES NEGATIVE NUMBERS.
R  INDICATES RECORD WAS SET OR TIED.
MM INDICATES DATA IS MISSING.
T  INDICATES TRACE AMOUNT.




$$
