000
CDUS43 KIWX 200523
CLISBN


CLIMATE REPORT
NATIONAL WEATHER SERVICE NORTHERN INDIANA
1222 AM EST MON FEB 20 2017


...................................

...THE SOUTH BEND CLIMATE SUMMARY FOR FEBRUARY 19 2017...

CLIMATE NORMAL PERIOD 1981 TO 2010
CLIMATE RECORD PERIOD 1893 TO 2017


WEATHER ITEM   OBSERVED TIME   RECORD YEAR NORMAL DEPARTURE LAST
                VALUE   (LST)  VALUE       VALUE  FROM      YEAR
                                                  NORMAL
..................................................................
TEMPERATURE (F)
 YESTERDAY
  MAXIMUM         65R   354 PM  65    1930  36     29       62
  MINIMUM         28    628 AM -11    1936  21      7       36
  AVERAGE         47                        29     18       49

PRECIPITATION (IN)
  YESTERDAY        0.00          1.00 1908   0.08  -0.08     0.00
  MONTH TO DATE    1.46                      1.26   0.20     1.13
  SINCE DEC 1      6.79                      6.16   0.63     6.85
  SINCE JAN 1      4.80                      3.55   1.25     2.73

SNOWFALL (IN)
  YESTERDAY        0.0          12.0  1908   0.5   -0.5      0.0
  MONTH TO DATE    0.3                      10.9  -10.6     19.2
  SINCE DEC 1     33.1                      48.8  -15.7     39.3
  SINCE JUL 1     33.6                      54.0  -20.4     48.4
  SNOW DEPTH       0

DEGREE DAYS
 HEATING
  YESTERDAY       18                        36    -18       16
  MONTH TO DATE  591                       731   -140      753
  SINCE DEC 1   2898                      3110   -212     2779
  SINCE JUL 1   3799                      4379   -580     3846

 COOLING
  YESTERDAY        0                         0      0        0
  MONTH TO DATE    0                         0      0        0
  SINCE DEC 1      0                         0      0        0
  SINCE JAN 1      0                         0      0        0
..................................................................


WIND (MPH)
  HIGHEST WIND SPEED    12   HIGHEST WIND DIRECTION    NW (330)
  HIGHEST GUST SPEED    16   HIGHEST GUST DIRECTION     W (260)
  AVERAGE WIND SPEED     3.3


SKY COVER
  AVERAGE SKY COVER 0.0


WEATHER CONDITIONS
 THE FOLLOWING WEATHER WAS RECORDED YESTERDAY.
  FOG


RELATIVE HUMIDITY (PERCENT)
 HIGHEST    92           700 AM
 LOWEST     23           500 PM
 AVERAGE    58

..........................................................


THE SOUTH BEND CLIMATE NORMALS FOR TODAY
                         NORMAL    RECORD    YEAR
 MAXIMUM TEMPERATURE (F)   37        65      1983
                                             1930
 MINIMUM TEMPERATURE (F)   22       -12      2015


SUNRISE AND SUNSET
FEBRUARY 20 2017......SUNRISE   733 AM EST   SUNSET   625 PM EST
FEBRUARY 21 2017......SUNRISE   732 AM EST   SUNSET   626 PM EST


-  INDICATES NEGATIVE NUMBERS.
R  INDICATES RECORD WAS SET OR TIED.
MM INDICATES DATA IS MISSING.
T  INDICATES TRACE AMOUNT.




$$
