000
CDUS43 KIWX 140603
CLISBN


CLIMATE REPORT
NATIONAL WEATHER SERVICE NORTHERN INDIANA
102 AM EST WED FEB 14 2018


...................................

...THE SOUTH BEND CLIMATE SUMMARY FOR FEBRUARY 13 2018...

CLIMATE NORMAL PERIOD 1981 TO 2010
CLIMATE RECORD PERIOD 1893 TO 2018


WEATHER ITEM   OBSERVED TIME   RECORD YEAR NORMAL DEPARTURE LAST
                VALUE   (LST)  VALUE       VALUE  FROM      YEAR
                                                  NORMAL
..................................................................
TEMPERATURE (F)
 YESTERDAY
  MAXIMUM         32   1200 AM  65    1938  34     -2       44
  MINIMUM          5    348 AM -16    1905  20    -15       23
  AVERAGE         19                        27     -8       34

PRECIPITATION (IN)
  YESTERDAY        0.00          1.39 1946   0.07  -0.07     0.00
  MONTH TO DATE    1.87                      0.84   1.03     1.46
  SINCE DEC 1      5.16                      5.74  -0.58     6.79
  SINCE JAN 1      3.80                      3.13   0.67     4.80

SNOWFALL (IN)
  YESTERDAY        0.0           5.9  2007   0.6   -0.6      0.0
  MONTH TO DATE   27.8                       7.8   20.0      0.3
  SINCE DEC 1     82.2                      45.7   36.5     33.1
  SINCE JUL 1     82.2                      50.9   31.3     33.6
  SNOW DEPTH      13

DEGREE DAYS
 HEATING
  YESTERDAY       46                        38      8       31
  MONTH TO DATE  619                       509    110      445
  SINCE DEC 1   3111                      2888    223     2752
  SINCE JUL 1   4294                      4157    137     3653

 COOLING
  YESTERDAY        0                         0      0        0
  MONTH TO DATE    0                         0      0        0
  SINCE DEC 1      0                         0      0        0
  SINCE JAN 1      0                         0      0        0
..................................................................


WIND (MPH)
  HIGHEST WIND SPEED    17   HIGHEST WIND DIRECTION    SE (120)
  HIGHEST GUST SPEED    20   HIGHEST GUST DIRECTION     E (110)
  AVERAGE WIND SPEED     6.5


SKY COVER
  AVERAGE SKY COVER 0.2


WEATHER CONDITIONS
 THE FOLLOWING WEATHER WAS RECORDED YESTERDAY.
  FOG
  HAZE


RELATIVE HUMIDITY (PERCENT)
 HIGHEST    91           700 AM
 LOWEST     43           200 PM
 AVERAGE    67

..........................................................


THE SOUTH BEND CLIMATE NORMALS FOR TODAY
                         NORMAL    RECORD    YEAR
 MAXIMUM TEMPERATURE (F)   35        59      1954
                                             1918
 MINIMUM TEMPERATURE (F)   20       -18      1905


SUNRISE AND SUNSET
FEBRUARY 14 2018......SUNRISE   742 AM EST   SUNSET   617 PM EST
FEBRUARY 15 2018......SUNRISE   741 AM EST   SUNSET   619 PM EST


-  INDICATES NEGATIVE NUMBERS.
R  INDICATES RECORD WAS SET OR TIED.
MM INDICATES DATA IS MISSING.
T  INDICATES TRACE AMOUNT.




$$
