821
CDUS43 KIWX 210521
CLISBN


CLIMATE REPORT
NATIONAL WEATHER SERVICE NORTHERN INDIANA
121 AM EDT TUE MAR 21 2017


...................................

...THE SOUTH BEND CLIMATE SUMMARY FOR MARCH 20 2017...

CLIMATE NORMAL PERIOD 1981 TO 2010
CLIMATE RECORD PERIOD 1893 TO 2017


WEATHER ITEM   OBSERVED TIME   RECORD YEAR NORMAL DEPARTURE LAST
                VALUE   (LST)  VALUE       VALUE  FROM      YEAR
                                                  NORMAL
..................................................................
TEMPERATURE (F)
 YESTERDAY
  MAXIMUM         54    202 PM  83    2012  48      6       43
  MINIMUM         37   1159 PM   5    1923  30      7       21
  AVERAGE         46                        39      7       32

PRECIPITATION (IN)
  YESTERDAY        0.08          1.05 1976   0.08   0.00     0.00
  MONTH TO DATE    1.46                      1.52  -0.06     1.94
  SINCE MAR 1      1.46                      1.52  -0.06     1.94
  SINCE JAN 1      8.45                      5.76   2.69     5.72

SNOWFALL (IN)
  YESTERDAY        0.0           5.8  1983   0.2   -0.2      0.0
  MONTH TO DATE    7.9                       5.6    2.3      6.8
  SINCE MAR 1      7.9                       5.6    2.3      6.8
  SINCE JUL 1     41.6                      63.7  -22.1     66.1
  SNOW DEPTH       0

DEGREE DAYS
 HEATING
  YESTERDAY       19                        26     -7       33
  MONTH TO DATE  633                       593     40      476
  SINCE MAR 1    633                       593     40      476
  SINCE JUL 1   4610                      5282   -672     4606

 COOLING
  YESTERDAY        0                         0      0        0
  MONTH TO DATE    0                         0      0        0
  SINCE MAR 1      0                         0      0        0
  SINCE JAN 1      0                         0      0        0
..................................................................


WIND (MPH)
  HIGHEST WIND SPEED    23   HIGHEST WIND DIRECTION     S (160)
  HIGHEST GUST SPEED    29   HIGHEST GUST DIRECTION     S (170)
  AVERAGE WIND SPEED     9.5


SKY COVER
  AVERAGE SKY COVER 0.8


WEATHER CONDITIONS
 THE FOLLOWING WEATHER WAS RECORDED YESTERDAY.
  THUNDERSTORM
  LIGHT RAIN


RELATIVE HUMIDITY (PERCENT)
 HIGHEST    92          1100 PM
 LOWEST     67           100 AM
 AVERAGE    80

..........................................................


THE SOUTH BEND CLIMATE NORMALS FOR TODAY
                         NORMAL    RECORD    YEAR
 MAXIMUM TEMPERATURE (F)   49        85      2012
 MINIMUM TEMPERATURE (F)   30        10      1965


SUNRISE AND SUNSET
MARCH 21 2017.........SUNRISE   746 AM EDT   SUNSET   759 PM EDT
MARCH 22 2017.........SUNRISE   745 AM EDT   SUNSET   800 PM EDT


-  INDICATES NEGATIVE NUMBERS.
R  INDICATES RECORD WAS SET OR TIED.
MM INDICATES DATA IS MISSING.
T  INDICATES TRACE AMOUNT.




$$
