000
CDUS43 KIWX 270525
CLISBN


CLIMATE REPORT
NATIONAL WEATHER SERVICE NORTHERN INDIANA
1224 AM EST TUE JAN 27 2015


...................................

...THE SOUTH BEND CLIMATE SUMMARY FOR JANUARY 26 2015...

CLIMATE NORMAL PERIOD 1981 TO 2010
CLIMATE RECORD PERIOD 1893 TO 2015


WEATHER ITEM   OBSERVED TIME   RECORD YEAR NORMAL DEPARTURE LAST
                VALUE   (LST)  VALUE       VALUE  FROM      YEAR
                                                  NORMAL
..................................................................
TEMPERATURE (F)
 YESTERDAY
  MAXIMUM         25    430 PM  62    1944  31     -6       31
  MINIMUM          7    709 AM -20    1897  17    -10        6
  AVERAGE         16                        24     -8       19

PRECIPITATION (IN)
  YESTERDAY        T             2.12 1967   0.07  -0.07     0.22
  MONTH TO DATE    1.83                      1.97  -0.14     3.04
  SINCE DEC 1      3.30                      4.58  -1.28     5.37
  SINCE JAN 1      1.83                      1.97  -0.14     3.04

SNOWFALL (IN)
  YESTERDAY        T            15.6  1978   0.7   -0.7      4.5
  MONTH TO DATE   21.3                      17.2    4.1     44.4
  SINCE DEC 1     21.5                      34.5  -13.0     62.9
  SINCE JUL 1     40.8                      39.7    1.1     72.1
  SNOW DEPTH       2

DEGREE DAYS
 HEATING
  YESTERDAY       49                        41      8       46
  MONTH TO DATE 1114                      1058     56     1138
  SINCE DEC 1   2092                      2180    -88     2335
  SINCE JUL 1   3534                      3449     85     3624

 COOLING
  YESTERDAY        0                         0      0        0
  MONTH TO DATE    0                         0      0        0
  SINCE DEC 1      0                         0      0        0
  SINCE JAN 1      0                         0      0        0
..................................................................


WIND (MPH)
  HIGHEST WIND SPEED    13   HIGHEST WIND DIRECTION    NE (30)
  HIGHEST GUST SPEED    15   HIGHEST GUST DIRECTION    NE (30)
  AVERAGE WIND SPEED     4.4


SKY COVER
  AVERAGE SKY COVER 0.4


WEATHER CONDITIONS
 THE FOLLOWING WEATHER WAS RECORDED YESTERDAY.
  LIGHT SNOW


RELATIVE HUMIDITY (PERCENT)
 HIGHEST    84           900 AM
 LOWEST     59           200 PM
 AVERAGE    72

..........................................................


THE SOUTH BEND CLIMATE NORMALS FOR TODAY
                         NORMAL    RECORD    YEAR
 MAXIMUM TEMPERATURE (F)   31        60      1916
 MINIMUM TEMPERATURE (F)   18        -9      1963
                                             1936
                                             1907


SUNRISE AND SUNSET
JANUARY 27 2015.......SUNRISE   802 AM EST   SUNSET   554 PM EST
JANUARY 28 2015.......SUNRISE   801 AM EST   SUNSET   555 PM EST


-  INDICATES NEGATIVE NUMBERS.
R  INDICATES RECORD WAS SET OR TIED.
MM INDICATES DATA IS MISSING.
T  INDICATES TRACE AMOUNT.




$$
