000
CDUS43 KIWX 060021
CLISBN


CLIMATE REPORT
NATIONAL WEATHER SERVICE NORTHERN INDIANA
721 PM EST TUE DEC 5 2017


...................................

...THE SOUTH BEND CLIMATE SUMMARY FOR DECEMBER 5 2017...
VALID AS OF 0700 PM LOCAL TIME.

CLIMATE NORMAL PERIOD 1981 TO 2010
CLIMATE RECORD PERIOD 1893 TO 2017


WEATHER ITEM   OBSERVED TIME   RECORD YEAR NORMAL DEPARTURE LAST
                VALUE   (LST)  VALUE       VALUE  FROM      YEAR
                                                  NORMAL
..................................................................
TEMPERATURE (F)
 TODAY
  MAXIMUM         58    113 AM  70    2001  38     20       33
  MINIMUM         30    659 PM   4    1899  26      4       30
  AVERAGE         44                        32     12       32

PRECIPITATION (IN)
  TODAY            0.01          1.12 1999   0.09  -0.08     0.00
  MONTH TO DATE    0.09                      0.46  -0.37     0.45
  SINCE DEC 1      0.09                      0.46  -0.37     0.45
  SINCE JAN 1     42.25                     35.85   6.40    45.06

SNOWFALL (IN)
  TODAY            0.0           5.7  1985   0.5   -0.5      0.0
  MONTH TO DATE    0.0                       2.0   -2.0      1.5
  SINCE DEC 1      0.0                       2.0   -2.0      1.5
  SINCE JUL 1      T                         7.2   -7.2      2.0
  SNOW DEPTH       0

DEGREE DAYS
 HEATING
  TODAY           21                        33    -12       33
  MONTH TO DATE  112                       161    -49      153
  SINCE DEC 1    112                       161    -49      153
  SINCE JUL 1   1295                      1430   -135     1054

 COOLING
  TODAY            0                         0      0        0
  MONTH TO DATE    0                         0      0        0
  SINCE DEC 1      0                         0      0        0
  SINCE JAN 1    692                       773    -81      950
..................................................................


WIND (MPH)
  RESULTANT WIND SPEED  23   RESULTANT WIND DIRECTION   W (250)
  HIGHEST WIND SPEED    35   HIGHEST WIND DIRECTION     W (250)
  HIGHEST GUST SPEED    44   HIGHEST GUST DIRECTION    SW (240)
  AVERAGE WIND SPEED    23.6


SKY COVER
  POSSIBLE SUNSHINE  MM
  AVERAGE SKY COVER 0.6


WEATHER CONDITIONS
 THE FOLLOWING WEATHER WAS RECORDED TODAY.
  LIGHT RAIN


RELATIVE HUMIDITY (PERCENT)
 HIGHEST    86          1200 AM
 LOWEST     43           300 PM
 AVERAGE    65

..........................................................


THE SOUTH BEND CLIMATE NORMALS FOR TOMORROW
                         NORMAL    RECORD    YEAR
 MAXIMUM TEMPERATURE (F)   38        65      1998
 MINIMUM TEMPERATURE (F)   25         1      1977


SUNRISE AND SUNSET
DECEMBER  5 2017......SUNRISE   757 AM EST   SUNSET   515 PM EST
DECEMBER  6 2017......SUNRISE   758 AM EST   SUNSET   515 PM EST


-  INDICATES NEGATIVE NUMBERS.
R  INDICATES RECORD WAS SET OR TIED.
MM INDICATES DATA IS MISSING.
T  INDICATES TRACE AMOUNT.




$$
