000
CDUS43 KIWX 132020
CLISBN


CLIMATE REPORT
NATIONAL WEATHER SERVICE NORTHERN INDIANA
420 PM EDT TUE JUN 13 2017


...................................

...THE SOUTH BEND CLIMATE SUMMARY FOR JUNE 13 2017...
VALID TODAY AS OF 0400 PM LOCAL TIME.

CLIMATE NORMAL PERIOD 1981 TO 2010
CLIMATE RECORD PERIOD 1893 TO 2017


WEATHER ITEM   OBSERVED TIME   RECORD YEAR NORMAL DEPARTURE LAST
                VALUE   (LST)  VALUE       VALUE  FROM      YEAR
                                                  NORMAL
..................................................................
TEMPERATURE (F)
 TODAY
  MAXIMUM         89   1123 AM  96    1988  79     10       86
  MINIMUM         69    248 AM  40    1933  58     11       49
  AVERAGE         79                        69     10       68

PRECIPITATION (IN)
  TODAY            0.25          2.72 1981   0.13   0.12     0.00
  MONTH TO DATE    0.42                      1.71  -1.29     0.16
  SINCE JUN 1      0.42                      1.71  -1.29     0.16
  SINCE JAN 1     19.65                     15.43   4.22    15.27

DEGREE DAYS
 HEATING
  TODAY            0                         1     -1        0
  MONTH TO DATE   13                        30    -17       24
  SINCE JUN 1     13                        30    -17       24
  SINCE JUL 1   5515                      6284   -769     5629

 COOLING
  TODAY           14                         5      9        3
  MONTH TO DATE   77                        50     27       56
  SINCE JUN 1     77                        50     27       56
  SINCE JAN 1    117                       106     11      125
..................................................................


WIND (MPH)
  HIGHEST WIND SPEED    28   HIGHEST WIND DIRECTION    SW (230)
  HIGHEST GUST SPEED    37   HIGHEST GUST DIRECTION    SW (230)
  AVERAGE WIND SPEED     5.3


SKY COVER
  POSSIBLE SUNSHINE  MM
  AVERAGE SKY COVER 0.1


WEATHER CONDITIONS
 THE FOLLOWING WEATHER WAS RECORDED TODAY.
  THUNDERSTORM
  HEAVY RAIN
  LIGHT RAIN
  FOG


RELATIVE HUMIDITY (PERCENT)
 HIGHEST    90           100 PM
 LOWEST     59          1100 AM
 AVERAGE    75

..........................................................


THE SOUTH BEND CLIMATE NORMALS FOR TOMORROW
                         NORMAL    RECORD    YEAR
 MAXIMUM TEMPERATURE (F)   79        96      1988
 MINIMUM TEMPERATURE (F)   59        36      1933


SUNRISE AND SUNSET
JUNE 13 2017..........SUNRISE   610 AM EDT   SUNSET   921 PM EDT
JUNE 14 2017..........SUNRISE   610 AM EDT   SUNSET   921 PM EDT


-  INDICATES NEGATIVE NUMBERS.
R  INDICATES RECORD WAS SET OR TIED.
MM INDICATES DATA IS MISSING.
T  INDICATES TRACE AMOUNT.




$$
