000
CDUS43 KIWX 090522
CLISBN


CLIMATE REPORT
NATIONAL WEATHER SERVICE NORTHERN INDIANA
121 AM EDT SAT SEP 9 2017


...................................

...THE SOUTH BEND CLIMATE SUMMARY FOR SEPTEMBER 8 2017...

CLIMATE NORMAL PERIOD 1981 TO 2010
CLIMATE RECORD PERIOD 1893 TO 2017


WEATHER ITEM   OBSERVED TIME   RECORD YEAR NORMAL DEPARTURE LAST
                VALUE   (LST)  VALUE       VALUE  FROM      YEAR
                                                  NORMAL
..................................................................
TEMPERATURE (F)
 YESTERDAY
  MAXIMUM         68    218 PM  99    1933  77     -9       81
  MINIMUM         52    959 PM  40    1986  57     -5       68
                                      1951
                                      1932
  AVERAGE         60                        67     -7       75

PRECIPITATION (IN)
  YESTERDAY        0.17          1.40 1992   0.12   0.05     0.02
  MONTH TO DATE    1.11                      0.96   0.15     0.02
  SINCE SEP 1      1.11                      0.96   0.15     0.02
  SINCE JAN 1     28.70                     26.23   2.47    34.43

DEGREE DAYS
 HEATING
  YESTERDAY        5                         2      3        0
  MONTH TO DATE   39                        11     28        2
  SINCE SEP 1     39                        11     28        2
  SINCE JUL 1     60                        29     31       10

 COOLING
  YESTERDAY        0                         4     -4       10
  MONTH TO DATE    7                        36    -29       55
  SINCE SEP 1      7                        36    -29       55
  SINCE JAN 1    559                       718   -159      864
..................................................................


WIND (MPH)
  HIGHEST WIND SPEED    12   HIGHEST WIND DIRECTION     N (10)
  HIGHEST GUST SPEED    13   HIGHEST GUST DIRECTION     N (10)
  AVERAGE WIND SPEED     4.2


SKY COVER
  AVERAGE SKY COVER 0.7


WEATHER CONDITIONS
 THE FOLLOWING WEATHER WAS RECORDED YESTERDAY.
  HEAVY RAIN
  RAIN
  LIGHT RAIN
  FOG


RELATIVE HUMIDITY (PERCENT)
 HIGHEST   100           100 AM
 LOWEST     67           100 PM
 AVERAGE    84

..........................................................


THE SOUTH BEND CLIMATE NORMALS FOR TODAY
                         NORMAL    RECORD    YEAR
 MAXIMUM TEMPERATURE (F)   77        97      1897
 MINIMUM TEMPERATURE (F)   57        43      1951
                                             1914


SUNRISE AND SUNSET
SEPTEMBER  9 2017.....SUNRISE   720 AM EDT   SUNSET   805 PM EDT
SEPTEMBER 10 2017.....SUNRISE   721 AM EDT   SUNSET   803 PM EDT


-  INDICATES NEGATIVE NUMBERS.
R  INDICATES RECORD WAS SET OR TIED.
MM INDICATES DATA IS MISSING.
T  INDICATES TRACE AMOUNT.




$$
