000
CDUS43 KIWX 220524
CLISBN


CLIMATE REPORT
NATIONAL WEATHER SERVICE NORTHERN INDIANA
123 AM EDT FRI AUG 22 2014


...................................

...THE SOUTH BEND CLIMATE SUMMARY FOR AUGUST 21 2014...

CLIMATE NORMAL PERIOD 1981 TO 2010
CLIMATE RECORD PERIOD 1893 TO 2014


WEATHER ITEM   OBSERVED TIME   RECORD YEAR NORMAL DEPARTURE LAST
                VALUE   (LST)  VALUE       VALUE  FROM      YEAR
                                                  NORMAL
..................................................................
TEMPERATURE (F)
 YESTERDAY
  MAXIMUM         80    442 PM 100    1916  81     -1       88
  MINIMUM         68    611 AM  43    1950  62      6       66
                                      1940
  AVERAGE         74                        71      3       77

PRECIPITATION (IN)
  YESTERDAY        0.16          3.46 1966   0.11   0.05     0.00
  MONTH TO DATE    1.39                      2.58  -1.19     2.64
  SINCE JUN 1     12.32                     10.37   1.95     9.23
  SINCE JAN 1     27.40                     24.09   3.31    26.53

DEGREE DAYS
 HEATING
  YESTERDAY        0                         0      0        0
  MONTH TO DATE   10                         0     10       15
  SINCE JUN 1     45                        49     -4       66
  SINCE JUL 1     28                         5     23       29

 COOLING
  YESTERDAY        9                         6      3       12
  MONTH TO DATE  142                       148     -6       89
  SINCE JUN 1    498                       566    -68      483
  SINCE JAN 1    583                       622    -39      579
..................................................................


WIND (MPH)
  HIGHEST WIND SPEED    14   HIGHEST WIND DIRECTION    SE (150)
  HIGHEST GUST SPEED    17   HIGHEST GUST DIRECTION    SE (140)
  AVERAGE WIND SPEED     6.2


SKY COVER
  AVERAGE SKY COVER 0.4


WEATHER CONDITIONS
 THE FOLLOWING WEATHER WAS RECORDED YESTERDAY.
  THUNDERSTORM
  RAIN
  LIGHT RAIN
  FOG


RELATIVE HUMIDITY (PERCENT)
 HIGHEST    93          1000 AM
 LOWEST     74           300 PM
 AVERAGE    84

..........................................................


THE SOUTH BEND CLIMATE NORMALS FOR TODAY
                         NORMAL    RECORD    YEAR
 MAXIMUM TEMPERATURE (F)   81       100      1936
 MINIMUM TEMPERATURE (F)   61        45      1923
                                             1907


SUNRISE AND SUNSET
AUGUST 22 2014........SUNRISE   701 AM EDT   SUNSET   835 PM EDT
AUGUST 23 2014........SUNRISE   702 AM EDT   SUNSET   833 PM EDT


-  INDICATES NEGATIVE NUMBERS.
R  INDICATES RECORD WAS SET OR TIED.
MM INDICATES DATA IS MISSING.
T  INDICATES TRACE AMOUNT.




$$
