000
CDUS43 KIWX 120530
CLISBN


CLIMATE REPORT
NATIONAL WEATHER SERVICE NORTHERN INDIANA
127 AM EDT WED JUL 12 2017


...................................

...THE SOUTH BEND CLIMATE SUMMARY FOR JULY 11 2017...

CLIMATE NORMAL PERIOD 1981 TO 2010
CLIMATE RECORD PERIOD 1893 TO 2017


WEATHER ITEM   OBSERVED TIME   RECORD YEAR NORMAL DEPARTURE LAST
                VALUE   (LST)  VALUE       VALUE  FROM      YEAR
                                                  NORMAL
..................................................................
TEMPERATURE (F)
 YESTERDAY
  MAXIMUM         85    401 PM 105    1936  83      2       89
  MINIMUM         70    538 AM  45    1917  63      7       63
  AVERAGE         78                        73      5       76

PRECIPITATION (IN)
  YESTERDAY        T             1.53 2006   0.13  -0.13     0.00
  MONTH TO DATE    1.61                      1.35   0.26     0.47
  SINCE JUN 1      4.03                      5.14  -1.11     3.72
  SINCE JAN 1     23.26                     18.86   4.40    18.83

DEGREE DAYS
 HEATING
  YESTERDAY        0                         0      0        0
  MONTH TO DATE    1                         0      1        8
  SINCE JUN 1     26                        44    -18       43
  SINCE JUL 1      1                         0      1        8

 COOLING
  YESTERDAY       13                         8      5       11
  MONTH TO DATE   77                        88    -11       65
  SINCE JUN 1    250                       253     -3      241
  SINCE JAN 1    290                       309    -19      310
..................................................................


WIND (MPH)
  HIGHEST WIND SPEED    20   HIGHEST WIND DIRECTION     W (250)
  HIGHEST GUST SPEED    23   HIGHEST GUST DIRECTION     W (250)
  AVERAGE WIND SPEED     7.3


SKY COVER
  AVERAGE SKY COVER 0.5


WEATHER CONDITIONS
 THE FOLLOWING WEATHER WAS RECORDED YESTERDAY.
  LIGHT RAIN
  FOG


RELATIVE HUMIDITY (PERCENT)
 HIGHEST   100           200 AM
 LOWEST     74           200 PM
 AVERAGE    87

..........................................................


THE SOUTH BEND CLIMATE NORMALS FOR TODAY
                         NORMAL    RECORD    YEAR
 MAXIMUM TEMPERATURE (F)   83       105      1936
 MINIMUM TEMPERATURE (F)   63        48      1932


SUNRISE AND SUNSET
JULY 12 2017..........SUNRISE   622 AM EDT   SUNSET   920 PM EDT
JULY 13 2017..........SUNRISE   623 AM EDT   SUNSET   919 PM EDT


-  INDICATES NEGATIVE NUMBERS.
R  INDICATES RECORD WAS SET OR TIED.
MM INDICATES DATA IS MISSING.
T  INDICATES TRACE AMOUNT.




$$
