000
CDUS43 KIWX 200526
CLISBN


CLIMATE REPORT
NATIONAL WEATHER SERVICE NORTHERN INDIANA
1226 AM EST TUE JAN 20 2015


...................................

...THE SOUTH BEND CLIMATE SUMMARY FOR JANUARY 19 2015...

CLIMATE NORMAL PERIOD 1981 TO 2010
CLIMATE RECORD PERIOD 1893 TO 2015


WEATHER ITEM   OBSERVED TIME   RECORD YEAR NORMAL DEPARTURE LAST
                VALUE   (LST)  VALUE       VALUE  FROM      YEAR
                                                  NORMAL
..................................................................
TEMPERATURE (F)
 YESTERDAY
  MAXIMUM         42    304 PM  60    1907  31     11       35
  MINIMUM         24    849 AM -21    1994  17      7       12
  AVERAGE         33                        24      9       24

PRECIPITATION (IN)
  YESTERDAY        T             1.00 1933   0.07  -0.07     0.00
  MONTH TO DATE    1.71                      1.51   0.20     2.35
  SINCE DEC 1      3.18                      4.12  -0.94     4.68
  SINCE JAN 1      1.71                      1.51   0.20     2.35

SNOWFALL (IN)
  YESTERDAY        T             5.7  2012   0.7   -0.7      0.0
  MONTH TO DATE   20.4                      12.4    8.0     23.7
  SINCE DEC 1     20.6                      29.7   -9.1     42.2
  SINCE JUL 1     39.9                      34.9    5.0     51.4
  SNOW DEPTH       3

DEGREE DAYS
 HEATING
  YESTERDAY       32                        41     -9       41
  MONTH TO DATE  867                       771     96      788
  SINCE DEC 1   1845                      1893    -48     1985
  SINCE JUL 1   3287                      3162    125     3274

 COOLING
  YESTERDAY        0                         0      0        0
  MONTH TO DATE    0                         0      0        0
  SINCE DEC 1      0                         0      0        0
  SINCE JAN 1      0                         0      0        0
..................................................................


WIND (MPH)
  HIGHEST WIND SPEED     8   HIGHEST WIND DIRECTION     N (350)
  HIGHEST GUST SPEED     9   HIGHEST GUST DIRECTION     W (250)
  AVERAGE WIND SPEED     2.2


SKY COVER
  AVERAGE SKY COVER 0.5


WEATHER CONDITIONS
 THE FOLLOWING WEATHER WAS RECORDED YESTERDAY.
  LIGHT SNOW
  FOG
  FOG W/VISIBILITY <= 1/4 MILE
  HAZE


RELATIVE HUMIDITY (PERCENT)
 HIGHEST    92           300 AM
 LOWEST     57           300 PM
 AVERAGE    75

..........................................................


THE SOUTH BEND CLIMATE NORMALS FOR TODAY
                         NORMAL    RECORD    YEAR
 MAXIMUM TEMPERATURE (F)   31        65      1907
 MINIMUM TEMPERATURE (F)   17       -22      1943


SUNRISE AND SUNSET
JANUARY 20 2015.......SUNRISE   807 AM EST   SUNSET   545 PM EST
JANUARY 21 2015.......SUNRISE   807 AM EST   SUNSET   547 PM EST


-  INDICATES NEGATIVE NUMBERS.
R  INDICATES RECORD WAS SET OR TIED.
MM INDICATES DATA IS MISSING.
T  INDICATES TRACE AMOUNT.




$$
