000
CDUS43 KIWX 220021
CLISBN


CLIMATE REPORT
NATIONAL WEATHER SERVICE NORTHERN INDIANA
721 PM EST MON NOV 21 2016


...................................

...THE SOUTH BEND CLIMATE SUMMARY FOR NOVEMBER 21 2016...
VALID AS OF 0700 PM LOCAL TIME.

CLIMATE NORMAL PERIOD 1981 TO 2010
CLIMATE RECORD PERIOD 1893 TO 2016


WEATHER ITEM   OBSERVED TIME   RECORD YEAR NORMAL DEPARTURE LAST
                VALUE   (LST)  VALUE       VALUE  FROM      YEAR
                                                  NORMAL
..................................................................
TEMPERATURE (F)
 TODAY
  MAXIMUM         MM        MM  70    1913  45     MM       38
  MINIMUM         MM        MM   9    1964  31     MM       28
  AVERAGE         MM                        38     MM       33

PRECIPITATION (IN)
  TODAY            0.00          1.14 2007   0.11  -0.11     0.76
  MONTH TO DATE    1.15                      2.29  -1.14     1.51
  SINCE SEP 1      8.37                      9.14  -0.77     7.04
  SINCE JAN 1     42.78                     34.41   8.37    31.31

SNOWFALL (IN)
  TODAY            0.0           9.4  2008   0.2   -0.2      9.0
  MONTH TO DATE    0.5                       2.5   -2.0      9.0
  SINCE SEP 1      0.5                       2.9   -2.4      9.0
  SINCE JUL 1      0.5                       2.9   -2.4      9.0
  SNOW DEPTH      MM

DEGREE DAYS
 HEATING
  TODAY           MM                        27     MM       32
  MONTH TO DATE  225                       467   -242      352
  SINCE SEP 1    549                       990   -441      786
  SINCE JUL 1    557                      1008   -451      811

 COOLING
  TODAY           MM                         0     MM        0
  MONTH TO DATE    1                         0      1        0
  SINCE SEP 1    141                        91     50      139
  SINCE JAN 1    950                       773    177      784
..................................................................


WIND (MPH)
  RESULTANT WIND SPEED   8   RESULTANT WIND DIRECTION   N (340)
  HIGHEST WIND SPEED    14   HIGHEST WIND DIRECTION    NW (330)
  HIGHEST GUST SPEED    18   HIGHEST GUST DIRECTION    NW (330)
  AVERAGE WIND SPEED     8.5


SKY COVER
  POSSIBLE SUNSHINE  MM
  AVERAGE SKY COVER 0.3


WEATHER CONDITIONS
 THE FOLLOWING WEATHER WAS RECORDED TODAY.
  NO SIGNIFICANT WEATHER WAS OBSERVED.


RELATIVE HUMIDITY (PERCENT)
 HIGHEST    75           600 PM
 LOWEST     51           200 PM
 AVERAGE    63

..........................................................


THE SOUTH BEND CLIMATE NORMALS FOR TOMORROW
                         NORMAL    RECORD    YEAR
 MAXIMUM TEMPERATURE (F)   45        68      1913
 MINIMUM TEMPERATURE (F)   31         3      1929


SUNRISE AND SUNSET
NOVEMBER 21 2016......SUNRISE   742 AM EST   SUNSET   520 PM EST
NOVEMBER 22 2016......SUNRISE   743 AM EST   SUNSET   519 PM EST


-  INDICATES NEGATIVE NUMBERS.
R  INDICATES RECORD WAS SET OR TIED.
MM INDICATES DATA IS MISSING.
T  INDICATES TRACE AMOUNT.




$$
