000
CDUS43 KIWX 270524
CLISBN


CLIMATE REPORT
NATIONAL WEATHER SERVICE NORTHERN INDIANA
1223 AM EST FRI FEB 27 2015


...................................

...THE SOUTH BEND CLIMATE SUMMARY FOR FEBRUARY 26 2015...

CLIMATE NORMAL PERIOD 1981 TO 2010
CLIMATE RECORD PERIOD 1893 TO 2015


WEATHER ITEM   OBSERVED TIME   RECORD YEAR NORMAL DEPARTURE LAST
                VALUE   (LST)  VALUE       VALUE  FROM      YEAR
                                                  NORMAL
..................................................................
TEMPERATURE (F)
 YESTERDAY
  MAXIMUM         18    223 PM  67    1932  39    -21       16
  MINIMUM          1   1152 PM  -6    1963  23    -22        8
  AVERAGE         10                        31    -21       12

PRECIPITATION (IN)
  YESTERDAY        0.07          1.36 1899   0.07   0.00      T
  MONTH TO DATE    1.95                      1.79   0.16     2.81
  SINCE DEC 1      5.34                      6.69  -1.35     8.26
  SINCE JAN 1      3.87                      4.08  -0.21     5.93

SNOWFALL (IN)
  YESTERDAY        0.7           8.7  2002   0.5    0.2      1.5
  MONTH TO DATE   35.9                      14.2   21.7     19.3
  SINCE DEC 1     58.2                      52.1    6.1     84.4
  SINCE JUL 1     77.5                      57.3   20.2     93.6
  SNOW DEPTH      10

DEGREE DAYS
 HEATING
  YESTERDAY       55                        34     21       53
  MONTH TO DATE 1252                       976    276     1184
  SINCE DEC 1   3538                      3355    183     3785
  SINCE JUL 1   4980                      4624    356     5074

 COOLING
  YESTERDAY        0                         0      0        0
  MONTH TO DATE    0                         0      0        0
  SINCE DEC 1      0                         0      0        0
  SINCE JAN 1      0                         0      0        0
..................................................................


WIND (MPH)
  HIGHEST WIND SPEED    21   HIGHEST WIND DIRECTION     N (340)
  HIGHEST GUST SPEED    25   HIGHEST GUST DIRECTION     N (340)
  AVERAGE WIND SPEED     9.4


SKY COVER
  AVERAGE SKY COVER 0.7


WEATHER CONDITIONS
 THE FOLLOWING WEATHER WAS RECORDED YESTERDAY.
  LIGHT SNOW
  HAZE


RELATIVE HUMIDITY (PERCENT)
 HIGHEST    80          1200 AM
 LOWEST     46           400 PM
 AVERAGE    63

..........................................................


THE SOUTH BEND CLIMATE NORMALS FOR TODAY
                         NORMAL    RECORD    YEAR
 MAXIMUM TEMPERATURE (F)   39        69      1976
 MINIMUM TEMPERATURE (F)   23        -5      1897


SUNRISE AND SUNSET
FEBRUARY 27 2015......SUNRISE   724 AM EST   SUNSET   633 PM EST
FEBRUARY 28 2015......SUNRISE   722 AM EST   SUNSET   634 PM EST


-  INDICATES NEGATIVE NUMBERS.
R  INDICATES RECORD WAS SET OR TIED.
MM INDICATES DATA IS MISSING.
T  INDICATES TRACE AMOUNT.




$$
