000
CDUS43 KIWX 130544
CLISBN


CLIMATE REPORT
NATIONAL WEATHER SERVICE NORTHERN INDIANA
1242 AM EST FRI JAN 13 2017


...................................

...THE SOUTH BEND CLIMATE SUMMARY FOR JANUARY 12 2017...

CLIMATE NORMAL PERIOD 1981 TO 2010
CLIMATE RECORD PERIOD 1893 TO 2017


WEATHER ITEM   OBSERVED TIME   RECORD YEAR NORMAL DEPARTURE LAST
                VALUE   (LST)  VALUE       VALUE  FROM      YEAR
                                                  NORMAL
..................................................................
TEMPERATURE (F)
 YESTERDAY
  MAXIMUM         38   1207 AM  62    2005  31      7       25
  MINIMUM         23   1048 PM -19    1918  17      6        6
  AVERAGE         31                        24      7       16

PRECIPITATION (IN)
  YESTERDAY        0.15          2.81 1960   0.08   0.07     0.08
  MONTH TO DATE    1.82                      0.99   0.83     1.03
  SINCE DEC 1      3.81                      3.60   0.21     5.15
  SINCE JAN 1      1.82                      0.99   0.83     1.03

SNOWFALL (IN)
  YESTERDAY        T             5.4  2016   0.7   -0.7      5.4
  MONTH TO DATE    3.8                       7.7   -3.9     13.0
  SINCE DEC 1     27.5                      25.0    2.5     14.4
  SINCE JUL 1     28.0                      30.2   -2.2     23.5
  SNOW DEPTH       0

DEGREE DAYS
 HEATING
  YESTERDAY       34                        41     -7       49
  MONTH TO DATE  487                       484      3      476
  SINCE DEC 1   1708                      1606    102     1262
  SINCE JUL 1   2609                      2875   -266     2329

 COOLING
  YESTERDAY        0                         0      0        0
  MONTH TO DATE    0                         0      0        0
  SINCE DEC 1      0                         0      0        0
  SINCE JAN 1      0                         0      0        0
..................................................................


WIND (MPH)
  HIGHEST WIND SPEED    20   HIGHEST WIND DIRECTION    NW (300)
  HIGHEST GUST SPEED    25   HIGHEST GUST DIRECTION    NW (330)
  AVERAGE WIND SPEED    10.7


SKY COVER
  AVERAGE SKY COVER 0.9


WEATHER CONDITIONS
 THE FOLLOWING WEATHER WAS RECORDED YESTERDAY.
  THUNDERSTORM
  FREEZING RAIN
  LT FREEZING RAIN
  LIGHT SNOW
  FOG


RELATIVE HUMIDITY (PERCENT)
 HIGHEST   100           100 AM
 LOWEST     81           900 PM
 AVERAGE    91

..........................................................


THE SOUTH BEND CLIMATE NORMALS FOR TODAY
                         NORMAL    RECORD    YEAR
 MAXIMUM TEMPERATURE (F)   31        62      1950
 MINIMUM TEMPERATURE (F)   17        -8      1912


SUNRISE AND SUNSET
JANUARY 13 2017.......SUNRISE   811 AM EST   SUNSET   538 PM EST
JANUARY 14 2017.......SUNRISE   810 AM EST   SUNSET   539 PM EST


-  INDICATES NEGATIVE NUMBERS.
R  INDICATES RECORD WAS SET OR TIED.
MM INDICATES DATA IS MISSING.
T  INDICATES TRACE AMOUNT.




$$
