000
CDUS43 KIWX 130524
CLISBN


CLIMATE REPORT
NATIONAL WEATHER SERVICE NORTHERN INDIANA
1223 AM EST MON FEB 13 2017


...................................

...THE SOUTH BEND CLIMATE SUMMARY FOR FEBRUARY 12 2017...

CLIMATE NORMAL PERIOD 1981 TO 2010
CLIMATE RECORD PERIOD 1893 TO 2017


WEATHER ITEM   OBSERVED TIME   RECORD YEAR NORMAL DEPARTURE LAST
                VALUE   (LST)  VALUE       VALUE  FROM      YEAR
                                                  NORMAL
..................................................................
TEMPERATURE (F)
 YESTERDAY
  MAXIMUM         46   1252 PM  59    1984  34     12       20
  MINIMUM         33   1159 PM -14    1899  20     13        2
  AVERAGE         40                        27     13       11

PRECIPITATION (IN)
  YESTERDAY        0.03          0.84 1918   0.07  -0.04     0.02
  MONTH TO DATE    1.46                      0.77   0.69     0.81
  SINCE DEC 1      6.79                      5.67   1.12     6.53
  SINCE JAN 1      4.80                      3.06   1.74     2.41

SNOWFALL (IN)
  YESTERDAY        0.0           8.0  1894   0.5   -0.5      1.6
  MONTH TO DATE    0.3                       7.2   -6.9     13.2
  SINCE DEC 1     33.1                      45.1  -12.0     33.3
  SINCE JUL 1     33.6                      50.3  -16.7     42.4
  SNOW DEPTH       0

DEGREE DAYS
 HEATING
  YESTERDAY       25                        38    -13       54
  MONTH TO DATE  414                       471    -57      464
  SINCE DEC 1   2721                      2850   -129     2490
  SINCE JUL 1   3622                      4119   -497     3557

 COOLING
  YESTERDAY        0                         0      0        0
  MONTH TO DATE    0                         0      0        0
  SINCE DEC 1      0                         0      0        0
  SINCE JAN 1      0                         0      0        0
..................................................................


WIND (MPH)
  HIGHEST WIND SPEED    36   HIGHEST WIND DIRECTION    NW (310)
  HIGHEST GUST SPEED    47   HIGHEST GUST DIRECTION    NW (300)
  AVERAGE WIND SPEED    15.8


SKY COVER
  AVERAGE SKY COVER 0.5


WEATHER CONDITIONS
 THE FOLLOWING WEATHER WAS RECORDED YESTERDAY.
  LIGHT RAIN
  FOG


RELATIVE HUMIDITY (PERCENT)
 HIGHEST   100           600 AM
 LOWEST     34           500 PM
 AVERAGE    67

..........................................................


THE SOUTH BEND CLIMATE NORMALS FOR TODAY
                         NORMAL    RECORD    YEAR
 MAXIMUM TEMPERATURE (F)   34        65      1938
 MINIMUM TEMPERATURE (F)   20       -16      1905


SUNRISE AND SUNSET
FEBRUARY 13 2017......SUNRISE   743 AM EST   SUNSET   616 PM EST
FEBRUARY 14 2017......SUNRISE   742 AM EST   SUNSET   618 PM EST


-  INDICATES NEGATIVE NUMBERS.
R  INDICATES RECORD WAS SET OR TIED.
MM INDICATES DATA IS MISSING.
T  INDICATES TRACE AMOUNT.




$$
