197
CDUS43 KIWX 030526
CLISBN


CLIMATE REPORT
NATIONAL WEATHER SERVICE NORTHERN INDIANA
1225 AM EST WED FEB 3 2016


...................................

...THE SOUTH BEND CLIMATE SUMMARY FOR FEBRUARY 2 2016...

CLIMATE NORMAL PERIOD 1981 TO 2010
CLIMATE RECORD PERIOD 1893 TO 2016


WEATHER ITEM   OBSERVED TIME   RECORD YEAR NORMAL DEPARTURE LAST
                VALUE   (LST)  VALUE       VALUE  FROM      YEAR
                                                  NORMAL
..................................................................
TEMPERATURE (F)
 YESTERDAY
  MAXIMUM         49   1042 PM  50    1920  32     17       21
  MINIMUM         23    105 AM -17    1951  18      5        9
  AVERAGE         36                        25     11       15

PRECIPITATION (IN)
  YESTERDAY        0.44          0.70 1908   0.06   0.38     0.04
  MONTH TO DATE    0.44                      0.12   0.32     1.11
  SINCE DEC 1      6.16                      5.02   1.14     4.50
  SINCE JAN 1      2.04                      2.41  -0.37     3.03

SNOWFALL (IN)
  YESTERDAY        0.0           8.0  1908   0.6   -0.6      1.0
  MONTH TO DATE    0.0                       1.3   -1.3     15.7
  SINCE DEC 1     20.1                      39.2  -19.1     38.0
  SINCE JUL 1     29.2                      44.4  -15.2     57.3
  SNOW DEPTH       0

DEGREE DAYS
 HEATING
  YESTERDAY       29                        40    -11       50
  MONTH TO DATE   60                        80    -20       90
  SINCE DEC 1   2086                      2459   -373     2376
  SINCE JUL 1   3153                      3728   -575     3818

 COOLING
  YESTERDAY        0                         0      0        0
  MONTH TO DATE    0                         0      0        0
  SINCE DEC 1      0                         0      0        0
  SINCE JAN 1      0                         0      0        0
..................................................................


WIND (MPH)
  HIGHEST WIND SPEED    31   HIGHEST WIND DIRECTION    SE (120)
  HIGHEST GUST SPEED    43   HIGHEST GUST DIRECTION     E (110)
  AVERAGE WIND SPEED     8.9


SKY COVER
  AVERAGE SKY COVER 0.7


WEATHER CONDITIONS
 THE FOLLOWING WEATHER WAS RECORDED YESTERDAY.
  THUNDERSTORM
  RAIN
  LIGHT RAIN
  FOG


RELATIVE HUMIDITY (PERCENT)
 HIGHEST    96           900 PM
 LOWEST     70          1200 PM
 AVERAGE    83

..........................................................


THE SOUTH BEND CLIMATE NORMALS FOR TODAY
                         NORMAL    RECORD    YEAR
 MAXIMUM TEMPERATURE (F)   32        52      1991
                                             1931
 MINIMUM TEMPERATURE (F)   18       -13      1996


SUNRISE AND SUNSET
FEBRUARY  3 2016......SUNRISE   756 AM EST   SUNSET   603 PM EST
FEBRUARY  4 2016......SUNRISE   755 AM EST   SUNSET   604 PM EST


-  INDICATES NEGATIVE NUMBERS.
R  INDICATES RECORD WAS SET OR TIED.
MM INDICATES DATA IS MISSING.
T  INDICATES TRACE AMOUNT.




$$
