390
CDUS43 KIWX 180535
CLISBN


CLIMATE REPORT
NATIONAL WEATHER SERVICE NORTHERN INDIANA
128 AM EDT MON JUL 18 2016


...................................

...THE SOUTH BEND CLIMATE SUMMARY FOR JULY 17 2016...

CLIMATE NORMAL PERIOD 1981 TO 2010
CLIMATE RECORD PERIOD 1893 TO 2016


WEATHER ITEM   OBSERVED TIME   RECORD YEAR NORMAL DEPARTURE LAST
                VALUE   (LST)  VALUE       VALUE  FROM      YEAR
                                                  NORMAL
..................................................................
TEMPERATURE (F)
 YESTERDAY
  MAXIMUM         83    529 PM 100    1901  83      0       90
  MINIMUM         54    159 AM  46    1896  63     -9       68
  AVERAGE         69                        73     -4       79

PRECIPITATION (IN)
  YESTERDAY        0.03          1.85 2015   0.13  -0.10     1.85
  MONTH TO DATE    0.84                      2.14  -1.30     4.26
  SINCE JUN 1      4.09                      5.93  -1.84     8.33
  SINCE JAN 1     19.20                     19.65  -0.45    21.42

SNOWFALL (IN)
  YESTERDAY        0.0           0.0  2002   0.0    0.0      0.0
                                      2001
  MONTH TO DATE    0.0                       0.0    0.0      0.0
  SINCE JUN 1      0.0                       0.0    0.0      0.0
  SINCE JUL 1      0.0                       0.0    0.0      0.0
  SNOW DEPTH       0

DEGREE DAYS
 HEATING
  YESTERDAY        0                         0      0        0
  MONTH TO DATE    8                         0      8       10
  SINCE JUN 1     43                        44     -1       29
  SINCE JUL 1      8                         0      8       10

 COOLING
  YESTERDAY        4                         8     -4       14
  MONTH TO DATE  114                       136    -22       74
  SINCE JUN 1    290                       301    -11      231
  SINCE JAN 1    359                       357      2      317
..................................................................


WIND (MPH)
  HIGHEST WIND SPEED    24   HIGHEST WIND DIRECTION    SW (220)
  HIGHEST GUST SPEED    30   HIGHEST GUST DIRECTION    SW (230)
  AVERAGE WIND SPEED    10.3


SKY COVER
  AVERAGE SKY COVER 0.0


WEATHER CONDITIONS
 THE FOLLOWING WEATHER WAS RECORDED YESTERDAY.
  THUNDERSTORM
  LIGHT RAIN


RELATIVE HUMIDITY (PERCENT)
 HIGHEST    93           200 AM
 LOWEST     58           400 PM
 AVERAGE    76

..........................................................


THE SOUTH BEND CLIMATE NORMALS FOR TODAY
                         NORMAL    RECORD    YEAR
 MAXIMUM TEMPERATURE (F)   83       100      1930
 MINIMUM TEMPERATURE (F)   63        49      1937
                                             1925


SUNRISE AND SUNSET
JULY 18 2016..........SUNRISE   627 AM EDT   SUNSET   916 PM EDT
JULY 19 2016..........SUNRISE   628 AM EDT   SUNSET   915 PM EDT


-  INDICATES NEGATIVE NUMBERS.
R  INDICATES RECORD WAS SET OR TIED.
MM INDICATES DATA IS MISSING.
T  INDICATES TRACE AMOUNT.




$$
