000
CDUS43 KIWX 080600
CLISBN


CLIMATE REPORT
NATIONAL WEATHER SERVICE NORTHERN INDIANA
100 AM EST THU FEB 8 2018


...................................

...THE SOUTH BEND CLIMATE SUMMARY FOR FEBRUARY 7 2018...

CLIMATE NORMAL PERIOD 1981 TO 2010
CLIMATE RECORD PERIOD 1893 TO 2018


WEATHER ITEM   OBSERVED TIME   RECORD YEAR NORMAL DEPARTURE LAST
                VALUE   (LST)  VALUE       VALUE  FROM      YEAR
                                                  NORMAL
..................................................................
TEMPERATURE (F)
 YESTERDAY
  MAXIMUM         22    114 PM  63    1925  33    -11       57
  MINIMUM         11    950 PM -14    1978  19     -8       36
  AVERAGE         17                        26     -9       47

PRECIPITATION (IN)
  YESTERDAY        0.18          1.42 2017   0.06   0.12     1.42
  MONTH TO DATE    0.63                      0.43   0.20     1.43
  SINCE DEC 1      3.92                      5.33  -1.41     6.76
  SINCE JAN 1      2.56                      2.72  -0.16     4.77

SNOWFALL (IN)
  YESTERDAY       MM            10.0  1914   0.6   MM        0.0
  MONTH TO DATE   11.1                       4.4    6.7      0.2
  SINCE DEC 1     65.5                      42.3   23.2     33.0
  SINCE JUL 1     65.5                      47.5   18.0     33.5
  SNOW DEPTH       0

DEGREE DAYS
 HEATING
  YESTERDAY       48                        39      9       18
  MONTH TO DATE  338                       278     60      247
  SINCE DEC 1   2830                      2657    173     2554
  SINCE JUL 1   4013                      3926     87     3455

 COOLING
  YESTERDAY        0                         0      0        0
  MONTH TO DATE    0                         0      0        0
  SINCE DEC 1      0                         0      0        0
  SINCE JAN 1      0                         0      0        0
..................................................................


WIND (MPH)
  HIGHEST WIND SPEED    21   HIGHEST WIND DIRECTION     W (290)
  HIGHEST GUST SPEED    25   HIGHEST GUST DIRECTION     W (280)
  AVERAGE WIND SPEED     7.3


SKY COVER
  AVERAGE SKY COVER 1.0


WEATHER CONDITIONS
 THE FOLLOWING WEATHER WAS RECORDED YESTERDAY.
  LIGHT SNOW
  FOG
  HAZE


RELATIVE HUMIDITY (PERCENT)
 HIGHEST    92           100 AM
 LOWEST     74           800 PM
 AVERAGE    83

..........................................................


THE SOUTH BEND CLIMATE NORMALS FOR TODAY
                         NORMAL    RECORD    YEAR
 MAXIMUM TEMPERATURE (F)   33        66      1925
 MINIMUM TEMPERATURE (F)   19       -14      1895


SUNRISE AND SUNSET
FEBRUARY  8 2018......SUNRISE   750 AM EST   SUNSET   610 PM EST
FEBRUARY  9 2018......SUNRISE   748 AM EST   SUNSET   611 PM EST


-  INDICATES NEGATIVE NUMBERS.
R  INDICATES RECORD WAS SET OR TIED.
MM INDICATES DATA IS MISSING.
T  INDICATES TRACE AMOUNT.




$$
