593
CDUS43 KIWX 100522
CLISBN


CLIMATE REPORT
NATIONAL WEATHER SERVICE NORTHERN INDIANA
122 AM EDT SUN MAY 10 2015


...................................

...THE SOUTH BEND CLIMATE SUMMARY FOR MAY 9 2015...

CLIMATE NORMAL PERIOD 1981 TO 2010
CLIMATE RECORD PERIOD 1893 TO 2015


WEATHER ITEM   OBSERVED TIME   RECORD YEAR NORMAL DEPARTURE LAST
                VALUE   (LST)  VALUE       VALUE  FROM      YEAR
                                                  NORMAL
..................................................................
TEMPERATURE (F)
 YESTERDAY
  MAXIMUM         69   1129 AM  92    1895  68      1       77
  MINIMUM         52    832 PM  27    1947  46      6       54
  AVERAGE         61                        57      4       66

PRECIPITATION (IN)
  YESTERDAY        0.35          2.27 1996   0.12   0.23     0.56
  MONTH TO DATE    1.94                      1.05   0.89     0.75
  SINCE MAR 1      5.12                      6.70  -1.58     4.79
  SINCE JAN 1      9.02                     10.94  -1.92    10.73

SNOWFALL (IN)
  YESTERDAY        0.0           T    1996   0.0    0.0      0.0
  MONTH TO DATE    0.0                       0.0    0.0      0.0
  SINCE MAR 1      6.1                       8.5   -2.4     12.9
  SINCE JUL 1     83.9                      66.6   17.3    106.9
  SNOW DEPTH       0

DEGREE DAYS
 HEATING
  YESTERDAY        4                         9     -5        0
  MONTH TO DATE   24                        89    -65       86
  SINCE MAR 1   1399                      1431    -32     1631
  SINCE JUL 1   6496                      6120    376     6814

 COOLING
  YESTERDAY        0                         1     -1        1
  MONTH TO DATE   26                         7     19       12
  SINCE MAR 1     28                        17     11       14
  SINCE JAN 1     28                        17     11       14
..................................................................


WIND (MPH)
  HIGHEST WIND SPEED    13   HIGHEST WIND DIRECTION    NW (310)
  HIGHEST GUST SPEED    14   HIGHEST GUST DIRECTION    NW (310)
  AVERAGE WIND SPEED     5.2


SKY COVER
  AVERAGE SKY COVER 1.0


WEATHER CONDITIONS
 THE FOLLOWING WEATHER WAS RECORDED YESTERDAY.
  HEAVY RAIN
  RAIN
  LIGHT RAIN
  FOG


RELATIVE HUMIDITY (PERCENT)
 HIGHEST   100           600 AM
 LOWEST     80           400 PM
 AVERAGE    90

..........................................................


THE SOUTH BEND CLIMATE NORMALS FOR TODAY
                         NORMAL    RECORD    YEAR
 MAXIMUM TEMPERATURE (F)   68        90      1895
 MINIMUM TEMPERATURE (F)   47        25      1947


SUNRISE AND SUNSET
MAY 10 2015...........SUNRISE   631 AM EDT   SUNSET   853 PM EDT
MAY 11 2015...........SUNRISE   630 AM EDT   SUNSET   854 PM EDT


-  INDICATES NEGATIVE NUMBERS.
R  INDICATES RECORD WAS SET OR TIED.
MM INDICATES DATA IS MISSING.
T  INDICATES TRACE AMOUNT.




$$
