000
CDUS43 KIWX 240523
CLISBN


CLIMATE REPORT
NATIONAL WEATHER SERVICE NORTHERN INDIANA
122 AM EDT SUN APR 24 2016


...................................

...THE SOUTH BEND CLIMATE SUMMARY FOR APRIL 23 2016...

CLIMATE NORMAL PERIOD 1981 TO 2010
CLIMATE RECORD PERIOD 1893 TO 2016


WEATHER ITEM   OBSERVED TIME   RECORD YEAR NORMAL DEPARTURE LAST
                VALUE   (LST)  VALUE       VALUE  FROM      YEAR
                                                  NORMAL
..................................................................
TEMPERATURE (F)
 YESTERDAY
  MAXIMUM         63    536 PM  86    1960  63      0       49
                                      1925
  MINIMUM         38    257 AM  20    1936  41     -3       28
  AVERAGE         51                        52     -1       39

PRECIPITATION (IN)
  YESTERDAY        0.00          1.07 1966   0.11  -0.11     0.00
  MONTH TO DATE    3.45                      2.44   1.01     2.07
  SINCE MAR 1      7.62                      4.86   2.76     2.85
  SINCE JAN 1     11.40                      9.10   2.30     6.75

SNOWFALL (IN)
  YESTERDAY        0.0           2.9  1967   0.0    0.0      0.0
  MONTH TO DATE    4.1                       1.3    2.8       T
  SINCE MAR 1     10.9                       8.4    2.5      6.1
  SINCE JUL 1     70.2                      66.5    3.7     83.9
  SNOW DEPTH       0

DEGREE DAYS
 HEATING
  YESTERDAY       14                        14      0       26
  MONTH TO DATE  438                       403     35      302
  SINCE MAR 1   1128                      1258   -130     1244
  SINCE JUL 1   5258                      5947   -689     6341

 COOLING
  YESTERDAY        0                         0      0        0
  MONTH TO DATE    0                         0      0        2
  SINCE MAR 1      0                         1     -1        2
  SINCE JAN 1      0                         1     -1        2
..................................................................


WIND (MPH)
  HIGHEST WIND SPEED    13   HIGHEST WIND DIRECTION     E (100)
  HIGHEST GUST SPEED    16   HIGHEST GUST DIRECTION     E (100)
  AVERAGE WIND SPEED     5.8


SKY COVER
  AVERAGE SKY COVER 0.3


WEATHER CONDITIONS
 THE FOLLOWING WEATHER WAS RECORDED YESTERDAY.
  NO SIGNIFICANT WEATHER WAS OBSERVED.


RELATIVE HUMIDITY (PERCENT)
 HIGHEST   100           300 AM
 LOWEST     32           500 PM
 AVERAGE    66

..........................................................


THE SOUTH BEND CLIMATE NORMALS FOR TODAY
                         NORMAL    RECORD    YEAR
 MAXIMUM TEMPERATURE (F)   63        85      2009
                                             1994
                                             1990
 MINIMUM TEMPERATURE (F)   42        25      1930


SUNRISE AND SUNSET
APRIL 24 2016.........SUNRISE   651 AM EDT   SUNSET   836 PM EDT
APRIL 25 2016.........SUNRISE   649 AM EDT   SUNSET   837 PM EDT


-  INDICATES NEGATIVE NUMBERS.
R  INDICATES RECORD WAS SET OR TIED.
MM INDICATES DATA IS MISSING.
T  INDICATES TRACE AMOUNT.




$$
