000
CDUS43 KIWX 250020
CLISBN


CLIMATE REPORT
NATIONAL WEATHER SERVICE NORTHERN INDIANA
820 PM EDT WED SEP 24 2014


...................................

...THE SOUTH BEND CLIMATE SUMMARY FOR SEPTEMBER 24 2014...
VALID AS OF 0800 PM LOCAL TIME.

CLIMATE NORMAL PERIOD 1981 TO 2010
CLIMATE RECORD PERIOD 1893 TO 2014


WEATHER ITEM   OBSERVED TIME   RECORD YEAR NORMAL DEPARTURE LAST
                VALUE   (LST)  VALUE       VALUE  FROM      YEAR
                                                  NORMAL
..................................................................
TEMPERATURE (F)
 TODAY
  MAXIMUM         76    351 PM  94    1922  71      5       70
  MINIMUM         48    532 AM  30    1928  50     -2       46
  AVERAGE         62                        60      2       58

PRECIPITATION (IN)
  TODAY            0.00          1.77 1945   0.13  -0.13     0.00
  MONTH TO DATE    2.71                      2.85  -0.14     3.89
  SINCE SEP 1      2.71                      2.85  -0.14     3.89
  SINCE JAN 1     30.92                     28.12   2.80    30.81

DEGREE DAYS
 HEATING
  TODAY            3                         6     -3        7
  MONTH TO DATE  111                        72     39       71
  SINCE SEP 1    111                        72     39       71
  SINCE JUL 1    139                        90     49      100

 COOLING
  TODAY            0                         1     -1        0
  MONTH TO DATE   68                        74     -6      116
  SINCE SEP 1     68                        74     -6      116
  SINCE JAN 1    761                       756      5      796
..................................................................


WIND (MPH)
  RESULTANT WIND SPEED   4   RESULTANT WIND DIRECTION  SE (130)
  HIGHEST WIND SPEED    14   HIGHEST WIND DIRECTION    SE (140)
  HIGHEST GUST SPEED    17   HIGHEST GUST DIRECTION    SE (150)
  AVERAGE WIND SPEED     4.8


SKY COVER
  POSSIBLE SUNSHINE  MM
  AVERAGE SKY COVER 0.0


WEATHER CONDITIONS
 THE FOLLOWING WEATHER WAS RECORDED TODAY.
  NO SIGNIFICANT WEATHER WAS OBSERVED.


RELATIVE HUMIDITY (PERCENT)
 HIGHEST    89          1200 AM
 LOWEST     31           400 PM
 AVERAGE    60

..........................................................


THE SOUTH BEND CLIMATE NORMALS FOR TOMORROW
                         NORMAL    RECORD    YEAR
 MAXIMUM TEMPERATURE (F)   70        95      1908
 MINIMUM TEMPERATURE (F)   50        30      1942


SUNRISE AND SUNSET
SEPTEMBER 24 2014.....SUNRISE   735 AM EDT   SUNSET   739 PM EDT
SEPTEMBER 25 2014.....SUNRISE   736 AM EDT   SUNSET   737 PM EDT


-  INDICATES NEGATIVE NUMBERS.
R  INDICATES RECORD WAS SET OR TIED.
MM INDICATES DATA IS MISSING.
T  INDICATES TRACE AMOUNT.




$$
