000
CDUS43 KIWX 070023
CLISBN


CLIMATE REPORT
NATIONAL WEATHER SERVICE NORTHERN INDIANA
722 PM EST TUE FEB 6 2018


...................................

...THE SOUTH BEND CLIMATE SUMMARY FOR FEBRUARY 6 2018...
VALID AS OF 0700 PM LOCAL TIME.

CLIMATE NORMAL PERIOD 1981 TO 2010
CLIMATE RECORD PERIOD 1893 TO 2018


WEATHER ITEM   OBSERVED TIME   RECORD YEAR NORMAL DEPARTURE LAST
                VALUE   (LST)  VALUE       VALUE  FROM      YEAR
                                                  NORMAL
..................................................................
TEMPERATURE (F)
 TODAY
  MAXIMUM         21    249 PM  56    1938  33    -12       54
  MINIMUM          5    233 AM -11    1978  19    -14       19
  AVERAGE         13                        26    -13       37

PRECIPITATION (IN)
  TODAY            0.01          0.85 1943   0.06  -0.05      T
  MONTH TO DATE    0.45                      0.37   0.08     0.01
  SINCE DEC 1      3.74                      5.27  -1.53     5.34
  SINCE JAN 1      2.38                      2.66  -0.28     3.35

SNOWFALL (IN)
  TODAY            1.1           6.0  1911   0.6    0.5      0.0
  MONTH TO DATE   11.1                       3.8    7.3      0.2
  SINCE DEC 1     65.5                      41.7   23.8     33.0
  SINCE JUL 1     65.5                      46.9   18.6     33.5
  SNOW DEPTH       5

DEGREE DAYS
 HEATING
  TODAY           52                        39     13       28
  MONTH TO DATE  290                       239     51      229
  SINCE DEC 1   2782                      2618    164     2536
  SINCE JUL 1   3965                      3887     78     3437

 COOLING
  TODAY            0                         0      0        0
  MONTH TO DATE    0                         0      0        0
  SINCE DEC 1      0                         0      0        0
  SINCE JAN 1      0                         0      0        0
..................................................................


WIND (MPH)
  RESULTANT WIND SPEED   6   RESULTANT WIND DIRECTION  SW (240)
  HIGHEST WIND SPEED    12   HIGHEST WIND DIRECTION     W (260)
  HIGHEST GUST SPEED    16   HIGHEST GUST DIRECTION    SW (210)
  AVERAGE WIND SPEED     6.1


SKY COVER
  POSSIBLE SUNSHINE  MM
  AVERAGE SKY COVER 0.7


WEATHER CONDITIONS
 THE FOLLOWING WEATHER WAS RECORDED TODAY.
  LIGHT SNOW
  FOG
  HAZE


RELATIVE HUMIDITY (PERCENT)
 HIGHEST    92           500 AM
 LOWEST     73           300 PM
 AVERAGE    83

..........................................................


THE SOUTH BEND CLIMATE NORMALS FOR TOMORROW
                         NORMAL    RECORD    YEAR
 MAXIMUM TEMPERATURE (F)   33        63      1925
 MINIMUM TEMPERATURE (F)   19       -14      1978


SUNRISE AND SUNSET
FEBRUARY  6 2018......SUNRISE   752 AM EST   SUNSET   607 PM EST
FEBRUARY  7 2018......SUNRISE   751 AM EST   SUNSET   609 PM EST


-  INDICATES NEGATIVE NUMBERS.
R  INDICATES RECORD WAS SET OR TIED.
MM INDICATES DATA IS MISSING.
T  INDICATES TRACE AMOUNT.




$$
