000
CDUS43 KIWX 010529
CLISBN


CLIMATE REPORT
NATIONAL WEATHER SERVICE NORTHERN INDIANA
1228 AM EST MON FEB 1 2016


...................................

...THE SOUTH BEND CLIMATE SUMMARY FOR JANUARY 31 2016...

CLIMATE NORMAL PERIOD 1981 TO 2010
CLIMATE RECORD PERIOD 1893 TO 2016


WEATHER ITEM   OBSERVED TIME   RECORD YEAR NORMAL DEPARTURE LAST
                VALUE   (LST)  VALUE       VALUE  FROM      YEAR
                                                  NORMAL
..................................................................
TEMPERATURE (F)
 YESTERDAY
  MAXIMUM         52    254 PM  64    1989  32     20       38
  MINIMUM         36    355 AM -11    1936  18     18       15
  AVERAGE         44                        25     19       27

PRECIPITATION (IN)
  YESTERDAY        0.07          0.94 2002   0.06   0.01     0.05
  MONTH TO DATE    1.60                      2.29  -0.69     1.92
  SINCE DEC 1      5.72                      4.90   0.82     3.39
  SINCE JAN 1      1.60                      2.29  -0.69     1.92

SNOWFALL (IN)
  YESTERDAY        0.0           4.4  1982   0.7   -0.7      0.5
  MONTH TO DATE   18.7                      20.6   -1.9     22.1
  SINCE DEC 1     20.1                      37.9  -17.8     22.3
  SINCE JUL 1     29.2                      43.1  -13.9     41.6
  SNOW DEPTH       0

DEGREE DAYS
 HEATING
  YESTERDAY       21                        40    -19       38
  MONTH TO DATE 1240                      1260    -20     1308
  SINCE DEC 1   2026                      2379   -353     2286
  SINCE JUL 1   3093                      3648   -555     3728

 COOLING
  YESTERDAY        0                         0      0        0
  MONTH TO DATE    0                         0      0        0
  SINCE DEC 1      0                         0      0        0
  SINCE JAN 1      0                         0      0        0
..................................................................


WIND (MPH)
  HIGHEST WIND SPEED    22   HIGHEST WIND DIRECTION     W (290)
  HIGHEST GUST SPEED    30   HIGHEST GUST DIRECTION     W (290)
  AVERAGE WIND SPEED    10.7


SKY COVER
  AVERAGE SKY COVER 0.9


WEATHER CONDITIONS
 THE FOLLOWING WEATHER WAS RECORDED YESTERDAY.
  LIGHT RAIN
  FOG


RELATIVE HUMIDITY (PERCENT)
 HIGHEST   100           400 AM
 LOWEST     85          1200 AM
 AVERAGE    93

..........................................................


THE SOUTH BEND CLIMATE NORMALS FOR TODAY
                         NORMAL    RECORD    YEAR
 MAXIMUM TEMPERATURE (F)   32        55      1968
 MINIMUM TEMPERATURE (F)   18       -12      1936


SUNRISE AND SUNSET
FEBRUARY  1 2016......SUNRISE   758 AM EST   SUNSET   600 PM EST
FEBRUARY  2 2016......SUNRISE   757 AM EST   SUNSET   601 PM EST


-  INDICATES NEGATIVE NUMBERS.
R  INDICATES RECORD WAS SET OR TIED.
MM INDICATES DATA IS MISSING.
T  INDICATES TRACE AMOUNT.




$$
