000
CDUS43 KIWX 190523
CLISBN


CLIMATE REPORT
NATIONAL WEATHER SERVICE NORTHERN INDIANA
1222 AM EST SUN NOV 19 2017


...................................

...THE SOUTH BEND CLIMATE SUMMARY FOR NOVEMBER 18 2017...

CLIMATE NORMAL PERIOD 1981 TO 2010
CLIMATE RECORD PERIOD 1893 TO 2017


WEATHER ITEM   OBSERVED TIME   RECORD YEAR NORMAL DEPARTURE LAST
                VALUE   (LST)  VALUE       VALUE  FROM      YEAR
                                                  NORMAL
..................................................................
TEMPERATURE (F)
 YESTERDAY
  MAXIMUM         45   1058 AM  73    1930  47     -2       71
  MINIMUM         38   1159 PM   8    2008  33      5       44
                                      1959
  AVERAGE         42                        40      2       58

PRECIPITATION (IN)
  YESTERDAY        1.03          1.47 2003   0.11   0.92     0.36
  MONTH TO DATE    3.26                      1.96   1.30     1.03
  SINCE SEP 1     14.43                      8.81   5.62     8.25
  SINCE JAN 1     42.02                     34.08   7.94    42.66

SNOWFALL (IN)
  YESTERDAY        0.0           4.0  1989   0.1   -0.1      0.0
  MONTH TO DATE    T                         1.9   -1.9      0.0
  SINCE SEP 1      T                         2.3   -2.3      0.0
  SINCE JUL 1      T                         2.3   -2.3      0.0
  SNOW DEPTH       0

DEGREE DAYS
 HEATING
  YESTERDAY       23                        25     -2        7
  MONTH TO DATE  459                       388     71      260
  SINCE SEP 1    846                       911    -65      584
  SINCE JUL 1    867                       929    -62      592

 COOLING
  YESTERDAY        0                         0      0        0
  MONTH TO DATE    0                         0      0        1
  SINCE SEP 1    140                        91     49      141
  SINCE JAN 1    692                       773    -81      950
..................................................................


WIND (MPH)
  HIGHEST WIND SPEED    30   HIGHEST WIND DIRECTION     N (360)
  HIGHEST GUST SPEED    38   HIGHEST GUST DIRECTION     N (360)
  AVERAGE WIND SPEED    12.8


SKY COVER
  AVERAGE SKY COVER 1.0


WEATHER CONDITIONS
 THE FOLLOWING WEATHER WAS RECORDED YESTERDAY.
  THUNDERSTORM
  HEAVY RAIN
  RAIN
  LIGHT RAIN
  FOG


RELATIVE HUMIDITY (PERCENT)
 HIGHEST   100          1200 AM
 LOWEST     79          1100 PM
 AVERAGE    90

..........................................................


THE SOUTH BEND CLIMATE NORMALS FOR TODAY
                         NORMAL    RECORD    YEAR
 MAXIMUM TEMPERATURE (F)   46        76      1930
 MINIMUM TEMPERATURE (F)   32        12      1903


SUNRISE AND SUNSET
NOVEMBER 19 2017......SUNRISE   740 AM EST   SUNSET   522 PM EST
NOVEMBER 20 2017......SUNRISE   741 AM EST   SUNSET   521 PM EST


-  INDICATES NEGATIVE NUMBERS.
R  INDICATES RECORD WAS SET OR TIED.
MM INDICATES DATA IS MISSING.
T  INDICATES TRACE AMOUNT.




$$
