000
CDUS43 KIWX 240533
CLISBN


CLIMATE REPORT
NATIONAL WEATHER SERVICE NORTHERN INDIANA
132 AM EDT MON APR 24 2017


...................................

...THE SOUTH BEND CLIMATE SUMMARY FOR APRIL 23 2017...

CLIMATE NORMAL PERIOD 1981 TO 2010
CLIMATE RECORD PERIOD 1893 TO 2017


WEATHER ITEM   OBSERVED TIME   RECORD YEAR NORMAL DEPARTURE LAST
                VALUE   (LST)  VALUE       VALUE  FROM      YEAR
                                                  NORMAL
..................................................................
TEMPERATURE (F)
 YESTERDAY
  MAXIMUM         69    448 PM  86    1960  63      6       63
                                      1925
  MINIMUM         31    612 AM  20    1936  41    -10       38
  AVERAGE         50                        52     -2       51

PRECIPITATION (IN)
  YESTERDAY        0.00          1.07 1966   0.11  -0.11     0.00
  MONTH TO DATE    2.02                      2.44  -0.42     3.45
  SINCE MAR 1      6.25                      4.86   1.39     7.62
  SINCE JAN 1     13.24                      9.10   4.14    11.40

SNOWFALL (IN)
  YESTERDAY        0.0           2.9  1967   0.0    0.0      0.0
  MONTH TO DATE    0.6                       1.3   -0.7      4.1
  SINCE MAR 1      8.5                       8.4    0.1     10.9
  SINCE JUL 1     42.2                      66.5  -24.3     70.2
  SNOW DEPTH       0

DEGREE DAYS
 HEATING
  YESTERDAY       15                        14      1       14
  MONTH TO DATE  327                       403    -76      438
  SINCE MAR 1   1189                      1258    -69     1128
  SINCE JUL 1   5166                      5947   -781     5258

 COOLING
  YESTERDAY        0                         0      0        0
  MONTH TO DATE    4                         0      4        0
  SINCE MAR 1      4                         1      3        0
  SINCE JAN 1      4                         1      3        0
..................................................................


WIND (MPH)
  HIGHEST WIND SPEED    15   HIGHEST WIND DIRECTION     N (350)
  HIGHEST GUST SPEED    18   HIGHEST GUST DIRECTION     N (350)
  AVERAGE WIND SPEED     4.0


SKY COVER
  AVERAGE SKY COVER 0.0


WEATHER CONDITIONS
 THE FOLLOWING WEATHER WAS RECORDED YESTERDAY.
  NO SIGNIFICANT WEATHER WAS OBSERVED.


RELATIVE HUMIDITY (PERCENT)
 HIGHEST    85           500 AM
 LOWEST     21           500 PM
 AVERAGE    53

..........................................................


THE SOUTH BEND CLIMATE NORMALS FOR TODAY
                         NORMAL    RECORD    YEAR
 MAXIMUM TEMPERATURE (F)   63        85      2009
                                             1994
                                             1990
 MINIMUM TEMPERATURE (F)   42        25      1930


SUNRISE AND SUNSET
APRIL 24 2017.........SUNRISE   651 AM EDT   SUNSET   836 PM EDT
APRIL 25 2017.........SUNRISE   650 AM EDT   SUNSET   837 PM EDT


-  INDICATES NEGATIVE NUMBERS.
R  INDICATES RECORD WAS SET OR TIED.
MM INDICATES DATA IS MISSING.
T  INDICATES TRACE AMOUNT.




$$
