000
CDUS43 KIWX 212030
CLISBN


CLIMATE REPORT
NATIONAL WEATHER SERVICE NORTHERN INDIANA
428 PM EDT FRI JUL 21 2017


...................................

...THE SOUTH BEND CLIMATE SUMMARY FOR JULY 21 2017...
VALID TODAY AS OF 0400 PM LOCAL TIME.

CLIMATE NORMAL PERIOD 1981 TO 2010
CLIMATE RECORD PERIOD 1893 TO 2017


WEATHER ITEM   OBSERVED TIME   RECORD YEAR NORMAL DEPARTURE LAST
                VALUE   (LST)  VALUE       VALUE  FROM      YEAR
                                                  NORMAL
..................................................................
TEMPERATURE (F)
 TODAY
  MAXIMUM         87    231 PM 107    1934  83      4       89
  MINIMUM         66    415 AM  47    1944  63      3       69
  AVERAGE         77                        73      4       79

PRECIPITATION (IN)
  TODAY            0.00          2.42 1976   0.14  -0.14     0.28
  MONTH TO DATE    2.26                      2.67  -0.41     1.19
  SINCE JUN 1      4.68                      6.46  -1.78     4.44
  SINCE JAN 1     23.91                     20.18   3.73    19.55

DEGREE DAYS
 HEATING
  TODAY            0                         0      0        0
  MONTH TO DATE    1                         0      1        8
  SINCE JUN 1     26                        44    -18       43
  SINCE JUL 1      1                         0      1        8

 COOLING
  TODAY           12                         8      4       14
  MONTH TO DATE  153                       168    -15      158
  SINCE JUN 1    326                       333     -7      334
  SINCE JAN 1    366                       389    -23      403
..................................................................


WIND (MPH)
  HIGHEST WIND SPEED    14   HIGHEST WIND DIRECTION     S (180)
  HIGHEST GUST SPEED    17   HIGHEST GUST DIRECTION    SW (230)
  AVERAGE WIND SPEED     3.6


SKY COVER
  POSSIBLE SUNSHINE  MM
  AVERAGE SKY COVER 0.0


WEATHER CONDITIONS
 THE FOLLOWING WEATHER WAS RECORDED TODAY.
  FOG


RELATIVE HUMIDITY (PERCENT)
 HIGHEST   100          1200 AM
 LOWEST     48           300 PM
 AVERAGE    74

..........................................................


THE SOUTH BEND CLIMATE NORMALS FOR TOMORROW
                         NORMAL    RECORD    YEAR
 MAXIMUM TEMPERATURE (F)   83       104      1934
 MINIMUM TEMPERATURE (F)   63        46      1947


SUNRISE AND SUNSET
JULY 21 2017..........SUNRISE   629 AM EDT   SUNSET   914 PM EDT
JULY 22 2017..........SUNRISE   630 AM EDT   SUNSET   913 PM EDT


-  INDICATES NEGATIVE NUMBERS.
R  INDICATES RECORD WAS SET OR TIED.
MM INDICATES DATA IS MISSING.
T  INDICATES TRACE AMOUNT.




$$
