000
CDUS43 KIWX 290521
CLISBN


CLIMATE REPORT
NATIONAL WEATHER SERVICE NORTHERN INDIANA
121 AM EDT MON AUG 29 2016


...................................

...THE SOUTH BEND CLIMATE SUMMARY FOR AUGUST 28 2016...

CLIMATE NORMAL PERIOD 1981 TO 2010
CLIMATE RECORD PERIOD 1893 TO 2016


WEATHER ITEM   OBSERVED TIME   RECORD YEAR NORMAL DEPARTURE LAST
                VALUE   (LST)  VALUE       VALUE  FROM      YEAR
                                                  NORMAL
..................................................................
TEMPERATURE (F)
 YESTERDAY
  MAXIMUM         84   1244 PM  96    1973  80      4       77
  MINIMUM         69   1159 PM  42    1986  60      9       54
  AVERAGE         77                        70      7       66

PRECIPITATION (IN)
  YESTERDAY        T             2.14 1977   0.12  -0.12      T
  MONTH TO DATE   12.45                      3.39   9.06     2.12
  SINCE JUN 1     18.94                     11.18   7.76    10.98
  SINCE JAN 1     34.05                     24.90   9.15    24.07

SNOWFALL (IN)
  YESTERDAY        0.0           0.0  2002   0.0    0.0      0.0
                                      2001
  MONTH TO DATE    0.0                       0.0    0.0      0.0
  SINCE JUN 1      0.0                       0.0    0.0      0.0
  SINCE JUL 1      0.0                       0.0    0.0      0.0
  SNOW DEPTH       0

DEGREE DAYS
 HEATING
  YESTERDAY        0                         1     -1        0
  MONTH TO DATE    0                         5     -5       15
  SINCE JUN 1     43                        54    -11       44
  SINCE JUL 1      8                        10     -2       25

 COOLING
  YESTERDAY       12                         6      6        1
  MONTH TO DATE  265                       190     75      181
  SINCE JUN 1    711                       608    103      546
  SINCE JAN 1    780                       664    116      632
..................................................................


WIND (MPH)
  HIGHEST WIND SPEED    13   HIGHEST WIND DIRECTION    SE (150)
  HIGHEST GUST SPEED    15   HIGHEST GUST DIRECTION    SE (150)
  AVERAGE WIND SPEED     3.7


SKY COVER
  AVERAGE SKY COVER 0.3


WEATHER CONDITIONS
 THE FOLLOWING WEATHER WAS RECORDED YESTERDAY.
  THUNDERSTORM


RELATIVE HUMIDITY (PERCENT)
 HIGHEST   100           600 AM
 LOWEST     69           100 PM
 AVERAGE    85

..........................................................


THE SOUTH BEND CLIMATE NORMALS FOR TODAY
                         NORMAL    RECORD    YEAR
 MAXIMUM TEMPERATURE (F)   80        95      1953
                                             1925
 MINIMUM TEMPERATURE (F)   60        40      1965


SUNRISE AND SUNSET
AUGUST 29 2016........SUNRISE   709 AM EDT   SUNSET   823 PM EDT
AUGUST 30 2016........SUNRISE   710 AM EDT   SUNSET   821 PM EDT


-  INDICATES NEGATIVE NUMBERS.
R  INDICATES RECORD WAS SET OR TIED.
MM INDICATES DATA IS MISSING.
T  INDICATES TRACE AMOUNT.




$$
