000
CDUS43 KIWX 060523
CLISBN


CLIMATE REPORT
NATIONAL WEATHER SERVICE NORTHERN INDIANA
123 AM EDT SUN JUL 6 2014


...................................

...THE SOUTH BEND CLIMATE SUMMARY FOR JULY 5 2014...

CLIMATE NORMAL PERIOD 1981 TO 2010
CLIMATE RECORD PERIOD 1893 TO 2014


WEATHER ITEM   OBSERVED TIME   RECORD YEAR NORMAL DEPARTURE LAST
                VALUE   (LST)  VALUE       VALUE  FROM      YEAR
                                                  NORMAL
..................................................................
TEMPERATURE (F)
 YESTERDAY
  MAXIMUM         78    204 PM 100    2012  83     -5       82
                                      1911
  MINIMUM         54    527 AM  48    1997  63     -9       60
                                      1996
                                      1967
  AVERAGE         66                        73     -7       71

PRECIPITATION (IN)
  YESTERDAY        0.00          1.45 1966   0.13  -0.13     0.00
  MONTH TO DATE    0.37                      0.60  -0.23     0.70
  SINCE JUN 1      9.51                      4.39   5.12     4.13
  SINCE JAN 1     24.59                     18.11   6.48    21.43

DEGREE DAYS
 HEATING
  YESTERDAY        0                         0      0        0
  MONTH TO DATE    2                         0      2        3
  SINCE JUN 1     19                        44    -25       40
  SINCE JUL 1      2                         0      2        3

 COOLING
  YESTERDAY        1                         8     -7        6
  MONTH TO DATE   13                        40    -27       15
  SINCE JUN 1    229                       205     24      180
  SINCE JAN 1    314                       261     53      276
..................................................................


WIND (MPH)
  HIGHEST WIND SPEED    14   HIGHEST WIND DIRECTION     S (190)
  HIGHEST GUST SPEED    18   HIGHEST GUST DIRECTION     S (200)
  AVERAGE WIND SPEED     5.5


SKY COVER
  AVERAGE SKY COVER 0.1


WEATHER CONDITIONS
 THE FOLLOWING WEATHER WAS RECORDED YESTERDAY.
  FOG
  HAZE


RELATIVE HUMIDITY (PERCENT)
 HIGHEST    86           600 AM
 LOWEST     40           100 PM
 AVERAGE    63

..........................................................


THE SOUTH BEND CLIMATE NORMALS FOR TODAY
                         NORMAL    RECORD    YEAR
 MAXIMUM TEMPERATURE (F)   83       102      2012
 MINIMUM TEMPERATURE (F)   63        43      2001


SUNRISE AND SUNSET
JULY  6 2014..........SUNRISE   617 AM EDT   SUNSET   922 PM EDT
JULY  7 2014..........SUNRISE   618 AM EDT   SUNSET   922 PM EDT


-  INDICATES NEGATIVE NUMBERS.
R  INDICATES RECORD WAS SET OR TIED.
MM INDICATES DATA IS MISSING.
T  INDICATES TRACE AMOUNT.




$$
