000
CDUS43 KIWX 160521
CLISBN


CLIMATE REPORT
NATIONAL WEATHER SERVICE NORTHERN INDIANA
1220 AM EST THU FEB 16 2017


...................................

...THE SOUTH BEND CLIMATE SUMMARY FOR FEBRUARY 15 2017...

CLIMATE NORMAL PERIOD 1981 TO 2010
CLIMATE RECORD PERIOD 1893 TO 2017


WEATHER ITEM   OBSERVED TIME   RECORD YEAR NORMAL DEPARTURE LAST
                VALUE   (LST)  VALUE       VALUE  FROM      YEAR
                                                  NORMAL
..................................................................
TEMPERATURE (F)
 YESTERDAY
  MAXIMUM         35   1242 AM  67    1976  35      0       28
                                      1954
  MINIMUM         24   1134 PM -10    1905  20      4       16
  AVERAGE         30                        28      2       22

PRECIPITATION (IN)
  YESTERDAY        T             1.50 1954   0.07  -0.07     0.02
  MONTH TO DATE    1.46                      0.98   0.48     1.10
  SINCE DEC 1      6.79                      5.88   0.91     6.82
  SINCE JAN 1      4.80                      3.27   1.53     2.70

SNOWFALL (IN)
  YESTERDAY        T            11.5  1991   0.5   -0.5      0.3
  MONTH TO DATE    0.3                       8.8   -8.5     18.6
  SINCE DEC 1     33.1                      46.7  -13.6     38.7
  SINCE JUL 1     33.6                      51.9  -18.3     47.8
  SNOW DEPTH       0

DEGREE DAYS
 HEATING
  YESTERDAY       35                        37     -2       43
  MONTH TO DATE  505                       584    -79      620
  SINCE DEC 1   2812                      2963   -151     2646
  SINCE JUL 1   3713                      4232   -519     3713

 COOLING
  YESTERDAY        0                         0      0        0
  MONTH TO DATE    0                         0      0        0
  SINCE DEC 1      0                         0      0        0
  SINCE JAN 1      0                         0      0        0
..................................................................


WIND (MPH)
  HIGHEST WIND SPEED    25   HIGHEST WIND DIRECTION    NW (300)
  HIGHEST GUST SPEED    31   HIGHEST GUST DIRECTION    NW (330)
  AVERAGE WIND SPEED    14.0


SKY COVER
  AVERAGE SKY COVER 0.9


WEATHER CONDITIONS
 THE FOLLOWING WEATHER WAS RECORDED YESTERDAY.
  NO SIGNIFICANT WEATHER WAS OBSERVED.


RELATIVE HUMIDITY (PERCENT)
 HIGHEST    81          1100 PM
 LOWEST     56           100 AM
 AVERAGE    69

..........................................................


THE SOUTH BEND CLIMATE NORMALS FOR TODAY
                         NORMAL    RECORD    YEAR
 MAXIMUM TEMPERATURE (F)   35        60      1921
 MINIMUM TEMPERATURE (F)   21       -10      1905


SUNRISE AND SUNSET
FEBRUARY 16 2017......SUNRISE   739 AM EST   SUNSET   620 PM EST
FEBRUARY 17 2017......SUNRISE   738 AM EST   SUNSET   621 PM EST


-  INDICATES NEGATIVE NUMBERS.
R  INDICATES RECORD WAS SET OR TIED.
MM INDICATES DATA IS MISSING.
T  INDICATES TRACE AMOUNT.




$$
