000
CDUS43 KIWX 182023
CLISBN


CLIMATE REPORT
NATIONAL WEATHER SERVICE NORTHERN INDIANA
421 PM EDT SUN SEP 18 2016


...................................

...THE SOUTH BEND CLIMATE SUMMARY FOR SEPTEMBER 18 2016...
VALID TODAY AS OF 0400 PM LOCAL TIME.

CLIMATE NORMAL PERIOD 1981 TO 2010
CLIMATE RECORD PERIOD 1893 TO 2016


WEATHER ITEM   OBSERVED TIME   RECORD YEAR NORMAL DEPARTURE LAST
                VALUE   (LST)  VALUE       VALUE  FROM      YEAR
                                                  NORMAL
..................................................................
TEMPERATURE (F)
 TODAY
  MAXIMUM         77    259 PM  94    1906  73      4       77
                                      1895
  MINIMUM         57    647 AM  35    1900  53      4       66
  AVERAGE         67                        63      4       72

PRECIPITATION (IN)
  TODAY            T             2.14 1927   0.11  -0.11     1.09
  MONTH TO DATE    3.05                      2.10   0.95     2.76
  SINCE SEP 1      3.05                      2.10   0.95     2.76
  SINCE JAN 1     37.46                     27.37  10.09    27.03

DEGREE DAYS
 HEATING
  TODAY            0                         4     -4        0
  MONTH TO DATE    4                        41    -37       28
  SINCE SEP 1      4                        41    -37       28
  SINCE JUL 1     12                        59    -47       53

 COOLING
  TODAY            2                         2      0        7
  MONTH TO DATE   84                        64     20      124
  SINCE SEP 1     84                        64     20      124
  SINCE JAN 1    893                       746    147      769
..................................................................


WIND (MPH)
  HIGHEST WIND SPEED    12   HIGHEST WIND DIRECTION    NW (310)
  HIGHEST GUST SPEED    14   HIGHEST GUST DIRECTION     W (280)
  AVERAGE WIND SPEED     3.0


SKY COVER
  POSSIBLE SUNSHINE  MM
  AVERAGE SKY COVER 0.2


WEATHER CONDITIONS
 THE FOLLOWING WEATHER WAS RECORDED TODAY.
  NO SIGNIFICANT WEATHER WAS OBSERVED.


RELATIVE HUMIDITY (PERCENT)
 HIGHEST   100           700 AM
 LOWEST     56           200 PM
 AVERAGE    78

..........................................................


THE SOUTH BEND CLIMATE NORMALS FOR TOMORROW
                         NORMAL    RECORD    YEAR
 MAXIMUM TEMPERATURE (F)   73        95      1906
 MINIMUM TEMPERATURE (F)   52        34      1929


SUNRISE AND SUNSET
SEPTEMBER 18 2016.....SUNRISE   729 AM EDT   SUNSET   749 PM EDT
SEPTEMBER 19 2016.....SUNRISE   730 AM EDT   SUNSET   747 PM EDT


-  INDICATES NEGATIVE NUMBERS.
R  INDICATES RECORD WAS SET OR TIED.
MM INDICATES DATA IS MISSING.
T  INDICATES TRACE AMOUNT.




$$
