000
CDUS43 KIWX 260020
CLISBN


CLIMATE REPORT
NATIONAL WEATHER SERVICE NORTHERN INDIANA
820 PM EDT THU JUN 25 2015


...................................

...THE SOUTH BEND CLIMATE SUMMARY FOR JUNE 25 2015...
VALID AS OF 0800 PM LOCAL TIME.

CLIMATE NORMAL PERIOD 1981 TO 2010
CLIMATE RECORD PERIOD 1893 TO 2015


WEATHER ITEM   OBSERVED TIME   RECORD YEAR NORMAL DEPARTURE LAST
                VALUE   (LST)  VALUE       VALUE  FROM      YEAR
                                                  NORMAL
..................................................................
TEMPERATURE (F)
 TODAY
  MAXIMUM         79    521 PM 104    1988  82     -3       80
  MINIMUM         67    709 AM  43    1986  62      5       63
  AVERAGE         73                        72      1       72

PRECIPITATION (IN)
  TODAY            0.28          4.69 1968   0.12   0.16     0.00
  MONTH TO DATE    2.59                      3.22  -0.63     8.35
  SINCE JUN 1      2.59                      3.22  -0.63     8.35
  SINCE JAN 1     15.68                     16.94  -1.26    23.43

SNOWFALL (IN)
  TODAY            0.0           0.0  2002   0.0    0.0      0.0
                                      2001
                                      2000
  MONTH TO DATE    0.0                       0.0    0.0      0.0
  SINCE JUN 1      0.0                       0.0    0.0      0.0
  SINCE JUL 1     83.9                      66.6   17.3    106.9
  SNOW DEPTH       0

DEGREE DAYS
 HEATING
  TODAY            0                         1     -1        0
  MONTH TO DATE   19                        42    -23       17
  SINCE JUN 1     19                        42    -23       17
  SINCE JUL 1   6623                      6296    327     6953

 COOLING
  TODAY            8                         7      1        7
  MONTH TO DATE  148                       126     22      160
  SINCE JUN 1    148                       126     22      160
  SINCE JAN 1    234                       182     52      245
..................................................................


WIND (MPH)
  RESULTANT WIND SPEED   3   RESULTANT WIND DIRECTION   S (170)
  HIGHEST WIND SPEED     9   HIGHEST WIND DIRECTION    SW (230)
  HIGHEST GUST SPEED    13   HIGHEST GUST DIRECTION     S (160)
  AVERAGE WIND SPEED     4.7


SKY COVER
  POSSIBLE SUNSHINE  MM
  AVERAGE SKY COVER 0.8


WEATHER CONDITIONS
 THE FOLLOWING WEATHER WAS RECORDED TODAY.
  RAIN
  LIGHT RAIN
  FOG


RELATIVE HUMIDITY (PERCENT)
 HIGHEST    93           600 AM
 LOWEST     67           400 PM
 AVERAGE    80

..........................................................


THE SOUTH BEND CLIMATE NORMALS FOR TOMORROW
                         NORMAL    RECORD    YEAR
 MAXIMUM TEMPERATURE (F)   82        96      1983
                                             1933
 MINIMUM TEMPERATURE (F)   62        46      1902


SUNRISE AND SUNSET
JUNE 25 2015..........SUNRISE   612 AM EDT   SUNSET   924 PM EDT
JUNE 26 2015..........SUNRISE   612 AM EDT   SUNSET   924 PM EDT


-  INDICATES NEGATIVE NUMBERS.
R  INDICATES RECORD WAS SET OR TIED.
MM INDICATES DATA IS MISSING.
T  INDICATES TRACE AMOUNT.




$$
