000
CDUS43 KIWX 050020
CLISBN


CLIMATE REPORT
NATIONAL WEATHER SERVICE NORTHERN INDIANA
820 PM EDT FRI AUG 4 2017


...................................

...THE SOUTH BEND CLIMATE SUMMARY FOR AUGUST 4 2017...
VALID AS OF 0800 PM LOCAL TIME.

CLIMATE NORMAL PERIOD 1981 TO 2010
CLIMATE RECORD PERIOD 1893 TO 2017


WEATHER ITEM   OBSERVED TIME   RECORD YEAR NORMAL DEPARTURE LAST
                VALUE   (LST)  VALUE       VALUE  FROM      YEAR
                                                  NORMAL
..................................................................
TEMPERATURE (F)
 TODAY
  MAXIMUM         66    318 AM  98    1956  82    -16       91
  MINIMUM         55    656 AM  47    1912  63     -8       68
  AVERAGE         61                        72    -11       80

PRECIPITATION (IN)
  TODAY            0.16          1.54 1903   0.13   0.03     0.00
  MONTH TO DATE    1.04                      0.50   0.54     0.00
  SINCE JUN 1      7.21                      8.29  -1.08     6.49
  SINCE JAN 1     26.44                     22.01   4.43    21.60

DEGREE DAYS
 HEATING
  TODAY            4                         0      4        0
  MONTH TO DATE    4                         0      4        0
  SINCE JUN 1     30                        49    -19       43
  SINCE JUL 1      5                         5      0        8

 COOLING
  TODAY            0                         7     -7       15
  MONTH TO DATE   24                        30     -6       48
  SINCE JUN 1    417                       448    -31      494
  SINCE JAN 1    457                       504    -47      563
..................................................................


WIND (MPH)
  RESULTANT WIND SPEED  12   RESULTANT WIND DIRECTION  SW (240)
  HIGHEST WIND SPEED    22   HIGHEST WIND DIRECTION     W (250)
  HIGHEST GUST SPEED    28   HIGHEST GUST DIRECTION     W (290)
  AVERAGE WIND SPEED    12.7


SKY COVER
  POSSIBLE SUNSHINE  MM
  AVERAGE SKY COVER 0.8


WEATHER CONDITIONS
 THE FOLLOWING WEATHER WAS RECORDED TODAY.
  RAIN
  LIGHT RAIN
  FOG


RELATIVE HUMIDITY (PERCENT)
 HIGHEST   100           100 AM
 LOWEST     75           100 PM
 AVERAGE    88

..........................................................


THE SOUTH BEND CLIMATE NORMALS FOR TOMORROW
                         NORMAL    RECORD    YEAR
 MAXIMUM TEMPERATURE (F)   82       102      1918
 MINIMUM TEMPERATURE (F)   63        47      1912


SUNRISE AND SUNSET
AUGUST  4 2017........SUNRISE   643 AM EDT   SUNSET   859 PM EDT
AUGUST  5 2017........SUNRISE   644 AM EDT   SUNSET   858 PM EDT


-  INDICATES NEGATIVE NUMBERS.
R  INDICATES RECORD WAS SET OR TIED.
MM INDICATES DATA IS MISSING.
T  INDICATES TRACE AMOUNT.




$$
