000
CDUS43 KIWX 032021
CLISBN


CLIMATE REPORT
NATIONAL WEATHER SERVICE NORTHERN INDIANA
421 PM EDT THU JUL 3 2014


...................................

...THE SOUTH BEND CLIMATE SUMMARY FOR JULY 3 2014...
VALID TODAY AS OF 0400 PM LOCAL TIME.

CLIMATE NORMAL PERIOD 1981 TO 2010
CLIMATE RECORD PERIOD 1893 TO 2014


WEATHER ITEM   OBSERVED TIME   RECORD YEAR NORMAL DEPARTURE LAST
                VALUE   (LST)  VALUE       VALUE  FROM      YEAR
                                                  NORMAL
..................................................................
TEMPERATURE (F)
 TODAY
  MAXIMUM         71    259 PM  98    1897  83    -12       78
  MINIMUM         54    618 AM  45    1917  63     -9       62
  AVERAGE         63                        73    -10       70

PRECIPITATION (IN)
  TODAY            0.15          1.14 2004   0.11   0.04      T
  MONTH TO DATE    0.37                      0.35   0.02     0.70
  SINCE JUN 1      9.51                      4.14   5.37     4.13
  SINCE JAN 1     24.59                     17.86   6.73    21.43

DEGREE DAYS
 HEATING
  TODAY            2                         0      2        0
  MONTH TO DATE    2                         0      2        3
  SINCE JUN 1     19                        44    -25       40
  SINCE JUL 1      2                         0      2        3

 COOLING
  TODAY            0                         8     -8        5
  MONTH TO DATE   11                        24    -13        6
  SINCE JUN 1    227                       189     38      171
  SINCE JAN 1    312                       245     67      267
..................................................................


WIND (MPH)
  HIGHEST WIND SPEED    21   HIGHEST WIND DIRECTION     N (340)
  HIGHEST GUST SPEED    25   HIGHEST GUST DIRECTION    NW (320)
  AVERAGE WIND SPEED    10.0


SKY COVER
  POSSIBLE SUNSHINE  MM
  AVERAGE SKY COVER 0.5


WEATHER CONDITIONS
 THE FOLLOWING WEATHER WAS RECORDED TODAY.
  RAIN
  LIGHT RAIN
  FOG


RELATIVE HUMIDITY (PERCENT)
 HIGHEST    86           400 AM
 LOWEST     40           200 PM
 AVERAGE    63

..........................................................


THE SOUTH BEND CLIMATE NORMALS FOR TOMORROW
                         NORMAL    RECORD    YEAR
 MAXIMUM TEMPERATURE (F)   83       100      2012
 MINIMUM TEMPERATURE (F)   63        44      1917


SUNRISE AND SUNSET
JULY  3 2014..........SUNRISE   616 AM EDT   SUNSET   923 PM EDT
JULY  4 2014..........SUNRISE   616 AM EDT   SUNSET   923 PM EDT


-  INDICATES NEGATIVE NUMBERS.
R  INDICATES RECORD WAS SET OR TIED.
MM INDICATES DATA IS MISSING.
T  INDICATES TRACE AMOUNT.




$$
