000
CDUS43 KIWX 210530
CLISBN


CLIMATE REPORT
NATIONAL WEATHER SERVICE NORTHERN INDIANA
1229 AM EST SAT FEB 21 2015


...................................

...THE SOUTH BEND CLIMATE SUMMARY FOR FEBRUARY 20 2015...

CLIMATE NORMAL PERIOD 1981 TO 2010
CLIMATE RECORD PERIOD 1893 TO 2015


WEATHER ITEM   OBSERVED TIME   RECORD YEAR NORMAL DEPARTURE LAST
                VALUE   (LST)  VALUE       VALUE  FROM      YEAR
                                                  NORMAL
..................................................................
TEMPERATURE (F)
 YESTERDAY
  MAXIMUM         17   1159 PM  65    1983  37    -20       49
                                      1930
  MINIMUM        -12R   626 AM  -6    1929  22    -34       32
                                      1903
  AVERAGE          3                        29    -26       41

PRECIPITATION (IN)
  YESTERDAY        T             1.64 2014   0.07  -0.07     1.64
  MONTH TO DATE    1.84                      1.33   0.51     2.81
  SINCE DEC 1      5.23                      6.23  -1.00     8.26
  SINCE JAN 1      3.76                      3.62   0.14     5.93

SNOWFALL (IN)
  YESTERDAY        0.1           4.6  1963   0.5   -0.4      0.0
  MONTH TO DATE   33.8                      11.4   22.4     17.8
  SINCE DEC 1     56.1                      49.3    6.8     82.9
  SINCE JUL 1     75.4                      54.5   20.9     92.1
  SNOW DEPTH      14

DEGREE DAYS
 HEATING
  YESTERDAY       62                        36     26       24
  MONTH TO DATE  960                       767    193      936
  SINCE DEC 1   3246                      3146    100     3537
  SINCE JUL 1   4688                      4415    273     4826

 COOLING
  YESTERDAY        0                         0      0        0
  MONTH TO DATE    0                         0      0        0
  SINCE DEC 1      0                         0      0        0
  SINCE JAN 1      0                         0      0        0
..................................................................


WIND (MPH)
  HIGHEST WIND SPEED    23   HIGHEST WIND DIRECTION     S (160)
  HIGHEST GUST SPEED    26   HIGHEST GUST DIRECTION    SE (150)
  AVERAGE WIND SPEED    11.5


SKY COVER
  AVERAGE SKY COVER 0.7


WEATHER CONDITIONS
 THE FOLLOWING WEATHER WAS RECORDED YESTERDAY.
  LIGHT SNOW
  FOG
  HAZE


RELATIVE HUMIDITY (PERCENT)
 HIGHEST    83           300 AM
 LOWEST     52           200 PM
 AVERAGE    68

..........................................................


THE SOUTH BEND CLIMATE NORMALS FOR TODAY
                         NORMAL    RECORD    YEAR
 MAXIMUM TEMPERATURE (F)   37        66      1983
                                             1930
 MINIMUM TEMPERATURE (F)   22        -5      1963


SUNRISE AND SUNSET
FEBRUARY 21 2015......SUNRISE   733 AM EST   SUNSET   626 PM EST
FEBRUARY 22 2015......SUNRISE   731 AM EST   SUNSET   627 PM EST


-  INDICATES NEGATIVE NUMBERS.
R  INDICATES RECORD WAS SET OR TIED.
MM INDICATES DATA IS MISSING.
T  INDICATES TRACE AMOUNT.




$$
