000
CDUS43 KIWX 180530
CLISBN


CLIMATE REPORT
NATIONAL WEATHER SERVICE NORTHERN INDIANA
1228 AM EST TUE NOV 18 2014


...................................

...THE SOUTH BEND CLIMATE SUMMARY FOR NOVEMBER 17 2014...

CLIMATE NORMAL PERIOD 1981 TO 2010
CLIMATE RECORD PERIOD 1893 TO 2014


WEATHER ITEM   OBSERVED TIME   RECORD YEAR NORMAL DEPARTURE LAST
                VALUE   (LST)  VALUE       VALUE  FROM      YEAR
                                                  NORMAL
..................................................................
TEMPERATURE (F)
 YESTERDAY
  MAXIMUM         30    241 AM  72    1952  48    -18       65
  MINIMUM         12   1159 PM   4    1959  33    -21       45
  AVERAGE         21                        40    -19       55

PRECIPITATION (IN)
  YESTERDAY        0.04          0.75 1906   0.11  -0.07     0.69
  MONTH TO DATE    1.28                      1.85  -0.57     1.93
  SINCE SEP 1      9.67                      8.70   0.97    10.40
  SINCE JAN 1     37.88                     33.97   3.91    37.32

SNOWFALL (IN)
  YESTERDAY        1.9           4.2  1951   0.2    1.7      0.0
  MONTH TO DATE   15.5                       1.8   13.7      1.8
  SINCE SEP 1     15.7                       2.2   13.5      2.1
  SINCE JUL 1     15.7                       2.2   13.5      2.1
  SNOW DEPTH       3

DEGREE DAYS
 HEATING
  YESTERDAY       44                        25     19       10
  MONTH TO DATE  475                       363    112      364
  SINCE SEP 1    980                       886     94      834
  SINCE JUL 1   1008                       904    104      863

 COOLING
  YESTERDAY        0                         0      0        0
  MONTH TO DATE    0                         0      0        0
  SINCE SEP 1     78                        91    -13      148
  SINCE JAN 1    771                       773     -2      828
..................................................................


WIND (MPH)
  HIGHEST WIND SPEED    28   HIGHEST WIND DIRECTION     W (260)
  HIGHEST GUST SPEED    35   HIGHEST GUST DIRECTION     W (250)
  AVERAGE WIND SPEED    16.0


SKY COVER
  AVERAGE SKY COVER 0.9


WEATHER CONDITIONS
 THE FOLLOWING WEATHER WAS RECORDED YESTERDAY.
  SNOW
  LIGHT SNOW
  FOG
  HAZE


RELATIVE HUMIDITY (PERCENT)
 HIGHEST    92           900 PM
 LOWEST     57           400 PM
 AVERAGE    75

..........................................................


THE SOUTH BEND CLIMATE NORMALS FOR TODAY
                         NORMAL    RECORD    YEAR
 MAXIMUM TEMPERATURE (F)   47        73      1930
 MINIMUM TEMPERATURE (F)   33         8      2008
                                             1959


SUNRISE AND SUNSET
NOVEMBER 18 2014......SUNRISE   738 AM EST   SUNSET   522 PM EST
NOVEMBER 19 2014......SUNRISE   739 AM EST   SUNSET   522 PM EST


-  INDICATES NEGATIVE NUMBERS.
R  INDICATES RECORD WAS SET OR TIED.
MM INDICATES DATA IS MISSING.
T  INDICATES TRACE AMOUNT.




$$
