000
CDUS43 KIWX 110521
CLISBN


CLIMATE REPORT
NATIONAL WEATHER SERVICE NORTHERN INDIANA
121 AM EDT WED MAY 11 2016


...................................

...THE SOUTH BEND CLIMATE SUMMARY FOR MAY 10 2016...

CLIMATE NORMAL PERIOD 1981 TO 2010
CLIMATE RECORD PERIOD 1893 TO 2016


WEATHER ITEM   OBSERVED TIME   RECORD YEAR NORMAL DEPARTURE LAST
                VALUE   (LST)  VALUE       VALUE  FROM      YEAR
                                                  NORMAL
..................................................................
TEMPERATURE (F)
 YESTERDAY
  MAXIMUM         61    558 PM  90    1895  68     -7       74
  MINIMUM         50    334 AM  25    1947  47      3       55
  AVERAGE         56                        57     -1       65

PRECIPITATION (IN)
  YESTERDAY        0.63          2.17 1981   0.12   0.51     0.67
  MONTH TO DATE    1.76                      1.17   0.59     2.61
  SINCE MAR 1     10.60                      6.82   3.78     5.79
  SINCE JAN 1     14.38                     11.06   3.32     9.69

SNOWFALL (IN)
  YESTERDAY        0.0           0.0  2002   0.0    0.0      0.0
                                      2001
  MONTH TO DATE    0.0                       0.0    0.0      0.0
  SINCE MAR 1     10.9                       8.5    2.4      6.1
  SINCE JUL 1     70.2                      66.6    3.6     83.9
  SNOW DEPTH       0

DEGREE DAYS
 HEATING
  YESTERDAY        9                         9      0        0
  MONTH TO DATE  137                        98     39       24
  SINCE MAR 1   1351                      1440    -89     1399
  SINCE JUL 1   5481                      6129   -648     6496

 COOLING
  YESTERDAY        0                         1     -1        0
  MONTH TO DATE    0                         8     -8       26
  SINCE MAR 1      4                        18    -14       28
  SINCE JAN 1      4                        18    -14       28
..................................................................


WIND (MPH)
  HIGHEST WIND SPEED    21   HIGHEST WIND DIRECTION     E (110)
  HIGHEST GUST SPEED    27   HIGHEST GUST DIRECTION     E (110)
  AVERAGE WIND SPEED    13.2


SKY COVER
  AVERAGE SKY COVER 1.0


WEATHER CONDITIONS
 THE FOLLOWING WEATHER WAS RECORDED YESTERDAY.
  HEAVY RAIN
  RAIN
  LIGHT RAIN
  FOG


RELATIVE HUMIDITY (PERCENT)
 HIGHEST   100           200 PM
 LOWEST     89           600 AM
 AVERAGE    95

..........................................................


THE SOUTH BEND CLIMATE NORMALS FOR TODAY
                         NORMAL    RECORD    YEAR
 MAXIMUM TEMPERATURE (F)   69        88      1896
 MINIMUM TEMPERATURE (F)   47        26      1907


SUNRISE AND SUNSET
MAY 11 2016...........SUNRISE   629 AM EDT   SUNSET   855 PM EDT
MAY 12 2016...........SUNRISE   628 AM EDT   SUNSET   856 PM EDT


-  INDICATES NEGATIVE NUMBERS.
R  INDICATES RECORD WAS SET OR TIED.
MM INDICATES DATA IS MISSING.
T  INDICATES TRACE AMOUNT.




$$
