065
CDUS43 KIWX 210020
CLISBN


CLIMATE REPORT
NATIONAL WEATHER SERVICE NORTHERN INDIANA
820 PM EDT TUE SEP 20 2016


...................................

...THE SOUTH BEND CLIMATE SUMMARY FOR SEPTEMBER 20 2016...
VALID AS OF 0800 PM LOCAL TIME.

CLIMATE NORMAL PERIOD 1981 TO 2010
CLIMATE RECORD PERIOD 1893 TO 2016


WEATHER ITEM   OBSERVED TIME   RECORD YEAR NORMAL DEPARTURE LAST
                VALUE   (LST)  VALUE       VALUE  FROM      YEAR
                                                  NORMAL
..................................................................
TEMPERATURE (F)
 TODAY
  MAXIMUM         82    304 PM  95    1908  72     10       71
  MINIMUM         62    404 AM  34    1937  52     10       44
                                      1897
  AVERAGE         72                        62     10       58

PRECIPITATION (IN)
  TODAY            0.00          0.99 1983   0.13  -0.13     0.00
  MONTH TO DATE    3.05                      2.35   0.70     4.05
  SINCE SEP 1      3.05                      2.35   0.70     4.05
  SINCE JAN 1     37.46                     27.62   9.84    28.32

SNOWFALL (IN)
  TODAY            0.0           0.0  2002   0.0    0.0      0.0
                                      2001
  MONTH TO DATE    0.0                       0.0    0.0      0.0
  SINCE SEP 1      0.0                       0.0    0.0      0.0
  SINCE JUL 1      0.0                       0.0    0.0      0.0
  SNOW DEPTH       0

DEGREE DAYS
 HEATING
  TODAY            0                         5     -5        7
  MONTH TO DATE    4                        50    -46       41
  SINCE SEP 1      4                        50    -46       41
  SINCE JUL 1     12                        68    -56       66

 COOLING
  TODAY            7                         2      5        0
  MONTH TO DATE   94                        68     26      124
  SINCE SEP 1     94                        68     26      124
  SINCE JAN 1    903                       750    153      769
..................................................................


WIND (MPH)
  RESULTANT WIND SPEED   2   RESULTANT WIND DIRECTION  NE (40)
  HIGHEST WIND SPEED    12   HIGHEST WIND DIRECTION    NE (30)
  HIGHEST GUST SPEED    15   HIGHEST GUST DIRECTION    NE (40)
  AVERAGE WIND SPEED     4.5


SKY COVER
  POSSIBLE SUNSHINE  MM
  AVERAGE SKY COVER 0.4


WEATHER CONDITIONS
 THE FOLLOWING WEATHER WAS RECORDED TODAY.
  NO SIGNIFICANT WEATHER WAS OBSERVED.


RELATIVE HUMIDITY (PERCENT)
 HIGHEST    84           400 AM
 LOWEST     54           200 PM
 AVERAGE    69

..........................................................


THE SOUTH BEND CLIMATE NORMALS FOR TOMORROW
                         NORMAL    RECORD    YEAR
 MAXIMUM TEMPERATURE (F)   72        94      1908
 MINIMUM TEMPERATURE (F)   51        32      1897


SUNRISE AND SUNSET
SEPTEMBER 20 2016.....SUNRISE   731 AM EDT   SUNSET   745 PM EDT
SEPTEMBER 21 2016.....SUNRISE   732 AM EDT   SUNSET   743 PM EDT


-  INDICATES NEGATIVE NUMBERS.
R  INDICATES RECORD WAS SET OR TIED.
MM INDICATES DATA IS MISSING.
T  INDICATES TRACE AMOUNT.




$$
