000
CDUS43 KIWX 180521
CLISBN


CLIMATE REPORT
NATIONAL WEATHER SERVICE NORTHERN INDIANA
121 AM EDT SUN SEP 18 2016


...................................

...THE SOUTH BEND CLIMATE SUMMARY FOR SEPTEMBER 17 2016...

CLIMATE NORMAL PERIOD 1981 TO 2010
CLIMATE RECORD PERIOD 1893 TO 2016


WEATHER ITEM   OBSERVED TIME   RECORD YEAR NORMAL DEPARTURE LAST
                VALUE   (LST)  VALUE       VALUE  FROM      YEAR
                                                  NORMAL
..................................................................
TEMPERATURE (F)
 YESTERDAY
  MAXIMUM         79    408 PM  94    1927  74      5       83
  MINIMUM         62   1129 PM  35    1959  53      9       54
  AVERAGE         71                        63      8       69

PRECIPITATION (IN)
  YESTERDAY        1.89R         1.38 1982   0.12   1.77      T
  MONTH TO DATE    3.05                      1.99   1.06     1.67
  SINCE SEP 1      3.05                      1.99   1.06     1.67
  SINCE JAN 1     37.46                     27.26  10.20    25.94

SNOWFALL (IN)
  YESTERDAY        0.0           0.0  2002   0.0    0.0      0.0
                                      2001
  MONTH TO DATE    0.0                       0.0    0.0      0.0
  SINCE SEP 1      0.0                       0.0    0.0      0.0
  SINCE JUL 1      0.0                       0.0    0.0      0.0
  SNOW DEPTH       0

DEGREE DAYS
 HEATING
  YESTERDAY        0                         4     -4        0
  MONTH TO DATE    4                        37    -33       28
  SINCE SEP 1      4                        37    -33       28
  SINCE JUL 1     12                        55    -43       53

 COOLING
  YESTERDAY        6                         2      4        4
  MONTH TO DATE   82                        62     20      117
  SINCE SEP 1     82                        62     20      117
  SINCE JAN 1    891                       744    147      762
..................................................................


WIND (MPH)
  HIGHEST WIND SPEED    13   HIGHEST WIND DIRECTION     W (270)
  HIGHEST GUST SPEED    18   HIGHEST GUST DIRECTION     W (270)
  AVERAGE WIND SPEED     6.7


SKY COVER
  AVERAGE SKY COVER 0.6


WEATHER CONDITIONS
 THE FOLLOWING WEATHER WAS RECORDED YESTERDAY.
  HEAVY RAIN
  RAIN
  LIGHT RAIN
  FOG


RELATIVE HUMIDITY (PERCENT)
 HIGHEST   100           300 AM
 LOWEST     58           500 PM
 AVERAGE    79

..........................................................


THE SOUTH BEND CLIMATE NORMALS FOR TODAY
                         NORMAL    RECORD    YEAR
 MAXIMUM TEMPERATURE (F)   73        94      1906
                                             1895
 MINIMUM TEMPERATURE (F)   53        35      1900


SUNRISE AND SUNSET
SEPTEMBER 18 2016.....SUNRISE   729 AM EDT   SUNSET   749 PM EDT
SEPTEMBER 19 2016.....SUNRISE   730 AM EDT   SUNSET   747 PM EDT


-  INDICATES NEGATIVE NUMBERS.
R  INDICATES RECORD WAS SET OR TIED.
MM INDICATES DATA IS MISSING.
T  INDICATES TRACE AMOUNT.




$$
