000
CDUS43 KIWX 040525
CLISBN


CLIMATE REPORT
NATIONAL WEATHER SERVICE NORTHERN INDIANA
123 AM EDT FRI AUG 4 2017


...................................

...THE SOUTH BEND CLIMATE SUMMARY FOR AUGUST 3 2017...

CLIMATE NORMAL PERIOD 1981 TO 2010
CLIMATE RECORD PERIOD 1893 TO 2017


WEATHER ITEM   OBSERVED TIME   RECORD YEAR NORMAL DEPARTURE LAST
                VALUE   (LST)  VALUE       VALUE  FROM      YEAR
                                                  NORMAL
..................................................................
TEMPERATURE (F)
 YESTERDAY
  MAXIMUM         84    117 PM  99    1988  82      2       90
  MINIMUM         63    504 AM  42    1927  63      0       65
  AVERAGE         74                        72      2       78

PRECIPITATION (IN)
  YESTERDAY        0.88          3.96 1995   0.12   0.76     0.00
  MONTH TO DATE    0.88                      0.37   0.51     0.00
  SINCE JUN 1      7.05                      8.16  -1.11     6.49
  SINCE JAN 1     26.28                     21.88   4.40    21.60

DEGREE DAYS
 HEATING
  YESTERDAY        0                         0      0        0
  MONTH TO DATE    0                         0      0        0
  SINCE JUN 1     26                        49    -23       43
  SINCE JUL 1      1                         5     -4        8

 COOLING
  YESTERDAY        9                         7      2       13
  MONTH TO DATE   24                        23      1       33
  SINCE JUN 1    417                       441    -24      479
  SINCE JAN 1    457                       497    -40      548
..................................................................


WIND (MPH)
  HIGHEST WIND SPEED    26   HIGHEST WIND DIRECTION    NW (310)
  HIGHEST GUST SPEED    36   HIGHEST GUST DIRECTION     S (200)
  AVERAGE WIND SPEED     7.5


SKY COVER
  AVERAGE SKY COVER 0.3


WEATHER CONDITIONS
 THE FOLLOWING WEATHER WAS RECORDED YESTERDAY.
  THUNDERSTORM
  HEAVY RAIN
  RAIN
  LIGHT RAIN
  FOG


RELATIVE HUMIDITY (PERCENT)
 HIGHEST   100           300 AM
 LOWEST     58           100 PM
 AVERAGE    79

..........................................................


THE SOUTH BEND CLIMATE NORMALS FOR TODAY
                         NORMAL    RECORD    YEAR
 MAXIMUM TEMPERATURE (F)   82        98      1956
 MINIMUM TEMPERATURE (F)   63        47      1912


SUNRISE AND SUNSET
AUGUST  4 2017........SUNRISE   643 AM EDT   SUNSET   859 PM EDT
AUGUST  5 2017........SUNRISE   644 AM EDT   SUNSET   858 PM EDT


-  INDICATES NEGATIVE NUMBERS.
R  INDICATES RECORD WAS SET OR TIED.
MM INDICATES DATA IS MISSING.
T  INDICATES TRACE AMOUNT.




$$
