000
CDUS43 KIWX 180020
CLISBN


CLIMATE REPORT
NATIONAL WEATHER SERVICE NORTHERN INDIANA
820 PM EDT SUN APR 17 2016


...................................

...THE SOUTH BEND CLIMATE SUMMARY FOR APRIL 17 2016...
VALID AS OF 0800 PM LOCAL TIME.

CLIMATE NORMAL PERIOD 1981 TO 2010
CLIMATE RECORD PERIOD 1893 TO 2016


WEATHER ITEM   OBSERVED TIME   RECORD YEAR NORMAL DEPARTURE LAST
                VALUE   (LST)  VALUE       VALUE  FROM      YEAR
                                                  NORMAL
..................................................................
TEMPERATURE (F)
 TODAY
  MAXIMUM         80    422 PM  85    1977  60     20       76
                                      1896
  MINIMUM         44    608 AM  23    1904  39      5       40
  AVERAGE         62                        50     12       58

PRECIPITATION (IN)
  TODAY            0.00          1.07 1969   0.11  -0.11     0.00
  MONTH TO DATE    2.23                      1.79   0.44     1.29
  SINCE MAR 1      6.40                      4.21   2.19     2.07
  SINCE JAN 1     10.18                      8.45   1.73     5.97

SNOWFALL (IN)
  TODAY            0.0           1.8  1961   0.0    0.0      0.0
  MONTH TO DATE    4.1                       1.1    3.0      0.0
  SINCE MAR 1     10.9                       8.2    2.7      6.1
  SINCE JUL 1     70.2                      66.3    3.9     83.9
  SNOW DEPTH       0

DEGREE DAYS
 HEATING
  TODAY            3                        16    -13        7
  MONTH TO DATE  396                       316     80      213
  SINCE MAR 1   1086                      1171    -85     1155
  SINCE JUL 1   5216                      5860   -644     6252

 COOLING
  TODAY            0                         0      0        0
  MONTH TO DATE    0                         0      0        0
  SINCE MAR 1      0                         1     -1        0
  SINCE JAN 1      0                         1     -1        0
..................................................................


WIND (MPH)
  RESULTANT WIND SPEED   4   RESULTANT WIND DIRECTION  SE (120)
  HIGHEST WIND SPEED    12   HIGHEST WIND DIRECTION    SE (150)
  HIGHEST GUST SPEED    14   HIGHEST GUST DIRECTION    SE (140)
  AVERAGE WIND SPEED     4.3


SKY COVER
  POSSIBLE SUNSHINE  MM
  AVERAGE SKY COVER 0.0


WEATHER CONDITIONS
 THE FOLLOWING WEATHER WAS RECORDED TODAY.
  NO SIGNIFICANT WEATHER WAS OBSERVED.


RELATIVE HUMIDITY (PERCENT)
 HIGHEST    66           700 AM
 LOWEST     24           600 PM
 AVERAGE    45

..........................................................


THE SOUTH BEND CLIMATE NORMALS FOR TOMORROW
                         NORMAL    RECORD    YEAR
 MAXIMUM TEMPERATURE (F)   61        87      2004
 MINIMUM TEMPERATURE (F)   40        23      1926


SUNRISE AND SUNSET
APRIL 17 2016.........SUNRISE   701 AM EDT   SUNSET   829 PM EDT
APRIL 18 2016.........SUNRISE   700 AM EDT   SUNSET   830 PM EDT


-  INDICATES NEGATIVE NUMBERS.
R  INDICATES RECORD WAS SET OR TIED.
MM INDICATES DATA IS MISSING.
T  INDICATES TRACE AMOUNT.




$$
