000
CDUS43 KIWX 140530
CLISBN


CLIMATE REPORT
NATIONAL WEATHER SERVICE NORTHERN INDIANA
130 AM EDT THU AUG 14 2014


...................................

...THE SOUTH BEND CLIMATE SUMMARY FOR AUGUST 13 2014...

CLIMATE NORMAL PERIOD 1981 TO 2010
CLIMATE RECORD PERIOD 1893 TO 2014


WEATHER ITEM   OBSERVED TIME   RECORD YEAR NORMAL DEPARTURE LAST
                VALUE   (LST)  VALUE       VALUE  FROM      YEAR
                                                  NORMAL
..................................................................
TEMPERATURE (F)
 YESTERDAY
  MAXIMUM         79    338 PM 100    1936  81     -2       69
  MINIMUM         55    635 AM  47    1941  62     -7       53
  AVERAGE         67                        72     -5       61

PRECIPITATION (IN)
  YESTERDAY        0.00          1.89 1980   0.12  -0.12     0.00
  MONTH TO DATE    0.87                      1.61  -0.74     2.64
  SINCE JUN 1     11.80                      9.40   2.40     9.23
  SINCE JAN 1     26.88                     23.12   3.76    26.53

DEGREE DAYS
 HEATING
  YESTERDAY        0                         0      0        4
  MONTH TO DATE    2                         0      2        5
  SINCE JUN 1     37                        49    -12       56
  SINCE JUL 1     20                         5     15       19

 COOLING
  YESTERDAY        2                         7     -5        0
  MONTH TO DATE   85                        93     -8       57
  SINCE JUN 1    441                       511    -70      451
  SINCE JAN 1    526                       567    -41      547
..................................................................


WIND (MPH)
  HIGHEST WIND SPEED    18   HIGHEST WIND DIRECTION    NW (330)
  HIGHEST GUST SPEED    22   HIGHEST GUST DIRECTION    NW (320)
  AVERAGE WIND SPEED     6.4


SKY COVER
  AVERAGE SKY COVER 0.3


WEATHER CONDITIONS
 THE FOLLOWING WEATHER WAS RECORDED YESTERDAY.
  FOG
  FOG W/VISIBILITY <= 1/4 MILE


RELATIVE HUMIDITY (PERCENT)
 HIGHEST    93           100 AM
 LOWEST     41          1100 AM
 AVERAGE    67

..........................................................


THE SOUTH BEND CLIMATE NORMALS FOR TODAY
                         NORMAL    RECORD    YEAR
 MAXIMUM TEMPERATURE (F)   81        97      1944
                                             1895
 MINIMUM TEMPERATURE (F)   62        44      1964


SUNRISE AND SUNSET
AUGUST 14 2014........SUNRISE   653 AM EDT   SUNSET   846 PM EDT
AUGUST 15 2014........SUNRISE   654 AM EDT   SUNSET   845 PM EDT


-  INDICATES NEGATIVE NUMBERS.
R  INDICATES RECORD WAS SET OR TIED.
MM INDICATES DATA IS MISSING.
T  INDICATES TRACE AMOUNT.




$$
