000
CDUS43 KIWX 120020
CLISBN


CLIMATE REPORT
NATIONAL WEATHER SERVICE NORTHERN INDIANA
820 PM EDT SUN JUN 11 2017


...................................

...THE SOUTH BEND CLIMATE SUMMARY FOR JUNE 11 2017...
VALID AS OF 0800 PM LOCAL TIME.

CLIMATE NORMAL PERIOD 1981 TO 2010
CLIMATE RECORD PERIOD 1893 TO 2017


WEATHER ITEM   OBSERVED TIME   RECORD YEAR NORMAL DEPARTURE LAST
                VALUE   (LST)  VALUE       VALUE  FROM      YEAR
                                                  NORMAL
..................................................................
TEMPERATURE (F)
 TODAY
  MAXIMUM         91    244 PM 100    1933  78     13       93
  MINIMUM         67    504 AM  35    1972  58      9       71
  AVERAGE         79                        68     11       82

PRECIPITATION (IN)
  TODAY            0.00          2.81 2009   0.13  -0.13     0.00
  MONTH TO DATE    0.17                      1.45  -1.28     0.16
  SINCE JUN 1      0.17                      1.45  -1.28     0.16
  SINCE JAN 1     19.40                     15.17   4.23    15.27

SNOWFALL (IN)
  TODAY            0.0           0.0  2002   0.0    0.0      0.0
                                      2001
                                      2000
  MONTH TO DATE    0.0                       0.0    0.0      0.0
  SINCE JUN 1      0.0                       0.0    0.0      0.0
  SINCE JUL 1     42.2                      66.6  -24.4     70.2
  SNOW DEPTH       0

DEGREE DAYS
 HEATING
  TODAY            0                         2     -2        0
  MONTH TO DATE   13                        27    -14       22
  SINCE JUN 1     13                        27    -14       22
  SINCE JUL 1   5515                      6281   -766     5627

 COOLING
  TODAY           14                         5      9       17
  MONTH TO DATE   47                        40      7       53
  SINCE JUN 1     47                        40      7       53
  SINCE JAN 1     87                        96     -9      122
..................................................................


WIND (MPH)
  RESULTANT WIND SPEED  14   RESULTANT WIND DIRECTION  SW (210)
  HIGHEST WIND SPEED    22   HIGHEST WIND DIRECTION     S (180)
  HIGHEST GUST SPEED    30   HIGHEST GUST DIRECTION     S (190)
  AVERAGE WIND SPEED    14.6


SKY COVER
  POSSIBLE SUNSHINE  MM
  AVERAGE SKY COVER 0.0


WEATHER CONDITIONS
 THE FOLLOWING WEATHER WAS RECORDED TODAY.
  NO SIGNIFICANT WEATHER WAS OBSERVED.


RELATIVE HUMIDITY (PERCENT)
 HIGHEST    68           500 AM
 LOWEST     34           500 PM
 AVERAGE    51

..........................................................


THE SOUTH BEND CLIMATE NORMALS FOR TOMORROW
                         NORMAL    RECORD    YEAR
 MAXIMUM TEMPERATURE (F)   79        94      1956
                                             1901
 MINIMUM TEMPERATURE (F)   58        42      1936


SUNRISE AND SUNSET
JUNE 11 2017..........SUNRISE   610 AM EDT   SUNSET   920 PM EDT
JUNE 12 2017..........SUNRISE   610 AM EDT   SUNSET   920 PM EDT


-  INDICATES NEGATIVE NUMBERS.
R  INDICATES RECORD WAS SET OR TIED.
MM INDICATES DATA IS MISSING.
T  INDICATES TRACE AMOUNT.




$$
