000
CDUS43 KIWX 050529
CLISBN


CLIMATE REPORT
NATIONAL WEATHER SERVICE NORTHERN INDIANA
129 AM EDT THU OCT 5 2017


...................................

...THE SOUTH BEND CLIMATE SUMMARY FOR OCTOBER 4 2017...

CLIMATE NORMAL PERIOD 1981 TO 2010
CLIMATE RECORD PERIOD 1893 TO 2017


WEATHER ITEM   OBSERVED TIME   RECORD YEAR NORMAL DEPARTURE LAST
                VALUE   (LST)  VALUE       VALUE  FROM      YEAR
                                                  NORMAL
..................................................................
TEMPERATURE (F)
 YESTERDAY
  MAXIMUM         76   1104 AM  89    1922  66     10       76
  MINIMUM         61   1134 PM  30    1989  46     15       58
                                      1908
  AVERAGE         69                        56     13       67

PRECIPITATION (IN)
  YESTERDAY        0.20          2.41 1991   0.11   0.09     0.00
  MONTH TO DATE    0.23                      0.44  -0.21     0.89
  SINCE SEP 1      2.27                      3.97  -1.70     4.63
  SINCE JAN 1     29.86                     29.24   0.62    39.04

SNOWFALL (IN)
  YESTERDAY        0.0           0.0  2002   0.0    0.0      0.0
                                      2001
  MONTH TO DATE    0.0                       0.0    0.0      0.0
  SINCE SEP 1      0.0                       T      0.0      0.0
  SINCE JUL 1      0.0                       T      0.0      0.0
  SNOW DEPTH       0

DEGREE DAYS
 HEATING
  YESTERDAY        0                         9     -9        0
  MONTH TO DATE    8                        35    -27       19
  SINCE SEP 1     99                       151    -52       49
  SINCE JUL 1    120                       169    -49       57

 COOLING
  YESTERDAY        4                         1      3        2
  MONTH TO DATE   13                         4      9        2
  SINCE SEP 1    131                        86     45      125
  SINCE JAN 1    683                       768    -85      934
..................................................................


WIND (MPH)
  HIGHEST WIND SPEED    17   HIGHEST WIND DIRECTION    NW (310)
  HIGHEST GUST SPEED    22   HIGHEST GUST DIRECTION    SW (230)
  AVERAGE WIND SPEED     7.6


SKY COVER
  AVERAGE SKY COVER 0.9


WEATHER CONDITIONS
 THE FOLLOWING WEATHER WAS RECORDED YESTERDAY.
  THUNDERSTORM
  HEAVY RAIN
  RAIN
  LIGHT RAIN
  FOG


RELATIVE HUMIDITY (PERCENT)
 HIGHEST   100           700 AM
 LOWEST     79          1100 AM
 AVERAGE    90

..........................................................


THE SOUTH BEND CLIMATE NORMALS FOR TODAY
                         NORMAL    RECORD    YEAR
 MAXIMUM TEMPERATURE (F)   66        89      1905
 MINIMUM TEMPERATURE (F)   46        29      1901


SUNRISE AND SUNSET
OCTOBER  5 2017.......SUNRISE   747 AM EDT   SUNSET   720 PM EDT
OCTOBER  6 2017.......SUNRISE   748 AM EDT   SUNSET   718 PM EDT


-  INDICATES NEGATIVE NUMBERS.
R  INDICATES RECORD WAS SET OR TIED.
MM INDICATES DATA IS MISSING.
T  INDICATES TRACE AMOUNT.




$$
