000
CDUS43 KIWX 150025
CLISBN


CLIMATE REPORT
NATIONAL WEATHER SERVICE NORTHERN INDIANA
825 PM EDT MON JUL 14 2014


...................................

...THE SOUTH BEND CLIMATE SUMMARY FOR JULY 14 2014...
VALID AS OF 0800 PM LOCAL TIME.

CLIMATE NORMAL PERIOD 1981 TO 2010
CLIMATE RECORD PERIOD 1893 TO 2014


WEATHER ITEM   OBSERVED TIME   RECORD YEAR NORMAL DEPARTURE LAST
                VALUE   (LST)  VALUE       VALUE  FROM      YEAR
                                                  NORMAL
..................................................................
TEMPERATURE (F)
 TODAY
  MAXIMUM         80   1227 PM 108    1936  83     -3       89
  MINIMUM         64    228 PM  48    1930  63      1       67
  AVERAGE         72                        73     -1       78

PRECIPITATION (IN)
  TODAY            0.46          3.16 1937   0.13   0.33     0.00
  MONTH TO DATE    1.52                      1.74  -0.22     1.43
  SINCE JUN 1     10.66                      5.53   5.13     4.86
  SINCE JAN 1     25.74                     19.25   6.49    22.16

DEGREE DAYS
 HEATING
  TODAY            0                         0      0        0
  MONTH TO DATE    2                         0      2        3
  SINCE JUN 1     19                        44    -25       40
  SINCE JUL 1      2                         0      2        3

 COOLING
  TODAY            7                         8     -1       13
  MONTH TO DATE   80                       112    -32       94
  SINCE JUN 1    296                       277     19      259
  SINCE JAN 1    381                       333     48      355
..................................................................


WIND (MPH)
  RESULTANT WIND SPEED   2   RESULTANT WIND DIRECTION   W (270)
  HIGHEST WIND SPEED    21   HIGHEST WIND DIRECTION     N (360)
  HIGHEST GUST SPEED    24   HIGHEST GUST DIRECTION     N (360)
  AVERAGE WIND SPEED     5.9


SKY COVER
  POSSIBLE SUNSHINE  MM
  AVERAGE SKY COVER 0.5


WEATHER CONDITIONS
 THE FOLLOWING WEATHER WAS RECORDED TODAY.
  THUNDERSTORM
  HEAVY RAIN
  RAIN
  LIGHT RAIN
  FOG


RELATIVE HUMIDITY (PERCENT)
 HIGHEST    93           500 AM
 LOWEST     48          1100 AM
 AVERAGE    71

..........................................................


THE SOUTH BEND CLIMATE NORMALS FOR TOMORROW
                         NORMAL    RECORD    YEAR
 MAXIMUM TEMPERATURE (F)   83       100      1936
 MINIMUM TEMPERATURE (F)   63        42      1930


SUNRISE AND SUNSET
JULY 14 2014..........SUNRISE   623 AM EDT   SUNSET   919 PM EDT
JULY 15 2014..........SUNRISE   624 AM EDT   SUNSET   918 PM EDT


-  INDICATES NEGATIVE NUMBERS.
R  INDICATES RECORD WAS SET OR TIED.
MM INDICATES DATA IS MISSING.
T  INDICATES TRACE AMOUNT.




$$
