000
CDUS43 KIWX 130527
CLISBN


CLIMATE REPORT
NATIONAL WEATHER SERVICE NORTHERN INDIANA
126 AM EDT WED JUL 13 2016


...................................

...THE SOUTH BEND CLIMATE SUMMARY FOR JULY 12 2016...

CLIMATE NORMAL PERIOD 1981 TO 2010
CLIMATE RECORD PERIOD 1893 TO 2016


WEATHER ITEM   OBSERVED TIME   RECORD YEAR NORMAL DEPARTURE LAST
                VALUE   (LST)  VALUE       VALUE  FROM      YEAR
                                                  NORMAL
..................................................................
TEMPERATURE (F)
 YESTERDAY
  MAXIMUM         92    230 PM 105    1936  83      9       79
  MINIMUM         69    604 AM  48    1932  63      6       66
  AVERAGE         81                        73      8       73

PRECIPITATION (IN)
  YESTERDAY        0.00          1.10 1977   0.13  -0.13     0.06
  MONTH TO DATE    0.47                      1.48  -1.01     1.05
  SINCE JUN 1      3.72                      5.27  -1.55     5.12
  SINCE JAN 1     18.83                     18.99  -0.16    18.21

SNOWFALL (IN)
  YESTERDAY        0.0           0.0  2002   0.0    0.0      0.0
                                      2001
  MONTH TO DATE    0.0                       0.0    0.0      0.0
  SINCE JUN 1      0.0                       0.0    0.0      0.0
  SINCE JUL 1      0.0                       0.0    0.0      0.0
  SNOW DEPTH       0

DEGREE DAYS
 HEATING
  YESTERDAY        0                         0      0        0
  MONTH TO DATE    8                         0      8       10
  SINCE JUN 1     43                        44     -1       29
  SINCE JUL 1      8                         0      8       10

 COOLING
  YESTERDAY       16                         8      8        8
  MONTH TO DATE   81                        96    -15       37
  SINCE JUN 1    257                       261     -4      194
  SINCE JAN 1    326                       317      9      280
..................................................................


WIND (MPH)
  HIGHEST WIND SPEED    24   HIGHEST WIND DIRECTION    SW (220)
  HIGHEST GUST SPEED    30   HIGHEST GUST DIRECTION    SW (220)
  AVERAGE WIND SPEED    11.3


SKY COVER
  AVERAGE SKY COVER 0.1


WEATHER CONDITIONS
 THE FOLLOWING WEATHER WAS RECORDED YESTERDAY.
  THUNDERSTORM


RELATIVE HUMIDITY (PERCENT)
 HIGHEST    93          1000 PM
 LOWEST     56           100 PM
 AVERAGE    75

..........................................................


THE SOUTH BEND CLIMATE NORMALS FOR TODAY
                         NORMAL    RECORD    YEAR
 MAXIMUM TEMPERATURE (F)   83       106      1936
 MINIMUM TEMPERATURE (F)   63        49      1940
                                             1926


SUNRISE AND SUNSET
JULY 13 2016..........SUNRISE   623 AM EDT   SUNSET   919 PM EDT
JULY 14 2016..........SUNRISE   624 AM EDT   SUNSET   918 PM EDT


-  INDICATES NEGATIVE NUMBERS.
R  INDICATES RECORD WAS SET OR TIED.
MM INDICATES DATA IS MISSING.
T  INDICATES TRACE AMOUNT.




$$
