000
CDUS43 KIWX 110022
CLISBN


CLIMATE REPORT
NATIONAL WEATHER SERVICE NORTHERN INDIANA
822 PM EDT THU APR 10 2014


...................................

...THE SOUTH BEND CLIMATE SUMMARY FOR APRIL 10 2014...
VALID AS OF 0800 PM LOCAL TIME.

CLIMATE NORMAL PERIOD 1981 TO 2010
CLIMATE RECORD PERIOD 1893 TO 2014


WEATHER ITEM   OBSERVED TIME   RECORD YEAR NORMAL DEPARTURE LAST
                VALUE   (LST)  VALUE       VALUE  FROM      YEAR
                                                  NORMAL
..................................................................
TEMPERATURE (F)
 TODAY
  MAXIMUM         68   1153 AM  86    1930  57     11       54
  MINIMUM         50    639 AM  15    1909  37     13       42
  AVERAGE         59                        47     12       48

PRECIPITATION (IN)
  TODAY            T             1.04 2008   0.11  -0.11     0.16
  MONTH TO DATE    1.26                      1.02   0.24     0.31
  SINCE MAR 1      2.95                      3.44  -0.49     1.57
  SINCE JAN 1      8.89                      7.68   1.21     9.06

DEGREE DAYS
 HEATING
  TODAY            6                        18    -12       17
  MONTH TO DATE  199                       199      0      210
  SINCE MAR 1   1275                      1054    221     1224
  SINCE JUL 1   6458                      5743    715     5621

 COOLING
  TODAY            0                         0      0        0
  MONTH TO DATE    0                         0      0        0
  SINCE MAR 1      0                         1     -1        0
  SINCE JAN 1      0                         1     -1        0
..................................................................


WIND (MPH)
  RESULTANT WIND SPEED  14   RESULTANT WIND DIRECTION  SW (220)
  HIGHEST WIND SPEED    29   HIGHEST WIND DIRECTION     W (250)
  HIGHEST GUST SPEED    38   HIGHEST GUST DIRECTION    SW (210)
  AVERAGE WIND SPEED    15.5


SKY COVER
  POSSIBLE SUNSHINE  MM
  AVERAGE SKY COVER 0.3


WEATHER CONDITIONS
 THE FOLLOWING WEATHER WAS RECORDED TODAY.
  LIGHT RAIN


RELATIVE HUMIDITY (PERCENT)
 HIGHEST    67           500 PM
 LOWEST     37          1200 PM
 AVERAGE    52

..........................................................


THE SOUTH BEND CLIMATE NORMALS FOR TOMORROW
                         NORMAL    RECORD    YEAR
 MAXIMUM TEMPERATURE (F)   58        90      1930
 MINIMUM TEMPERATURE (F)   37        16      1909


SUNRISE AND SUNSET
APRIL 10 2014.........SUNRISE   713 AM EDT   SUNSET   821 PM EDT
APRIL 11 2014.........SUNRISE   712 AM EDT   SUNSET   822 PM EDT


-  INDICATES NEGATIVE NUMBERS.
R  INDICATES RECORD WAS SET OR TIED.
MM INDICATES DATA IS MISSING.
T  INDICATES TRACE AMOUNT.




$$
