000
CDUS43 KIWX 010528
CLISBN


CLIMATE REPORT
NATIONAL WEATHER SERVICE NORTHERN INDIANA
1227 AM EST FRI DEC 1 2017


...................................

...THE SOUTH BEND CLIMATE SUMMARY FOR NOVEMBER 30 2017...

CLIMATE NORMAL PERIOD 1981 TO 2010
CLIMATE RECORD PERIOD 1893 TO 2017


WEATHER ITEM   OBSERVED TIME   RECORD YEAR NORMAL DEPARTURE LAST
                VALUE   (LST)  VALUE       VALUE  FROM      YEAR
                                                  NORMAL
..................................................................
TEMPERATURE (F)
 YESTERDAY
  MAXIMUM         49    410 PM  68    1933  41      8       47
  MINIMUM         29   1157 PM  -4    1929  28      1       34
  AVERAGE         39                        34      5       41

PRECIPITATION (IN)
  YESTERDAY        0.02          1.45 1908   0.11  -0.09      T
  MONTH TO DATE    3.40                      3.27   0.13     2.98
  SINCE SEP 1     14.57                     10.12   4.45    10.20
  SINCE JAN 1     42.16                     35.39   6.77    44.61

SNOWFALL (IN)
  YESTERDAY        0.0           5.0  1963   0.3   -0.3      0.0
  MONTH TO DATE    T                         4.8   -4.8      0.5
  SINCE SEP 1      T                         5.2   -5.2      0.5
  SINCE JUL 1      T                         5.2   -5.2      0.5
  SNOW DEPTH       0

DEGREE DAYS
 HEATING
  YESTERDAY       26                        31     -5       24
  MONTH TO DATE  775                       728     47      569
  SINCE SEP 1   1162                      1251    -89      893
  SINCE JUL 1   1183                      1269    -86      901

 COOLING
  YESTERDAY        0                         0      0        0
  MONTH TO DATE    0                         0      0        1
  SINCE SEP 1    140                        91     49      141
  SINCE JAN 1    692                       773    -81      950
..................................................................


WIND (MPH)
  HIGHEST WIND SPEED    23   HIGHEST WIND DIRECTION    NW (320)
  HIGHEST GUST SPEED    34   HIGHEST GUST DIRECTION    NW (300)
  AVERAGE WIND SPEED    10.5


SKY COVER
  AVERAGE SKY COVER 0.4


WEATHER CONDITIONS
 THE FOLLOWING WEATHER WAS RECORDED YESTERDAY.
  LIGHT RAIN


RELATIVE HUMIDITY (PERCENT)
 HIGHEST    92          1000 PM
 LOWEST     46           300 PM
 AVERAGE    69

..........................................................


THE SOUTH BEND CLIMATE NORMALS FOR TODAY
                         NORMAL    RECORD    YEAR
 MAXIMUM TEMPERATURE (F)   40        67      1970
 MINIMUM TEMPERATURE (F)   27         3      1893


SUNRISE AND SUNSET
DECEMBER  1 2017......SUNRISE   753 AM EST   SUNSET   516 PM EST
DECEMBER  2 2017......SUNRISE   754 AM EST   SUNSET   515 PM EST


-  INDICATES NEGATIVE NUMBERS.
R  INDICATES RECORD WAS SET OR TIED.
MM INDICATES DATA IS MISSING.
T  INDICATES TRACE AMOUNT.




$$
