000
CDUS43 KIWX 102020
CLISBN


CLIMATE REPORT
NATIONAL WEATHER SERVICE NORTHERN INDIANA
420 PM EDT SAT JUN 10 2017


...................................

...THE SOUTH BEND CLIMATE SUMMARY FOR JUNE 10 2017...
VALID TODAY AS OF 0400 PM LOCAL TIME.

CLIMATE NORMAL PERIOD 1981 TO 2010
CLIMATE RECORD PERIOD 1893 TO 2017


WEATHER ITEM   OBSERVED TIME   RECORD YEAR NORMAL DEPARTURE LAST
                VALUE   (LST)  VALUE       VALUE  FROM      YEAR
                                                  NORMAL
..................................................................
TEMPERATURE (F)
 TODAY
  MAXIMUM         87    259 PM  99    1933  78      9       92
  MINIMUM         64    155 AM  38    1972  57      7       64
  AVERAGE         76                        68      8       78

PRECIPITATION (IN)
  TODAY            0.00          1.84 1967   0.13  -0.13      T
  MONTH TO DATE    0.17                      1.32  -1.15     0.16
  SINCE JUN 1      0.17                      1.32  -1.15     0.16
  SINCE JAN 1     19.40                     15.04   4.36    15.27

DEGREE DAYS
 HEATING
  TODAY            0                         2     -2        0
  MONTH TO DATE   13                        25    -12       22
  SINCE JUN 1     13                        25    -12       22
  SINCE JUL 1   5515                      6279   -764     5627

 COOLING
  TODAY           11                         4      7       13
  MONTH TO DATE   33                        35     -2       36
  SINCE JUN 1     33                        35     -2       36
  SINCE JAN 1     73                        91    -18      105
..................................................................


WIND (MPH)
  HIGHEST WIND SPEED    26   HIGHEST WIND DIRECTION     S (190)
  HIGHEST GUST SPEED    33   HIGHEST GUST DIRECTION     S (200)
  AVERAGE WIND SPEED    11.8


SKY COVER
  POSSIBLE SUNSHINE  MM
  AVERAGE SKY COVER 0.1


WEATHER CONDITIONS
 THE FOLLOWING WEATHER WAS RECORDED TODAY.
  NO SIGNIFICANT WEATHER WAS OBSERVED.


RELATIVE HUMIDITY (PERCENT)
 HIGHEST    81           100 AM
 LOWEST     31           300 PM
 AVERAGE    56

..........................................................


THE SOUTH BEND CLIMATE NORMALS FOR TOMORROW
                         NORMAL    RECORD    YEAR
 MAXIMUM TEMPERATURE (F)   78       100      1933
 MINIMUM TEMPERATURE (F)   58        35      1972


SUNRISE AND SUNSET
JUNE 10 2017..........SUNRISE   610 AM EDT   SUNSET   919 PM EDT
JUNE 11 2017..........SUNRISE   610 AM EDT   SUNSET   920 PM EDT


-  INDICATES NEGATIVE NUMBERS.
R  INDICATES RECORD WAS SET OR TIED.
MM INDICATES DATA IS MISSING.
T  INDICATES TRACE AMOUNT.




$$
