000
CDUS43 KIWX 280529
CLISBN


CLIMATE REPORT
NATIONAL WEATHER SERVICE NORTHERN INDIANA
1228 AM EST TUE NOV 28 2017


...................................

...THE SOUTH BEND CLIMATE SUMMARY FOR NOVEMBER 27 2017...

CLIMATE NORMAL PERIOD 1981 TO 2010
CLIMATE RECORD PERIOD 1893 TO 2017


WEATHER ITEM   OBSERVED TIME   RECORD YEAR NORMAL DEPARTURE LAST
                VALUE   (LST)  VALUE       VALUE  FROM      YEAR
                                                  NORMAL
..................................................................
TEMPERATURE (F)
 YESTERDAY
  MAXIMUM         56    334 PM  68    1990  42     14       44
  MINIMUM         29    805 AM   0    1930  29      0       29
  AVERAGE         43                        36      7       37

PRECIPITATION (IN)
  YESTERDAY        0.00          3.92 1990   0.11  -0.11     0.00
  MONTH TO DATE    3.38                      2.95   0.43     2.07
  SINCE SEP 1     14.55                      9.80   4.75     9.29
  SINCE JAN 1     42.14                     35.07   7.07    43.70

SNOWFALL (IN)
  YESTERDAY        0.0           6.1  2013   0.3   -0.3      0.0
  MONTH TO DATE    T                         4.0   -4.0      0.5
  SINCE SEP 1      T                         4.4   -4.4      0.5
  SINCE JUL 1      T                         4.4   -4.4      0.5
  SNOW DEPTH       0

DEGREE DAYS
 HEATING
  YESTERDAY       22                        29     -7       28
  MONTH TO DATE  709                       637     72      509
  SINCE SEP 1   1096                      1160    -64      833
  SINCE JUL 1   1117                      1178    -61      841

 COOLING
  YESTERDAY        0                         0      0        0
  MONTH TO DATE    0                         0      0        1
  SINCE SEP 1    140                        91     49      141
  SINCE JAN 1    692                       773    -81      950
..................................................................


WIND (MPH)
  HIGHEST WIND SPEED    18   HIGHEST WIND DIRECTION     S (190)
  HIGHEST GUST SPEED    25   HIGHEST GUST DIRECTION     S (200)
  AVERAGE WIND SPEED     7.2


SKY COVER
  AVERAGE SKY COVER 0.0


WEATHER CONDITIONS
 THE FOLLOWING WEATHER WAS RECORDED YESTERDAY.
  NO SIGNIFICANT WEATHER WAS OBSERVED.


RELATIVE HUMIDITY (PERCENT)
 HIGHEST   100           700 AM
 LOWEST     51           300 PM
 AVERAGE    76

..........................................................


THE SOUTH BEND CLIMATE NORMALS FOR TODAY
                         NORMAL    RECORD    YEAR
 MAXIMUM TEMPERATURE (F)   42        67      1909
 MINIMUM TEMPERATURE (F)   29         1      1930


SUNRISE AND SUNSET
NOVEMBER 28 2017......SUNRISE   750 AM EST   SUNSET   517 PM EST
NOVEMBER 29 2017......SUNRISE   751 AM EST   SUNSET   516 PM EST


-  INDICATES NEGATIVE NUMBERS.
R  INDICATES RECORD WAS SET OR TIED.
MM INDICATES DATA IS MISSING.
T  INDICATES TRACE AMOUNT.




$$
