000
CDUS43 KIWX 090021
CLISBN


CLIMATE REPORT
NATIONAL WEATHER SERVICE NORTHERN INDIANA
821 PM EDT FRI JUL 8 2016


...................................

...THE SOUTH BEND CLIMATE SUMMARY FOR JULY 8 2016...
VALID AS OF 0800 PM LOCAL TIME.

CLIMATE NORMAL PERIOD 1981 TO 2010
CLIMATE RECORD PERIOD 1893 TO 2016


WEATHER ITEM   OBSERVED TIME   RECORD YEAR NORMAL DEPARTURE LAST
                VALUE   (LST)  VALUE       VALUE  FROM      YEAR
                                                  NORMAL
..................................................................
TEMPERATURE (F)
 TODAY
  MAXIMUM         86    322 PM 106    1936  83      3       67
  MINIMUM         67    639 AM  47    1984  63      4       53
  AVERAGE         77                        73      4       60

PRECIPITATION (IN)
  TODAY            0.00          2.17 1951   0.13  -0.13     0.02
  MONTH TO DATE    0.47                      0.97  -0.50     0.29
  SINCE JUN 1      3.72                      4.76  -1.04     4.36
  SINCE JAN 1     18.83                     18.48   0.35    17.45

SNOWFALL (IN)
  TODAY            0.0           0.0  2002   0.0    0.0      0.0
                                      2001
  MONTH TO DATE    0.0                       0.0    0.0      0.0
  SINCE JUN 1      0.0                       0.0    0.0      0.0
  SINCE JUL 1      0.0                       0.0    0.0      0.0
  SNOW DEPTH       0

DEGREE DAYS
 HEATING
  TODAY            0                         0      0        5
  MONTH TO DATE    8                         0      8        9
  SINCE JUN 1     43                        44     -1       28
  SINCE JUL 1      8                         0      8        9

 COOLING
  TODAY           12                         8      4        0
  MONTH TO DATE   49                        64    -15       25
  SINCE JUN 1    225                       229     -4      182
  SINCE JAN 1    294                       285      9      268
..................................................................


WIND (MPH)
  RESULTANT WIND SPEED   6   RESULTANT WIND DIRECTION   W (260)
  HIGHEST WIND SPEED    21   HIGHEST WIND DIRECTION    NW (320)
  HIGHEST GUST SPEED    26   HIGHEST GUST DIRECTION    NW (330)
  AVERAGE WIND SPEED     7.2


SKY COVER
  POSSIBLE SUNSHINE  MM
  AVERAGE SKY COVER 0.7


WEATHER CONDITIONS
 THE FOLLOWING WEATHER WAS RECORDED TODAY.
  THUNDERSTORM
  FOG
  FOG W/VISIBILITY <= 1/4 MILE
  HAZE


RELATIVE HUMIDITY (PERCENT)
 HIGHEST   100           200 AM
 LOWEST     47           500 PM
 AVERAGE    74

..........................................................


THE SOUTH BEND CLIMATE NORMALS FOR TOMORROW
                         NORMAL    RECORD    YEAR
 MAXIMUM TEMPERATURE (F)   83       102      1936
 MINIMUM TEMPERATURE (F)   63        49      1899


SUNRISE AND SUNSET
JULY  8 2016..........SUNRISE   619 AM EDT   SUNSET   922 PM EDT
JULY  9 2016..........SUNRISE   620 AM EDT   SUNSET   921 PM EDT


-  INDICATES NEGATIVE NUMBERS.
R  INDICATES RECORD WAS SET OR TIED.
MM INDICATES DATA IS MISSING.
T  INDICATES TRACE AMOUNT.




$$
