780
CDUS43 KIWX 170526
CLISBN


CLIMATE REPORT
NATIONAL WEATHER SERVICE NORTHERN INDIANA
126 AM EDT FRI MAR 17 2017


...................................

...THE SOUTH BEND CLIMATE SUMMARY FOR MARCH 16 2017...

CLIMATE NORMAL PERIOD 1981 TO 2010
CLIMATE RECORD PERIOD 1893 TO 2017


WEATHER ITEM   OBSERVED TIME   RECORD YEAR NORMAL DEPARTURE LAST
                VALUE   (LST)  VALUE       VALUE  FROM      YEAR
                                                  NORMAL
..................................................................
TEMPERATURE (F)
 YESTERDAY
  MAXIMUM         35    515 PM  79    2012  47    -12       59
  MINIMUM         12    710 AM   2    1900  28    -16       45
  AVERAGE         24                        37    -13       52

PRECIPITATION (IN)
  YESTERDAY        0.00          0.94 1942   0.08  -0.08     0.18
  MONTH TO DATE    1.18                      1.21  -0.03     1.94
  SINCE MAR 1      1.18                      1.21  -0.03     1.94
  SINCE JAN 1      8.17                      5.45   2.72     5.72

SNOWFALL (IN)
  YESTERDAY        0.0           5.4  1960   0.2   -0.2      0.0
  MONTH TO DATE    7.7                       4.8    2.9      6.8
  SINCE MAR 1      7.7                       4.8    2.9      6.8
  SINCE JUL 1     41.4                      62.9  -21.5     66.1
  SNOW DEPTH       1

DEGREE DAYS
 HEATING
  YESTERDAY       41                        28     13       13
  MONTH TO DATE  531                       486     45      365
  SINCE MAR 1    531                       486     45      365
  SINCE JUL 1   4508                      5175   -667     4495

 COOLING
  YESTERDAY        0                         0      0        0
  MONTH TO DATE    0                         0      0        0
  SINCE MAR 1      0                         0      0        0
  SINCE JAN 1      0                         0      0        0
..................................................................


WIND (MPH)
  HIGHEST WIND SPEED    13   HIGHEST WIND DIRECTION     W (250)
  HIGHEST GUST SPEED    16   HIGHEST GUST DIRECTION    SW (240)
  AVERAGE WIND SPEED     6.0


SKY COVER
  AVERAGE SKY COVER 0.0


WEATHER CONDITIONS
 THE FOLLOWING WEATHER WAS RECORDED YESTERDAY.
  NO SIGNIFICANT WEATHER WAS OBSERVED.


RELATIVE HUMIDITY (PERCENT)
 HIGHEST    84           600 AM
 LOWEST     40           400 PM
 AVERAGE    62

..........................................................


THE SOUTH BEND CLIMATE NORMALS FOR TODAY
                         NORMAL    RECORD    YEAR
 MAXIMUM TEMPERATURE (F)   47        78      2012
 MINIMUM TEMPERATURE (F)   29        -3      1900


SUNRISE AND SUNSET
MARCH 17 2017.........SUNRISE   753 AM EDT   SUNSET   754 PM EDT
MARCH 18 2017.........SUNRISE   752 AM EDT   SUNSET   756 PM EDT


-  INDICATES NEGATIVE NUMBERS.
R  INDICATES RECORD WAS SET OR TIED.
MM INDICATES DATA IS MISSING.
T  INDICATES TRACE AMOUNT.




$$
