000
CDUS43 KIWX 040022
CLISBN


CLIMATE REPORT
NATIONAL WEATHER SERVICE NORTHERN INDIANA
822 PM EDT TUE OCT 3 2017


...................................

...THE SOUTH BEND CLIMATE SUMMARY FOR OCTOBER 3 2017...
VALID AS OF 0800 PM LOCAL TIME.

CLIMATE NORMAL PERIOD 1981 TO 2010
CLIMATE RECORD PERIOD 1893 TO 2017


WEATHER ITEM   OBSERVED TIME   RECORD YEAR NORMAL DEPARTURE LAST
                VALUE   (LST)  VALUE       VALUE  FROM      YEAR
                                                  NORMAL
..................................................................
TEMPERATURE (F)
 TODAY
  MAXIMUM         81    312 PM  88    1953  67     14       67
                                      1898
  MINIMUM         59    656 AM  28    1974  47     12       56
  AVERAGE         70                        57     13       62

PRECIPITATION (IN)
  TODAY            0.03          2.37 1986   0.12  -0.09     0.00
  MONTH TO DATE    0.03                      0.33  -0.30     0.89
  SINCE SEP 1      2.07                      3.86  -1.79     4.63
  SINCE JAN 1     29.66                     29.13   0.53    39.04

DEGREE DAYS
 HEATING
  TODAY            0                         9     -9        3
  MONTH TO DATE    8                        26    -18       19
  SINCE SEP 1     99                       142    -43       49
  SINCE JUL 1    120                       160    -40       57

 COOLING
  TODAY            5                         1      4        0
  MONTH TO DATE    9                         3      6        0
  SINCE SEP 1    127                        85     42      123
  SINCE JAN 1    679                       767    -88      932
..................................................................


WIND (MPH)
  RESULTANT WIND SPEED  11   RESULTANT WIND DIRECTION   S (190)
  HIGHEST WIND SPEED    21   HIGHEST WIND DIRECTION     S (190)
  HIGHEST GUST SPEED    25   HIGHEST GUST DIRECTION     S (190)
  AVERAGE WIND SPEED    11.7


SKY COVER
  POSSIBLE SUNSHINE  MM
  AVERAGE SKY COVER 0.5


WEATHER CONDITIONS
 THE FOLLOWING WEATHER WAS RECORDED TODAY.
  FOG


RELATIVE HUMIDITY (PERCENT)
 HIGHEST    90           700 PM
 LOWEST     52           100 AM
 AVERAGE    71

..........................................................


THE SOUTH BEND CLIMATE NORMALS FOR TOMORROW
                         NORMAL    RECORD    YEAR
 MAXIMUM TEMPERATURE (F)   66        89      1922
 MINIMUM TEMPERATURE (F)   46        30      1989
                                             1908


SUNRISE AND SUNSET
OCTOBER  3 2017.......SUNRISE   744 AM EDT   SUNSET   723 PM EDT
OCTOBER  4 2017.......SUNRISE   746 AM EDT   SUNSET   721 PM EDT


-  INDICATES NEGATIVE NUMBERS.
R  INDICATES RECORD WAS SET OR TIED.
MM INDICATES DATA IS MISSING.
T  INDICATES TRACE AMOUNT.




$$
