366
CDUS43 KIWX 200526
CLISBN


CLIMATE REPORT
NATIONAL WEATHER SERVICE NORTHERN INDIANA
125 AM EDT SAT MAY 20 2017


...................................

...THE SOUTH BEND CLIMATE SUMMARY FOR MAY 19 2017...

CLIMATE NORMAL PERIOD 1981 TO 2010
CLIMATE RECORD PERIOD 1893 TO 2017


WEATHER ITEM   OBSERVED TIME   RECORD YEAR NORMAL DEPARTURE LAST
                VALUE   (LST)  VALUE       VALUE  FROM      YEAR
                                                  NORMAL
..................................................................
TEMPERATURE (F)
 YESTERDAY
  MAXIMUM         56   1206 AM  94    1934  71    -15       70
  MINIMUM         46    720 AM  32    2002  50     -4       36
  AVERAGE         51                        60     -9       53

PRECIPITATION (IN)
  YESTERDAY        0.33          1.14 1926   0.13   0.20     0.00
  MONTH TO DATE    3.11                      2.27   0.84     2.39
  SINCE MAR 1     10.43                      7.92   2.51    11.23
  SINCE JAN 1     17.42                     12.16   5.26    15.01

SNOWFALL (IN)
  YESTERDAY        0.0           T    1968   0.0    0.0      0.0
  MONTH TO DATE    0.0                       0.0    0.0      0.0
  SINCE MAR 1      8.5                       8.5    0.0     10.9
  SINCE JUL 1     42.2                      66.6  -24.4     70.2
  SNOW DEPTH       0

DEGREE DAYS
 HEATING
  YESTERDAY       14                         6      8       12
  MONTH TO DATE  221                       164     57      239
  SINCE MAR 1   1473                      1506    -33     1453
  SINCE JUL 1   5450                      6195   -745     5583

 COOLING
  YESTERDAY        0                         2     -2        0
  MONTH TO DATE   25                        20      5        0
  SINCE MAR 1     36                        30      6        4
  SINCE JAN 1     36                        30      6        4
..................................................................


WIND (MPH)
  HIGHEST WIND SPEED    18   HIGHEST WIND DIRECTION     E (80)
  HIGHEST GUST SPEED    25   HIGHEST GUST DIRECTION     E (70)
  AVERAGE WIND SPEED     8.8


SKY COVER
  AVERAGE SKY COVER 0.7


WEATHER CONDITIONS
 THE FOLLOWING WEATHER WAS RECORDED YESTERDAY.
  HEAVY RAIN
  RAIN
  LIGHT RAIN
  FOG


RELATIVE HUMIDITY (PERCENT)
 HIGHEST   100           400 PM
 LOWEST     66           300 AM
 AVERAGE    83

..........................................................


THE SOUTH BEND CLIMATE NORMALS FOR TODAY
                         NORMAL    RECORD    YEAR
 MAXIMUM TEMPERATURE (F)   71        93      1934
 MINIMUM TEMPERATURE (F)   50        30      1895


SUNRISE AND SUNSET
MAY 20 2017...........SUNRISE   621 AM EDT   SUNSET   903 PM EDT
MAY 21 2017...........SUNRISE   620 AM EDT   SUNSET   904 PM EDT


-  INDICATES NEGATIVE NUMBERS.
R  INDICATES RECORD WAS SET OR TIED.
MM INDICATES DATA IS MISSING.
T  INDICATES TRACE AMOUNT.




$$
