000
CDUS43 KIWX 100535
CLISBN


CLIMATE REPORT
NATIONAL WEATHER SERVICE NORTHERN INDIANA
134 AM EDT MON JUL 10 2017


...................................

...THE SOUTH BEND CLIMATE SUMMARY FOR JULY 9 2017...

CLIMATE NORMAL PERIOD 1981 TO 2010
CLIMATE RECORD PERIOD 1893 TO 2017


WEATHER ITEM   OBSERVED TIME   RECORD YEAR NORMAL DEPARTURE LAST
                VALUE   (LST)  VALUE       VALUE  FROM      YEAR
                                                  NORMAL
..................................................................
TEMPERATURE (F)
 YESTERDAY
  MAXIMUM         80    437 PM 102    1936  83     -3       73
  MINIMUM         52    426 AM  49    1899  63    -11       58
  AVERAGE         66                        73     -7       66

PRECIPITATION (IN)
  YESTERDAY        0.00          3.64 1989   0.12  -0.12     0.00
  MONTH TO DATE    1.32                      1.09   0.23     0.47
  SINCE JUN 1      3.74                      4.88  -1.14     3.72
  SINCE JAN 1     22.97                     18.60   4.37    18.83

DEGREE DAYS
 HEATING
  YESTERDAY        0                         0      0        0
  MONTH TO DATE    1                         0      1        8
  SINCE JUN 1     26                        44    -18       43
  SINCE JUL 1      1                         0      1        8

 COOLING
  YESTERDAY        1                         8     -7        1
  MONTH TO DATE   56                        72    -16       50
  SINCE JUN 1    229                       237     -8      226
  SINCE JAN 1    269                       293    -24      295
..................................................................


WIND (MPH)
  HIGHEST WIND SPEED    14   HIGHEST WIND DIRECTION    SW (220)
  HIGHEST GUST SPEED    18   HIGHEST GUST DIRECTION    SW (220)
  AVERAGE WIND SPEED     6.8


SKY COVER
  AVERAGE SKY COVER 0.0


WEATHER CONDITIONS
 THE FOLLOWING WEATHER WAS RECORDED YESTERDAY.
  NO SIGNIFICANT WEATHER WAS OBSERVED.


RELATIVE HUMIDITY (PERCENT)
 HIGHEST    93          1200 AM
 LOWEST     42           200 PM
 AVERAGE    68

..........................................................


THE SOUTH BEND CLIMATE NORMALS FOR TODAY
                         NORMAL    RECORD    YEAR
 MAXIMUM TEMPERATURE (F)   83       106      1936
 MINIMUM TEMPERATURE (F)   63        44      1895


SUNRISE AND SUNSET
JULY 10 2017..........SUNRISE   620 AM EDT   SUNSET   921 PM EDT
JULY 11 2017..........SUNRISE   621 AM EDT   SUNSET   920 PM EDT


-  INDICATES NEGATIVE NUMBERS.
R  INDICATES RECORD WAS SET OR TIED.
MM INDICATES DATA IS MISSING.
T  INDICATES TRACE AMOUNT.




$$
