000
CDUS43 KIWX 200522
CLISBN


CLIMATE REPORT
NATIONAL WEATHER SERVICE NORTHERN INDIANA
121 AM EDT FRI MAR 20 2015


...................................

...THE SOUTH BEND CLIMATE SUMMARY FOR MARCH 19 2015...

CLIMATE NORMAL PERIOD 1981 TO 2010
CLIMATE RECORD PERIOD 1893 TO 2015


WEATHER ITEM   OBSERVED TIME   RECORD YEAR NORMAL DEPARTURE LAST
                VALUE   (LST)  VALUE       VALUE  FROM      YEAR
                                                  NORMAL
..................................................................
TEMPERATURE (F)
 YESTERDAY
  MAXIMUM         46    521 PM  79    2012  48     -2       46
  MINIMUM         36    304 AM   3    1934  29      7       35
  AVERAGE         41                        38      3       41

PRECIPITATION (IN)
  YESTERDAY        0.00          2.15 1948   0.08  -0.08     0.48
  MONTH TO DATE    0.13                      1.44  -1.31     1.40
  SINCE MAR 1      0.13                      1.44  -1.31     1.40
  SINCE JAN 1      4.03                      5.68  -1.65     7.34

SNOWFALL (IN)
  YESTERDAY        0.0           4.2  1981   0.2   -0.2      0.0
  MONTH TO DATE    1.4                       5.4   -4.0      9.7
  SINCE MAR 1      1.4                       5.4   -4.0      9.7
  SINCE JUL 1     79.2                      63.5   15.7    103.7
  SNOW DEPTH       0

DEGREE DAYS
 HEATING
  YESTERDAY       24                        27     -3       24
  MONTH TO DATE  583                       567     16      719
  SINCE MAR 1    583                       567     16      719
  SINCE JUL 1   5680                      5256    424     5902

 COOLING
  YESTERDAY        0                         0      0        0
  MONTH TO DATE    0                         0      0        0
  SINCE MAR 1      0                         0      0        0
  SINCE JAN 1      0                         0      0        0
..................................................................


WIND (MPH)
  HIGHEST WIND SPEED    21   HIGHEST WIND DIRECTION    SE (120)
  HIGHEST GUST SPEED    24   HIGHEST GUST DIRECTION    SE (120)
  AVERAGE WIND SPEED     8.3


SKY COVER
  AVERAGE SKY COVER 0.5


WEATHER CONDITIONS
 THE FOLLOWING WEATHER WAS RECORDED YESTERDAY.
  NO SIGNIFICANT WEATHER WAS OBSERVED.


RELATIVE HUMIDITY (PERCENT)
 HIGHEST    52           300 AM
 LOWEST     25          1200 PM
 AVERAGE    39

..........................................................


THE SOUTH BEND CLIMATE NORMALS FOR TODAY
                         NORMAL    RECORD    YEAR
 MAXIMUM TEMPERATURE (F)   48        83      2012
 MINIMUM TEMPERATURE (F)   30         5      1923


SUNRISE AND SUNSET
MARCH 20 2015.........SUNRISE   749 AM EDT   SUNSET   757 PM EDT
MARCH 21 2015.........SUNRISE   747 AM EDT   SUNSET   758 PM EDT


-  INDICATES NEGATIVE NUMBERS.
R  INDICATES RECORD WAS SET OR TIED.
MM INDICATES DATA IS MISSING.
T  INDICATES TRACE AMOUNT.




$$
