000
CDUS43 KIWX 110528
CLISBN


CLIMATE REPORT
NATIONAL WEATHER SERVICE NORTHERN INDIANA
1226 AM EST TUE NOV 11 2014


...................................

...THE SOUTH BEND CLIMATE SUMMARY FOR NOVEMBER 10 2014...

CLIMATE NORMAL PERIOD 1981 TO 2010
CLIMATE RECORD PERIOD 1893 TO 2014


WEATHER ITEM   OBSERVED TIME   RECORD YEAR NORMAL DEPARTURE LAST
                VALUE   (LST)  VALUE       VALUE  FROM      YEAR
                                                  NORMAL
..................................................................
TEMPERATURE (F)
 YESTERDAY
  MAXIMUM         61    358 PM  71    1999  51     10       47
  MINIMUM         42    728 AM  18    1957  36      6       30
                                      1933
  AVERAGE         52                        43      9       39

PRECIPITATION (IN)
  YESTERDAY        0.00          1.75 1898   0.10  -0.10     0.00
  MONTH TO DATE    0.40                      1.06  -0.66     0.83
  SINCE SEP 1      8.79                      7.91   0.88     9.30
  SINCE JAN 1     37.00                     33.18   3.82    36.22

SNOWFALL (IN)
  YESTERDAY        0.0           5.0  1996   0.2   -0.2      0.0
  MONTH TO DATE    T                         0.9   -0.9      0.0
  SINCE SEP 1      0.2                       1.3   -1.1      0.3
  SINCE JUL 1      0.2                       1.3   -1.1      0.3
  SNOW DEPTH       0

DEGREE DAYS
 HEATING
  YESTERDAY       13                        22     -9       26
  MONTH TO DATE  214                       199     15      194
  SINCE SEP 1    719                       722     -3      664
  SINCE JUL 1    747                       740      7      693

 COOLING
  YESTERDAY        0                         0      0        0
  MONTH TO DATE    0                         0      0        0
  SINCE SEP 1     78                        91    -13      148
  SINCE JAN 1    771                       773     -2      828
..................................................................


WIND (MPH)
  HIGHEST WIND SPEED    24   HIGHEST WIND DIRECTION     S (160)
  HIGHEST GUST SPEED    30   HIGHEST GUST DIRECTION     S (170)
  AVERAGE WIND SPEED    12.4


SKY COVER
  AVERAGE SKY COVER 0.2


WEATHER CONDITIONS
 THE FOLLOWING WEATHER WAS RECORDED YESTERDAY.
  NO SIGNIFICANT WEATHER WAS OBSERVED.


RELATIVE HUMIDITY (PERCENT)
 HIGHEST    76           700 AM
 LOWEST     46           400 PM
 AVERAGE    61

..........................................................


THE SOUTH BEND CLIMATE NORMALS FOR TODAY
                         NORMAL    RECORD    YEAR
 MAXIMUM TEMPERATURE (F)   51        72      1964
 MINIMUM TEMPERATURE (F)   35        15      1894


SUNRISE AND SUNSET
NOVEMBER 11 2014......SUNRISE   730 AM EST   SUNSET   529 PM EST
NOVEMBER 12 2014......SUNRISE   731 AM EST   SUNSET   528 PM EST


-  INDICATES NEGATIVE NUMBERS.
R  INDICATES RECORD WAS SET OR TIED.
MM INDICATES DATA IS MISSING.
T  INDICATES TRACE AMOUNT.




$$
