000
CDUS43 KIWX 202023
CLISBN


CLIMATE REPORT
NATIONAL WEATHER SERVICE NORTHERN INDIANA
422 PM EDT MON JUL 20 2015


...................................

...THE SOUTH BEND CLIMATE SUMMARY FOR JULY 20 2015...
VALID TODAY AS OF 0400 PM LOCAL TIME.

CLIMATE NORMAL PERIOD 1981 TO 2010
CLIMATE RECORD PERIOD 1893 TO 2015


WEATHER ITEM   OBSERVED TIME   RECORD YEAR NORMAL DEPARTURE LAST
                VALUE   (LST)  VALUE       VALUE  FROM      YEAR
                                                  NORMAL
..................................................................
TEMPERATURE (F)
 TODAY
  MAXIMUM         84    259 PM 104    1934  83      1       84
  MINIMUM         62    605 AM  44    1929  63     -1       60
  AVERAGE         73                        73      0       72

PRECIPITATION (IN)
  TODAY            0.00          1.61 1931   0.14  -0.14     0.00
  MONTH TO DATE    4.79                      2.53   2.26     1.52
  SINCE JUN 1      8.86                      6.32   2.54    10.66
  SINCE JAN 1     21.95                     20.04   1.91    25.74

DEGREE DAYS
 HEATING
  TODAY            0                         0      0        0
  MONTH TO DATE   10                         0     10        9
  SINCE JUN 1     29                        44    -15       26
  SINCE JUL 1     10                         0     10        9

 COOLING
  TODAY            8                         8      0        7
  MONTH TO DATE  105                       160    -55       91
  SINCE JUN 1    262                       325    -63      307
  SINCE JAN 1    348                       381    -33      392
..................................................................


WIND (MPH)
  HIGHEST WIND SPEED    14   HIGHEST WIND DIRECTION    NW (300)
  HIGHEST GUST SPEED    17   HIGHEST GUST DIRECTION     W (290)
  AVERAGE WIND SPEED     4.6


SKY COVER
  POSSIBLE SUNSHINE  MM
  AVERAGE SKY COVER 0.0


WEATHER CONDITIONS
 THE FOLLOWING WEATHER WAS RECORDED TODAY.
  NO SIGNIFICANT WEATHER WAS OBSERVED.


RELATIVE HUMIDITY (PERCENT)
 HIGHEST    93           200 AM
 LOWEST     44           300 PM
 AVERAGE    69

..........................................................


THE SOUTH BEND CLIMATE NORMALS FOR TOMORROW
                         NORMAL    RECORD    YEAR
 MAXIMUM TEMPERATURE (F)   83       107      1934
 MINIMUM TEMPERATURE (F)   63        47      1944


SUNRISE AND SUNSET
JULY 20 2015..........SUNRISE   628 AM EDT   SUNSET   915 PM EDT
JULY 21 2015..........SUNRISE   629 AM EDT   SUNSET   914 PM EDT


-  INDICATES NEGATIVE NUMBERS.
R  INDICATES RECORD WAS SET OR TIED.
MM INDICATES DATA IS MISSING.
T  INDICATES TRACE AMOUNT.




$$
