000
CDUS43 KIWX 112025
CLISBN


CLIMATE REPORT
NATIONAL WEATHER SERVICE NORTHERN INDIANA
424 PM EDT MON JUL 11 2016


...................................

...THE SOUTH BEND CLIMATE SUMMARY FOR JULY 11 2016...
VALID TODAY AS OF 0400 PM LOCAL TIME.

CLIMATE NORMAL PERIOD 1981 TO 2010
CLIMATE RECORD PERIOD 1893 TO 2016


WEATHER ITEM   OBSERVED TIME   RECORD YEAR NORMAL DEPARTURE LAST
                VALUE   (LST)  VALUE       VALUE  FROM      YEAR
                                                  NORMAL
..................................................................
TEMPERATURE (F)
 TODAY
  MAXIMUM         88    259 PM 105    1936  83      5       79
  MINIMUM         63    507 AM  45    1917  63      0       57
  AVERAGE         76                        73      3       68

PRECIPITATION (IN)
  TODAY            0.00          1.53 2006   0.13  -0.13      T
  MONTH TO DATE    0.47                      1.35  -0.88     0.99
  SINCE JUN 1      3.72                      5.14  -1.42     5.06
  SINCE JAN 1     18.83                     18.86  -0.03    18.15

DEGREE DAYS
 HEATING
  TODAY            0                         0      0        0
  MONTH TO DATE    8                         0      8       10
  SINCE JUN 1     43                        44     -1       29
  SINCE JUL 1      8                         0      8       10

 COOLING
  TODAY           11                         8      3        3
  MONTH TO DATE   65                        88    -23       29
  SINCE JUN 1    241                       253    -12      186
  SINCE JAN 1    310                       309      1      272
..................................................................


WIND (MPH)
  HIGHEST WIND SPEED    18   HIGHEST WIND DIRECTION     S (190)
  HIGHEST GUST SPEED    22   HIGHEST GUST DIRECTION     S (200)
  AVERAGE WIND SPEED     6.2


SKY COVER
  POSSIBLE SUNSHINE  MM
  AVERAGE SKY COVER 0.3


WEATHER CONDITIONS
 THE FOLLOWING WEATHER WAS RECORDED TODAY.
  NO SIGNIFICANT WEATHER WAS OBSERVED.


RELATIVE HUMIDITY (PERCENT)
 HIGHEST    87           200 AM
 LOWEST     55           300 PM
 AVERAGE    71

..........................................................


THE SOUTH BEND CLIMATE NORMALS FOR TOMORROW
                         NORMAL    RECORD    YEAR
 MAXIMUM TEMPERATURE (F)   83       105      1936
 MINIMUM TEMPERATURE (F)   63        48      1932


SUNRISE AND SUNSET
JULY 11 2016..........SUNRISE   621 AM EDT   SUNSET   920 PM EDT
JULY 12 2016..........SUNRISE   622 AM EDT   SUNSET   920 PM EDT


-  INDICATES NEGATIVE NUMBERS.
R  INDICATES RECORD WAS SET OR TIED.
MM INDICATES DATA IS MISSING.
T  INDICATES TRACE AMOUNT.




$$
