000
CDUS43 KIWX 102021
CLISBN


CLIMATE REPORT
NATIONAL WEATHER SERVICE NORTHERN INDIANA
420 PM EDT SAT SEP 10 2016


...................................

...THE SOUTH BEND CLIMATE SUMMARY FOR SEPTEMBER 10 2016...
VALID TODAY AS OF 0400 PM LOCAL TIME.

CLIMATE NORMAL PERIOD 1981 TO 2010
CLIMATE RECORD PERIOD 1893 TO 2016


WEATHER ITEM   OBSERVED TIME   RECORD YEAR NORMAL DEPARTURE LAST
                VALUE   (LST)  VALUE       VALUE  FROM      YEAR
                                                  NORMAL
..................................................................
TEMPERATURE (F)
 TODAY
  MAXIMUM         71   1254 PM  97    2013  76     -5       76
  MINIMUM         67    224 PM  35    1917  56     11       53
  AVERAGE         69                        66      3       65

PRECIPITATION (IN)
  TODAY            0.03          1.33 1947   0.12  -0.09     0.00
  MONTH TO DATE    1.09                      1.19  -0.10     1.55
  SINCE SEP 1      1.09                      1.19  -0.10     1.55
  SINCE JAN 1     35.50                     26.46   9.04    25.82

DEGREE DAYS
 HEATING
  TODAY            0                         2     -2        0
  MONTH TO DATE    2                        15    -13        0
  SINCE SEP 1      2                        15    -13        0
  SINCE JUL 1     10                        33    -23       25

 COOLING
  TODAY            4                         3      1        0
  MONTH TO DATE   66                        43     23      104
  SINCE SEP 1     66                        43     23      104
  SINCE JAN 1    875                       725    150      749
..................................................................


WIND (MPH)
  HIGHEST WIND SPEED    22   HIGHEST WIND DIRECTION     W (290)
  HIGHEST GUST SPEED    27   HIGHEST GUST DIRECTION     W (290)
  AVERAGE WIND SPEED     8.4


SKY COVER
  POSSIBLE SUNSHINE  MM
  AVERAGE SKY COVER 0.9


WEATHER CONDITIONS
 THE FOLLOWING WEATHER WAS RECORDED TODAY.
  LIGHT RAIN
  FOG


RELATIVE HUMIDITY (PERCENT)
 HIGHEST   100           400 AM
 LOWEST     78           300 PM
 AVERAGE    89

..........................................................


THE SOUTH BEND CLIMATE NORMALS FOR TOMORROW
                         NORMAL    RECORD    YEAR
 MAXIMUM TEMPERATURE (F)   76        96      2013
                                             1931
 MINIMUM TEMPERATURE (F)   56        33      1917


SUNRISE AND SUNSET
SEPTEMBER 10 2016.....SUNRISE   721 AM EDT   SUNSET   802 PM EDT
SEPTEMBER 11 2016.....SUNRISE   722 AM EDT   SUNSET   801 PM EDT


-  INDICATES NEGATIVE NUMBERS.
R  INDICATES RECORD WAS SET OR TIED.
MM INDICATES DATA IS MISSING.
T  INDICATES TRACE AMOUNT.




$$
