000
CDUS43 KIWX 200540
CLISBN


CLIMATE REPORT
NATIONAL WEATHER SERVICE NORTHERN INDIANA
1239 AM EST THU NOV 20 2014


...................................

...THE SOUTH BEND CLIMATE SUMMARY FOR NOVEMBER 19 2014...

CLIMATE NORMAL PERIOD 1981 TO 2010
CLIMATE RECORD PERIOD 1893 TO 2014


WEATHER ITEM   OBSERVED TIME   RECORD YEAR NORMAL DEPARTURE LAST
                VALUE   (LST)  VALUE       VALUE  FROM      YEAR
                                                  NORMAL
..................................................................
TEMPERATURE (F)
 YESTERDAY
  MAXIMUM         32    231 PM  76    1930  46    -14       45
  MINIMUM         16    452 AM  12    1903  32    -16       33
  AVERAGE         24                        39    -15       39

PRECIPITATION (IN)
  YESTERDAY        0.01          1.58 1921   0.11  -0.10     0.00
  MONTH TO DATE    1.35                      2.07  -0.72     1.93
  SINCE SEP 1      9.74                      8.92   0.82    10.40
  SINCE JAN 1     37.95                     34.19   3.76    37.32

SNOWFALL (IN)
  YESTERDAY        0.1           4.7  1964   0.2   -0.1      0.0
  MONTH TO DATE   16.9                       2.1   14.8      1.8
  SINCE SEP 1     17.1                       2.5   14.6      2.1
  SINCE JUL 1     17.1                       2.5   14.6      2.1
  SNOW DEPTH       2

DEGREE DAYS
 HEATING
  YESTERDAY       41                        26     15       26
  MONTH TO DATE  567                       414    153      415
  SINCE SEP 1   1072                       937    135      885
  SINCE JUL 1   1100                       955    145      914

 COOLING
  YESTERDAY        0                         0      0        0
  MONTH TO DATE    0                         0      0        0
  SINCE SEP 1     78                        91    -13      148
  SINCE JAN 1    771                       773     -2      828
..................................................................


WIND (MPH)
  HIGHEST WIND SPEED    26   HIGHEST WIND DIRECTION     W (250)
  HIGHEST GUST SPEED    35   HIGHEST GUST DIRECTION     W (270)
  AVERAGE WIND SPEED    15.8


SKY COVER
  AVERAGE SKY COVER 1.0


WEATHER CONDITIONS
 THE FOLLOWING WEATHER WAS RECORDED YESTERDAY.
  LIGHT SNOW
  HAZE


RELATIVE HUMIDITY (PERCENT)
 HIGHEST    74          1000 AM
 LOWEST     56          1200 AM
 AVERAGE    65

..........................................................


THE SOUTH BEND CLIMATE NORMALS FOR TODAY
                         NORMAL    RECORD    YEAR
 MAXIMUM TEMPERATURE (F)   46        71      1930
 MINIMUM TEMPERATURE (F)   32        10      1914


SUNRISE AND SUNSET
NOVEMBER 20 2014......SUNRISE   740 AM EST   SUNSET   521 PM EST
NOVEMBER 21 2014......SUNRISE   742 AM EST   SUNSET   520 PM EST


-  INDICATES NEGATIVE NUMBERS.
R  INDICATES RECORD WAS SET OR TIED.
MM INDICATES DATA IS MISSING.
T  INDICATES TRACE AMOUNT.




$$
