000
CDUS43 KIWX 220540
CLISBN


CLIMATE REPORT
NATIONAL WEATHER SERVICE NORTHERN INDIANA
1236 AM EST SUN FEB 22 2015


...................................

...THE SOUTH BEND CLIMATE SUMMARY FOR FEBRUARY 21 2015...

CLIMATE NORMAL PERIOD 1981 TO 2010
CLIMATE RECORD PERIOD 1893 TO 2015


WEATHER ITEM   OBSERVED TIME   RECORD YEAR NORMAL DEPARTURE LAST
                VALUE   (LST)  VALUE       VALUE  FROM      YEAR
                                                  NORMAL
..................................................................
TEMPERATURE (F)
 YESTERDAY
  MAXIMUM         30    450 PM  66    1983  37     -7       37
                                      1930
  MINIMUM         17    740 AM  -5    1963  22     -5       31
  AVERAGE         24                        29     -5       34

PRECIPITATION (IN)
  YESTERDAY        T             1.80 1976   0.07  -0.07      T
  MONTH TO DATE    1.84                      1.40   0.44     2.81
  SINCE DEC 1      5.23                      6.30  -1.07     8.26
  SINCE JAN 1      3.76                      3.69   0.07     5.93

SNOWFALL (IN)
  YESTERDAY        T             5.0  1898   0.5   -0.5       T
  MONTH TO DATE   33.8                      11.9   21.9     17.8
  SINCE DEC 1     56.1                      49.8    6.3     82.9
  SINCE JUL 1     75.4                      55.0   20.4     92.1
  SNOW DEPTH      12

DEGREE DAYS
 HEATING
  YESTERDAY       41                        36      5       31
  MONTH TO DATE 1001                       803    198      967
  SINCE DEC 1   3287                      3182    105     3568
  SINCE JUL 1   4729                      4451    278     4857

 COOLING
  YESTERDAY        0                         0      0        0
  MONTH TO DATE    0                         0      0        0
  SINCE DEC 1      0                         0      0        0
  SINCE JAN 1      0                         0      0        0
..................................................................


WIND (MPH)
  HIGHEST WIND SPEED    18   HIGHEST WIND DIRECTION     S (200)
  HIGHEST GUST SPEED    22   HIGHEST GUST DIRECTION     S (190)
  AVERAGE WIND SPEED     4.7


SKY COVER
  AVERAGE SKY COVER 1.0


WEATHER CONDITIONS
 THE FOLLOWING WEATHER WAS RECORDED YESTERDAY.
  LIGHT SNOW
  FOG
  HAZE


RELATIVE HUMIDITY (PERCENT)
 HIGHEST    84           800 AM
 LOWEST     54          1200 AM
 AVERAGE    69

..........................................................


THE SOUTH BEND CLIMATE NORMALS FOR TODAY
                         NORMAL    RECORD    YEAR
 MAXIMUM TEMPERATURE (F)   37        66      1922
 MINIMUM TEMPERATURE (F)   22       -11      1963


SUNRISE AND SUNSET
FEBRUARY 22 2015......SUNRISE   731 AM EST   SUNSET   627 PM EST
FEBRUARY 23 2015......SUNRISE   730 AM EST   SUNSET   628 PM EST


-  INDICATES NEGATIVE NUMBERS.
R  INDICATES RECORD WAS SET OR TIED.
MM INDICATES DATA IS MISSING.
T  INDICATES TRACE AMOUNT.




$$
