189
CDUS43 KIWX 190022
CLISBN


CLIMATE REPORT
NATIONAL WEATHER SERVICE NORTHERN INDIANA
821 PM EDT SAT MAR 18 2017


...................................

...THE SOUTH BEND CLIMATE SUMMARY FOR MARCH 18 2017...
VALID AS OF 0800 PM LOCAL TIME.

CLIMATE NORMAL PERIOD 1981 TO 2010
CLIMATE RECORD PERIOD 1893 TO 2017


WEATHER ITEM   OBSERVED TIME   RECORD YEAR NORMAL DEPARTURE LAST
                VALUE   (LST)  VALUE       VALUE  FROM      YEAR
                                                  NORMAL
..................................................................
TEMPERATURE (F)
 TODAY
  MAXIMUM         41    110 AM  77    2012  47     -6       45
  MINIMUM         35    212 PM   7    1906  29      6       30
  AVERAGE         38                        38      0       38

PRECIPITATION (IN)
  TODAY            0.05          0.74 1952   0.08  -0.03     0.00
  MONTH TO DATE    1.38                      1.36   0.02     1.94
  SINCE MAR 1      1.38                      1.36   0.02     1.94
  SINCE JAN 1      8.37                      5.60   2.77     5.72

SNOWFALL (IN)
  TODAY            0.0           6.0  1931   0.2   -0.2      0.0
  MONTH TO DATE    7.7                       5.2    2.5      6.8
  SINCE MAR 1      7.7                       5.2    2.5      6.8
  SINCE JUL 1     41.4                      63.3  -21.9     66.1
  SNOW DEPTH       0

DEGREE DAYS
 HEATING
  TODAY           27                        27      0       27
  MONTH TO DATE  589                       540     49      411
  SINCE MAR 1    589                       540     49      411
  SINCE JUL 1   4566                      5229   -663     4541

 COOLING
  TODAY            0                         0      0        0
  MONTH TO DATE    0                         0      0        0
  SINCE MAR 1      0                         0      0        0
  SINCE JAN 1      0                         0      0        0
..................................................................


WIND (MPH)
  RESULTANT WIND SPEED  14   RESULTANT WIND DIRECTION  NW (310)
  HIGHEST WIND SPEED    21   HIGHEST WIND DIRECTION     W (290)
  HIGHEST GUST SPEED    26   HIGHEST GUST DIRECTION     W (280)
  AVERAGE WIND SPEED    13.9


SKY COVER
  POSSIBLE SUNSHINE  MM
  AVERAGE SKY COVER 1.0


WEATHER CONDITIONS
 THE FOLLOWING WEATHER WAS RECORDED TODAY.
  LIGHT RAIN
  FOG


RELATIVE HUMIDITY (PERCENT)
 HIGHEST    92           200 AM
 LOWEST     73           100 AM
 AVERAGE    83

..........................................................


THE SOUTH BEND CLIMATE NORMALS FOR TOMORROW
                         NORMAL    RECORD    YEAR
 MAXIMUM TEMPERATURE (F)   48        79      2012
 MINIMUM TEMPERATURE (F)   29         3      1934


SUNRISE AND SUNSET
MARCH 18 2017.........SUNRISE   752 AM EDT   SUNSET   756 PM EDT
MARCH 19 2017.........SUNRISE   750 AM EDT   SUNSET   757 PM EDT


-  INDICATES NEGATIVE NUMBERS.
R  INDICATES RECORD WAS SET OR TIED.
MM INDICATES DATA IS MISSING.
T  INDICATES TRACE AMOUNT.




$$
