000
CDUS43 KIWX 230522
CLISBN


CLIMATE REPORT
NATIONAL WEATHER SERVICE NORTHERN INDIANA
121 AM EDT TUE JUN 23 2015


...................................

...THE SOUTH BEND CLIMATE SUMMARY FOR JUNE 22 2015...

CLIMATE NORMAL PERIOD 1981 TO 2010
CLIMATE RECORD PERIOD 1893 TO 2015


WEATHER ITEM   OBSERVED TIME   RECORD YEAR NORMAL DEPARTURE LAST
                VALUE   (LST)  VALUE       VALUE  FROM      YEAR
                                                  NORMAL
..................................................................
TEMPERATURE (F)
 YESTERDAY
  MAXIMUM         85    400 PM  99    1988  81      4       86
  MINIMUM         68    439 AM  39    1992  61      7       64
  AVERAGE         77                        71      6       75

PRECIPITATION (IN)
  YESTERDAY        T             2.32 1914   0.12  -0.12     0.00
  MONTH TO DATE    2.28                      2.85  -0.57     6.01
  SINCE JUN 1      2.28                      2.85  -0.57     6.01
  SINCE JAN 1     15.37                     16.57  -1.20    21.09

SNOWFALL (IN)
  YESTERDAY        0.0           0.0  2002   0.0    0.0      0.0
                                      2001
                                      2000
  MONTH TO DATE    0.0                       0.0    0.0      0.0
  SINCE JUN 1      0.0                       0.0    0.0      0.0
  SINCE JUL 1     83.9                      66.6   17.3    106.9
  SNOW DEPTH       0

DEGREE DAYS
 HEATING
  YESTERDAY        0                         1     -1        0
  MONTH TO DATE   19                        39    -20       17
  SINCE JUN 1     19                        39    -20       17
  SINCE JUL 1   6623                      6293    330     6953

 COOLING
  YESTERDAY       12                         7      5       10
  MONTH TO DATE  132                       105     27      132
  SINCE JUN 1    132                       105     27      132
  SINCE JAN 1    218                       161     57      217
..................................................................


WIND (MPH)
  HIGHEST WIND SPEED    29   HIGHEST WIND DIRECTION     S (190)
  HIGHEST GUST SPEED    36   HIGHEST GUST DIRECTION    SW (210)
  AVERAGE WIND SPEED    11.7


SKY COVER
  AVERAGE SKY COVER 0.5


WEATHER CONDITIONS
 THE FOLLOWING WEATHER WAS RECORDED YESTERDAY.
  LIGHT RAIN
  FOG
  FOG W/VISIBILITY <= 1/4 MILE


RELATIVE HUMIDITY (PERCENT)
 HIGHEST   100           700 AM
 LOWEST     70           400 PM
 AVERAGE    85

..........................................................


THE SOUTH BEND CLIMATE NORMALS FOR TODAY
                         NORMAL    RECORD    YEAR
 MAXIMUM TEMPERATURE (F)   82        97      1930
                                             1923
 MINIMUM TEMPERATURE (F)   61        37      1918


SUNRISE AND SUNSET
JUNE 23 2015..........SUNRISE   611 AM EDT   SUNSET   924 PM EDT
JUNE 24 2015..........SUNRISE   612 AM EDT   SUNSET   924 PM EDT


-  INDICATES NEGATIVE NUMBERS.
R  INDICATES RECORD WAS SET OR TIED.
MM INDICATES DATA IS MISSING.
T  INDICATES TRACE AMOUNT.




$$
