000
CDUS43 KIWX 230021
CLISBN


CLIMATE REPORT
NATIONAL WEATHER SERVICE NORTHERN INDIANA
721 PM EST THU JAN 22 2015


...................................

...THE SOUTH BEND CLIMATE SUMMARY FOR JANUARY 22 2015...
VALID AS OF 0700 PM LOCAL TIME.

CLIMATE NORMAL PERIOD 1981 TO 2010
CLIMATE RECORD PERIOD 1893 TO 2015


WEATHER ITEM   OBSERVED TIME   RECORD YEAR NORMAL DEPARTURE LAST
                VALUE   (LST)  VALUE       VALUE  FROM      YEAR
                                                  NORMAL
..................................................................
TEMPERATURE (F)
 TODAY
  MAXIMUM         33    224 PM  60    1906  31      2       14
  MINIMUM         31    659 PM -15    1936  17     14        3
  AVERAGE         32                        24      8        9

PRECIPITATION (IN)
  TODAY            T             1.52 1965   0.07  -0.07     0.05
  MONTH TO DATE    1.74                      1.71   0.03     2.40
  SINCE DEC 1      3.21                      4.32  -1.11     4.73
  SINCE JAN 1      1.74                      1.71   0.03     2.40

SNOWFALL (IN)
  TODAY            T             6.8  2005   0.7   -0.7      1.7
  MONTH TO DATE   20.4                      14.4    6.0     25.4
  SINCE DEC 1     20.6                      31.7  -11.1     43.9
  SINCE JUL 1     39.9                      36.9    3.0     53.1
  SNOW DEPTH       2

DEGREE DAYS
 HEATING
  TODAY           33                        41     -8       56
  MONTH TO DATE  960                       894     66      933
  SINCE DEC 1   1938                      2016    -78     2130
  SINCE JUL 1   3380                      3285     95     3419

 COOLING
  TODAY            0                         0      0        0
  MONTH TO DATE    0                         0      0        0
  SINCE DEC 1      0                         0      0        0
  SINCE JAN 1      0                         0      0        0
..................................................................


WIND (MPH)
  RESULTANT WIND SPEED   7   RESULTANT WIND DIRECTION  NW (310)
  HIGHEST WIND SPEED    14   HIGHEST WIND DIRECTION     W (290)
  HIGHEST GUST SPEED    19   HIGHEST GUST DIRECTION    NW (320)
  AVERAGE WIND SPEED     7.4


SKY COVER
  POSSIBLE SUNSHINE  MM
  AVERAGE SKY COVER 1.0


WEATHER CONDITIONS
 THE FOLLOWING WEATHER WAS RECORDED TODAY.
  LIGHT SNOW


RELATIVE HUMIDITY (PERCENT)
 HIGHEST    78          1200 AM
 LOWEST     56          1200 PM
 AVERAGE    67

..........................................................


THE SOUTH BEND CLIMATE NORMALS FOR TOMORROW
                         NORMAL    RECORD    YEAR
 MAXIMUM TEMPERATURE (F)   31        59      1909
 MINIMUM TEMPERATURE (F)   17       -19      1936


SUNRISE AND SUNSET
JANUARY 22 2015.......SUNRISE   806 AM EST   SUNSET   548 PM EST
JANUARY 23 2015.......SUNRISE   805 AM EST   SUNSET   549 PM EST


-  INDICATES NEGATIVE NUMBERS.
R  INDICATES RECORD WAS SET OR TIED.
MM INDICATES DATA IS MISSING.
T  INDICATES TRACE AMOUNT.




$$
