000
CDUS43 KIWX 030020
CLISBN


CLIMATE REPORT
NATIONAL WEATHER SERVICE NORTHERN INDIANA
720 PM EST TUE JAN 2 2018


...................................

...THE SOUTH BEND CLIMATE SUMMARY FOR JANUARY 2 2018...
VALID AS OF 0700 PM LOCAL TIME.

CLIMATE NORMAL PERIOD 1981 TO 2010
CLIMATE RECORD PERIOD 1893 TO 2018


WEATHER ITEM   OBSERVED TIME   RECORD YEAR NORMAL DEPARTURE LAST
                VALUE   (LST)  VALUE       VALUE  FROM      YEAR
                                                  NORMAL
..................................................................
TEMPERATURE (F)
 TODAY
  MAXIMUM          2    454 PM  61    2004  32    -30       41
                                      2000
  MINIMUM        -15R   851 AM -11    1928  19    -34       26
  AVERAGE         -6                        25    -31       34

PRECIPITATION (IN)
  TODAY            T             1.42 1897   0.08  -0.08     0.52
  MONTH TO DATE    0.01                      0.17  -0.16     0.52
  SINCE DEC 1      1.37                      2.78  -1.41     2.51
  SINCE JAN 1      0.01                      0.17  -0.16     0.52

SNOWFALL (IN)
  TODAY            T            15.4  1999   0.7   -0.7      0.0
  MONTH TO DATE    1.1                       1.3   -0.2      0.0
  SINCE DEC 1     33.5                      18.6   14.9     23.7
  SINCE JUL 1     33.5                      23.8    9.7     24.2
  SNOW DEPTH       7

DEGREE DAYS
 HEATING
  TODAY           71                        40     31       31
  MONTH TO DATE  134                        80     54       67
  SINCE DEC 1   1355                      1202    153     1288
  SINCE JUL 1   2538                      2471     67     2189

 COOLING
  TODAY            0                         0      0        0
  MONTH TO DATE    0                         0      0        0
  SINCE DEC 1      0                         0      0        0
  SINCE JAN 1      0                         0      0        0
..................................................................


WIND (MPH)
  RESULTANT WIND SPEED  10   RESULTANT WIND DIRECTION  SW (210)
  HIGHEST WIND SPEED    17   HIGHEST WIND DIRECTION    SW (210)
  HIGHEST GUST SPEED    23   HIGHEST GUST DIRECTION    SW (210)
  AVERAGE WIND SPEED    10.1


SKY COVER
  POSSIBLE SUNSHINE  MM
  AVERAGE SKY COVER 0.4


WEATHER CONDITIONS
 THE FOLLOWING WEATHER WAS RECORDED TODAY.
  LIGHT SNOW
  FOG


RELATIVE HUMIDITY (PERCENT)
 HIGHEST    95           600 AM
 LOWEST     59           100 PM
 AVERAGE    77

..........................................................


THE SOUTH BEND CLIMATE NORMALS FOR TOMORROW
                         NORMAL    RECORD    YEAR
 MAXIMUM TEMPERATURE (F)   32        60      2004
 MINIMUM TEMPERATURE (F)   18       -11      1928
                                             1904


SUNRISE AND SUNSET
JANUARY  2 2018.......SUNRISE   812 AM EST   SUNSET   526 PM EST
JANUARY  3 2018.......SUNRISE   812 AM EST   SUNSET   527 PM EST


-  INDICATES NEGATIVE NUMBERS.
R  INDICATES RECORD WAS SET OR TIED.
MM INDICATES DATA IS MISSING.
T  INDICATES TRACE AMOUNT.




$$
