000
CDUS43 KIWX 100531
CLISBN


CLIMATE REPORT
NATIONAL WEATHER SERVICE NORTHERN INDIANA
1230 AM EST WED DEC 10 2014


...................................

...THE SOUTH BEND CLIMATE SUMMARY FOR DECEMBER 9 2014...

CLIMATE NORMAL PERIOD 1981 TO 2010
CLIMATE RECORD PERIOD 1893 TO 2014


WEATHER ITEM   OBSERVED TIME   RECORD YEAR NORMAL DEPARTURE LAST
                VALUE   (LST)  VALUE       VALUE  FROM      YEAR
                                                  NORMAL
..................................................................
TEMPERATURE (F)
 YESTERDAY
  MAXIMUM         41    131 PM  58    1946  37      4       27
  MINIMUM         34   1159 PM  -9    1958  24     10       13
  AVERAGE         38                        31      7       20

PRECIPITATION (IN)
  YESTERDAY        0.01          0.92 2008   0.09  -0.08      T
  MONTH TO DATE    0.19                      0.82  -0.63     0.21
  SINCE DEC 1      0.19                      0.82  -0.63     0.21
  SINCE JAN 1     40.16                     36.21   3.95    38.23

SNOWFALL (IN)
  YESTERDAY        0.0          10.5  1962   0.5   -0.5      0.2
  MONTH TO DATE    T                         3.8   -3.8      0.3
  SINCE DEC 1      T                         3.8   -3.8      0.3
  SINCE JUL 1     19.3                       9.0   10.3      9.5
  SNOW DEPTH       0

DEGREE DAYS
 HEATING
  YESTERDAY       27                        34     -7       45
  MONTH TO DATE  296                       296      0      296
  SINCE DEC 1    296                       296      0      296
  SINCE JUL 1   1738                      1565    173     1585

 COOLING
  YESTERDAY        0                         0      0        0
  MONTH TO DATE    0                         0      0        0
  SINCE DEC 1      0                         0      0        0
  SINCE JAN 1    771                       773     -2      828
..................................................................


WIND (MPH)
  HIGHEST WIND SPEED    20   HIGHEST WIND DIRECTION     N (350)
  HIGHEST GUST SPEED    25   HIGHEST GUST DIRECTION     N (360)
  AVERAGE WIND SPEED    10.3


SKY COVER
  AVERAGE SKY COVER 1.0


WEATHER CONDITIONS
 THE FOLLOWING WEATHER WAS RECORDED YESTERDAY.
  LIGHT RAIN
  FOG


RELATIVE HUMIDITY (PERCENT)
 HIGHEST    92          1200 AM
 LOWEST     75          1000 PM
 AVERAGE    84

..........................................................


THE SOUTH BEND CLIMATE NORMALS FOR TODAY
                         NORMAL    RECORD    YEAR
 MAXIMUM TEMPERATURE (F)   37        64      1971
 MINIMUM TEMPERATURE (F)   24       -10      1958
                                             1919


SUNRISE AND SUNSET
DECEMBER 10 2014......SUNRISE   801 AM EST   SUNSET   515 PM EST
DECEMBER 11 2014......SUNRISE   802 AM EST   SUNSET   515 PM EST


-  INDICATES NEGATIVE NUMBERS.
R  INDICATES RECORD WAS SET OR TIED.
MM INDICATES DATA IS MISSING.
T  INDICATES TRACE AMOUNT.




$$
