000
CDUS43 KIWX 260525
CLISBN


CLIMATE REPORT
NATIONAL WEATHER SERVICE NORTHERN INDIANA
1224 AM EST SUN NOV 26 2017


...................................

...THE SOUTH BEND CLIMATE SUMMARY FOR NOVEMBER 25 2017...

CLIMATE NORMAL PERIOD 1981 TO 2010
CLIMATE RECORD PERIOD 1893 TO 2017


WEATHER ITEM   OBSERVED TIME   RECORD YEAR NORMAL DEPARTURE LAST
                VALUE   (LST)  VALUE       VALUE  FROM      YEAR
                                                  NORMAL
..................................................................
TEMPERATURE (F)
 YESTERDAY
  MAXIMUM         51    330 AM  63    1915  43      8       40
  MINIMUM         27   1159 PM  -7    1950  30     -3       36
  AVERAGE         39                        36      3       38

PRECIPITATION (IN)
  YESTERDAY        0.00          1.21 1979   0.11  -0.11      T
  MONTH TO DATE    3.38                      2.74   0.64     2.07
  SINCE SEP 1     14.55                      9.59   4.96     9.29
  SINCE JAN 1     42.14                     34.86   7.28    43.70

SNOWFALL (IN)
  YESTERDAY        0.0          14.6  1977   0.2   -0.2      0.0
  MONTH TO DATE    T                         3.4   -3.4      0.5
  SINCE SEP 1      T                         3.8   -3.8      0.5
  SINCE JUL 1      T                         3.8   -3.8      0.5
  SNOW DEPTH       0

DEGREE DAYS
 HEATING
  YESTERDAY       26                        29     -3       27
  MONTH TO DATE  655                       579     76      457
  SINCE SEP 1   1042                      1102    -60      781
  SINCE JUL 1   1063                      1120    -57      789

 COOLING
  YESTERDAY        0                         0      0        0
  MONTH TO DATE    0                         0      0        1
  SINCE SEP 1    140                        91     49      141
  SINCE JAN 1    692                       773    -81      950
..................................................................


WIND (MPH)
  HIGHEST WIND SPEED    26   HIGHEST WIND DIRECTION    NW (300)
  HIGHEST GUST SPEED    33   HIGHEST GUST DIRECTION    NW (300)
  AVERAGE WIND SPEED    12.0


SKY COVER
  AVERAGE SKY COVER 0.4


WEATHER CONDITIONS
 THE FOLLOWING WEATHER WAS RECORDED YESTERDAY.
  NO SIGNIFICANT WEATHER WAS OBSERVED.


RELATIVE HUMIDITY (PERCENT)
 HIGHEST    92          1000 PM
 LOWEST     58           300 PM
 AVERAGE    75

..........................................................


THE SOUTH BEND CLIMATE NORMALS FOR TODAY
                         NORMAL    RECORD    YEAR
 MAXIMUM TEMPERATURE (F)   43        67      1908
 MINIMUM TEMPERATURE (F)   29         5      1977


SUNRISE AND SUNSET
NOVEMBER 26 2017......SUNRISE   748 AM EST   SUNSET   517 PM EST
NOVEMBER 27 2017......SUNRISE   749 AM EST   SUNSET   517 PM EST


-  INDICATES NEGATIVE NUMBERS.
R  INDICATES RECORD WAS SET OR TIED.
MM INDICATES DATA IS MISSING.
T  INDICATES TRACE AMOUNT.




$$
