000
CDUS43 KIWX 230532
CLISBN


CLIMATE REPORT
NATIONAL WEATHER SERVICE NORTHERN INDIANA
131 AM EDT TUE SEP 23 2014


...................................

...THE SOUTH BEND CLIMATE SUMMARY FOR SEPTEMBER 22 2014...

CLIMATE NORMAL PERIOD 1981 TO 2010
CLIMATE RECORD PERIOD 1893 TO 2014


WEATHER ITEM   OBSERVED TIME   RECORD YEAR NORMAL DEPARTURE LAST
                VALUE   (LST)  VALUE       VALUE  FROM      YEAR
                                                  NORMAL
..................................................................
TEMPERATURE (F)
 YESTERDAY
  MAXIMUM         64    307 PM  95    1908  72     -8       65
  MINIMUM         40    644 AM  34    1947  51    -11       44
                                      1904
  AVERAGE         52                        61     -9       55

PRECIPITATION (IN)
  YESTERDAY        0.00          1.35 1965   0.12  -0.12     0.00
  MONTH TO DATE    2.71                      2.60   0.11     3.89
  SINCE SEP 1      2.71                      2.60   0.11     3.89
  SINCE JAN 1     30.92                     27.87   3.05    30.81

DEGREE DAYS
 HEATING
  YESTERDAY       13                         5      8       10
  MONTH TO DATE  102                        60     42       54
  SINCE SEP 1    102                        60     42       54
  SINCE JUL 1    130                        78     52       83

 COOLING
  YESTERDAY        0                         2     -2        0
  MONTH TO DATE   68                        72     -4      116
  SINCE SEP 1     68                        72     -4      116
  SINCE JAN 1    761                       754      7      796
..................................................................


WIND (MPH)
  HIGHEST WIND SPEED    15   HIGHEST WIND DIRECTION    NW (320)
  HIGHEST GUST SPEED    19   HIGHEST GUST DIRECTION     N (340)
  AVERAGE WIND SPEED     5.6


SKY COVER
  AVERAGE SKY COVER 0.2


WEATHER CONDITIONS
 THE FOLLOWING WEATHER WAS RECORDED YESTERDAY.
  NO SIGNIFICANT WEATHER WAS OBSERVED.


RELATIVE HUMIDITY (PERCENT)
 HIGHEST    86           700 AM
 LOWEST     44           300 PM
 AVERAGE    65

..........................................................


THE SOUTH BEND CLIMATE NORMALS FOR TODAY
                         NORMAL    RECORD    YEAR
 MAXIMUM TEMPERATURE (F)   71        95      1922
 MINIMUM TEMPERATURE (F)   51        30      1896


SUNRISE AND SUNSET
SEPTEMBER 23 2014.....SUNRISE   734 AM EDT   SUNSET   741 PM EDT
SEPTEMBER 24 2014.....SUNRISE   735 AM EDT   SUNSET   739 PM EDT


-  INDICATES NEGATIVE NUMBERS.
R  INDICATES RECORD WAS SET OR TIED.
MM INDICATES DATA IS MISSING.
T  INDICATES TRACE AMOUNT.




$$
