000
CDUS43 KIWX 030522
CLISBN


CLIMATE REPORT
NATIONAL WEATHER SERVICE NORTHERN INDIANA
122 AM EDT THU AUG 3 2017


...................................

...THE SOUTH BEND CLIMATE SUMMARY FOR AUGUST 2 2017...

CLIMATE NORMAL PERIOD 1981 TO 2010
CLIMATE RECORD PERIOD 1893 TO 2017


WEATHER ITEM   OBSERVED TIME   RECORD YEAR NORMAL DEPARTURE LAST
                VALUE   (LST)  VALUE       VALUE  FROM      YEAR
                                                  NORMAL
..................................................................
TEMPERATURE (F)
 YESTERDAY
  MAXIMUM         84    108 PM  99    1991  82      2       88
                                      1988
                                      1934
  MINIMUM         62    446 AM  40    1927  63     -1       64
  AVERAGE         73                        72      1       76

PRECIPITATION (IN)
  YESTERDAY        T             1.57 1911   0.12  -0.12     0.00
  MONTH TO DATE    T                         0.25  -0.25     0.00
  SINCE JUN 1      6.17                      8.04  -1.87     6.49
  SINCE JAN 1     25.40                     21.76   3.64    21.60

DEGREE DAYS
 HEATING
  YESTERDAY        0                         0      0        0
  MONTH TO DATE    0                         0      0        0
  SINCE JUN 1     26                        49    -23       43
  SINCE JUL 1      1                         5     -4        8

 COOLING
  YESTERDAY        8                         8      0       11
  MONTH TO DATE   15                        16     -1       20
  SINCE JUN 1    408                       434    -26      466
  SINCE JAN 1    448                       490    -42      535
..................................................................


WIND (MPH)
  HIGHEST WIND SPEED    14   HIGHEST WIND DIRECTION     W (280)
  HIGHEST GUST SPEED    16   HIGHEST GUST DIRECTION     W (280)
  AVERAGE WIND SPEED     4.2


SKY COVER
  AVERAGE SKY COVER 0.1


WEATHER CONDITIONS
 THE FOLLOWING WEATHER WAS RECORDED YESTERDAY.
  THUNDERSTORM
  LIGHT RAIN


RELATIVE HUMIDITY (PERCENT)
 HIGHEST   100           300 AM
 LOWEST     51           100 PM
 AVERAGE    76

..........................................................


THE SOUTH BEND CLIMATE NORMALS FOR TODAY
                         NORMAL    RECORD    YEAR
 MAXIMUM TEMPERATURE (F)   82        99      1988
 MINIMUM TEMPERATURE (F)   63        42      1927


SUNRISE AND SUNSET
AUGUST  3 2017........SUNRISE   642 AM EDT   SUNSET   900 PM EDT
AUGUST  4 2017........SUNRISE   643 AM EDT   SUNSET   859 PM EDT


-  INDICATES NEGATIVE NUMBERS.
R  INDICATES RECORD WAS SET OR TIED.
MM INDICATES DATA IS MISSING.
T  INDICATES TRACE AMOUNT.




$$
