000
CDUS43 KIWX 250538
CLISBN


CLIMATE REPORT
NATIONAL WEATHER SERVICE NORTHERN INDIANA
1236 AM EST WED FEB 25 2015


...................................

...THE SOUTH BEND CLIMATE SUMMARY FOR FEBRUARY 24 2015...

CLIMATE NORMAL PERIOD 1981 TO 2010
CLIMATE RECORD PERIOD 1893 TO 2015


WEATHER ITEM   OBSERVED TIME   RECORD YEAR NORMAL DEPARTURE LAST
                VALUE   (LST)  VALUE       VALUE  FROM      YEAR
                                                  NORMAL
..................................................................
TEMPERATURE (F)
 YESTERDAY
  MAXIMUM         27   1159 PM  65    1976  38    -11       27
  MINIMUM          1    255 AM  -8    1914  23    -22       16
  AVERAGE         14                        30    -16       22

PRECIPITATION (IN)
  YESTERDAY        T             1.38 2001   0.08  -0.08     0.00
  MONTH TO DATE    1.88                      1.64   0.24     2.81
  SINCE DEC 1      5.27                      6.54  -1.27     8.26
  SINCE JAN 1      3.80                      3.93  -0.13     5.93

SNOWFALL (IN)
  YESTERDAY        0.2          10.0  1967   0.5   -0.3      0.0
  MONTH TO DATE   35.1                      13.3   21.8     17.8
  SINCE DEC 1     57.4                      51.2    6.2     82.9
  SINCE JUL 1     76.7                      56.4   20.3     92.1
  SNOW DEPTH      11

DEGREE DAYS
 HEATING
  YESTERDAY       51                        35     16       43
  MONTH TO DATE 1154                       908    246     1085
  SINCE DEC 1   3440                      3287    153     3686
  SINCE JUL 1   4882                      4556    326     4975

 COOLING
  YESTERDAY        0                         0      0        0
  MONTH TO DATE    0                         0      0        0
  SINCE DEC 1      0                         0      0        0
  SINCE JAN 1      0                         0      0        0
..................................................................


WIND (MPH)
  HIGHEST WIND SPEED    29   HIGHEST WIND DIRECTION    SW (220)
  HIGHEST GUST SPEED    38   HIGHEST GUST DIRECTION     W (260)
  AVERAGE WIND SPEED    15.6


SKY COVER
  AVERAGE SKY COVER 0.4


WEATHER CONDITIONS
 THE FOLLOWING WEATHER WAS RECORDED YESTERDAY.
  LIGHT SNOW
  HAZE
  BLOWING SNOW


RELATIVE HUMIDITY (PERCENT)
 HIGHEST    75           500 AM
 LOWEST     53          1200 PM
 AVERAGE    64

..........................................................


THE SOUTH BEND CLIMATE NORMALS FOR TODAY
                         NORMAL    RECORD    YEAR
 MAXIMUM TEMPERATURE (F)   38        74      2000
 MINIMUM TEMPERATURE (F)   23        -7      1950
                                             1900


SUNRISE AND SUNSET
FEBRUARY 25 2015......SUNRISE   727 AM EST   SUNSET   631 PM EST
FEBRUARY 26 2015......SUNRISE   725 AM EST   SUNSET   632 PM EST


-  INDICATES NEGATIVE NUMBERS.
R  INDICATES RECORD WAS SET OR TIED.
MM INDICATES DATA IS MISSING.
T  INDICATES TRACE AMOUNT.




$$
