000
CDUS43 KIWX 090529
CLISBN


CLIMATE REPORT
NATIONAL WEATHER SERVICE NORTHERN INDIANA
126 AM EDT TUE MAY 9 2017


...................................

...THE SOUTH BEND CLIMATE SUMMARY FOR MAY 8 2017...

CLIMATE NORMAL PERIOD 1981 TO 2010
CLIMATE RECORD PERIOD 1893 TO 2017


WEATHER ITEM   OBSERVED TIME   RECORD YEAR NORMAL DEPARTURE LAST
                VALUE   (LST)  VALUE       VALUE  FROM      YEAR
                                                  NORMAL
..................................................................
TEMPERATURE (F)
 YESTERDAY
  MAXIMUM         57    324 PM  91    2014  68    -11       68
  MINIMUM         28R   554 AM  28    1947  46    -18       34
  AVERAGE         43                        57    -14       51

PRECIPITATION (IN)
  YESTERDAY        T             1.31 1969   0.12  -0.12     0.00
  MONTH TO DATE    1.18                      0.93   0.25     0.95
  SINCE MAR 1      8.50                      6.58   1.92     9.79
  SINCE JAN 1     15.49                     10.82   4.67    13.57

SNOWFALL (IN)
  YESTERDAY        0.0           T    1966   0.0    0.0      0.0
                                      1960
                                      1953
  MONTH TO DATE    0.0                       0.0    0.0      0.0
  SINCE MAR 1      8.5                       8.5    0.0     10.9
  SINCE JUL 1     42.2                      66.6  -24.4     70.2
  SNOW DEPTH       0

DEGREE DAYS
 HEATING
  YESTERDAY       22                         9     13       14
  MONTH TO DATE  154                        80     74      113
  SINCE MAR 1   1406                      1422    -16     1327
  SINCE JUL 1   5383                      6111   -728     5457

 COOLING
  YESTERDAY        0                         1     -1        0
  MONTH TO DATE    0                         6     -6        0
  SINCE MAR 1     11                        16     -5        4
  SINCE JAN 1     11                        16     -5        4
..................................................................


WIND (MPH)
  HIGHEST WIND SPEED    15   HIGHEST WIND DIRECTION     N (350)
  HIGHEST GUST SPEED    20   HIGHEST GUST DIRECTION     N (340)
  AVERAGE WIND SPEED     6.9


SKY COVER
  AVERAGE SKY COVER 0.1


WEATHER CONDITIONS
 THE FOLLOWING WEATHER WAS RECORDED YESTERDAY.
  LIGHT RAIN


RELATIVE HUMIDITY (PERCENT)
 HIGHEST    92           400 AM
 LOWEST     30           400 PM
 AVERAGE    61

..........................................................


THE SOUTH BEND CLIMATE NORMALS FOR TODAY
                         NORMAL    RECORD    YEAR
 MAXIMUM TEMPERATURE (F)   68        92      1895
 MINIMUM TEMPERATURE (F)   46        27      1947


SUNRISE AND SUNSET
MAY  9 2017...........SUNRISE   632 AM EDT   SUNSET   852 PM EDT
MAY 10 2017...........SUNRISE   631 AM EDT   SUNSET   853 PM EDT


-  INDICATES NEGATIVE NUMBERS.
R  INDICATES RECORD WAS SET OR TIED.
MM INDICATES DATA IS MISSING.
T  INDICATES TRACE AMOUNT.




$$
