000
CDUS43 KIWX 220025
CLISBN


CLIMATE REPORT
NATIONAL WEATHER SERVICE NORTHERN INDIANA
825 PM EDT SUN JUN 21 2015


...................................

...THE SOUTH BEND CLIMATE SUMMARY FOR JUNE 21 2015...
VALID AS OF 0800 PM LOCAL TIME.

CLIMATE NORMAL PERIOD 1981 TO 2010
CLIMATE RECORD PERIOD 1893 TO 2015


WEATHER ITEM   OBSERVED TIME   RECORD YEAR NORMAL DEPARTURE LAST
                VALUE   (LST)  VALUE       VALUE  FROM      YEAR
                                                  NORMAL
..................................................................
TEMPERATURE (F)
 TODAY
  MAXIMUM         83    612 PM 101    1988  81      2       81
  MINIMUM         67    329 AM  42    1992  61      6       64
                                      1897
  AVERAGE         75                        71      4       73

PRECIPITATION (IN)
  TODAY            0.04          1.12 1907   0.13  -0.09     0.42
  MONTH TO DATE    2.28                      2.73  -0.45     6.01
  SINCE JUN 1      2.28                      2.73  -0.45     6.01
  SINCE JAN 1     15.37                     16.45  -1.08    21.09

SNOWFALL (IN)
  TODAY            0.0           0.0  2002   0.0    0.0      0.0
                                      2001
                                      2000
  MONTH TO DATE    0.0                       0.0    0.0      0.0
  SINCE JUN 1      0.0                       0.0    0.0      0.0
  SINCE JUL 1     83.9                      66.6   17.3    106.9
  SNOW DEPTH       0

DEGREE DAYS
 HEATING
  TODAY            0                         1     -1        0
  MONTH TO DATE   19                        38    -19       17
  SINCE JUN 1     19                        38    -19       17
  SINCE JUL 1   6623                      6292    331     6953

 COOLING
  TODAY           10                         7      3        8
  MONTH TO DATE  120                        98     22      122
  SINCE JUN 1    120                        98     22      122
  SINCE JAN 1    206                       154     52      207
..................................................................


WIND (MPH)
  RESULTANT WIND SPEED   5   RESULTANT WIND DIRECTION   W (280)
  HIGHEST WIND SPEED    28   HIGHEST WIND DIRECTION     S (160)
  HIGHEST GUST SPEED    35   HIGHEST GUST DIRECTION     S (170)
  AVERAGE WIND SPEED     6.3


SKY COVER
  POSSIBLE SUNSHINE  MM
  AVERAGE SKY COVER 0.5


WEATHER CONDITIONS
 THE FOLLOWING WEATHER WAS RECORDED TODAY.
  LIGHT RAIN


RELATIVE HUMIDITY (PERCENT)
 HIGHEST    90           100 AM
 LOWEST     47           400 PM
 AVERAGE    69

..........................................................


THE SOUTH BEND CLIMATE NORMALS FOR TOMORROW
                         NORMAL    RECORD    YEAR
 MAXIMUM TEMPERATURE (F)   81        99      1988
 MINIMUM TEMPERATURE (F)   61        39      1992


SUNRISE AND SUNSET
JUNE 21 2015..........SUNRISE   611 AM EDT   SUNSET   923 PM EDT
JUNE 22 2015..........SUNRISE   611 AM EDT   SUNSET   923 PM EDT


-  INDICATES NEGATIVE NUMBERS.
R  INDICATES RECORD WAS SET OR TIED.
MM INDICATES DATA IS MISSING.
T  INDICATES TRACE AMOUNT.




$$
