000
CDUS43 KIWX 280526
CLISBN


CLIMATE REPORT
NATIONAL WEATHER SERVICE NORTHERN INDIANA
125 AM EDT THU APR 28 2016


...................................

...THE SOUTH BEND CLIMATE SUMMARY FOR APRIL 27 2016...

CLIMATE NORMAL PERIOD 1981 TO 2010
CLIMATE RECORD PERIOD 1893 TO 2016


WEATHER ITEM   OBSERVED TIME   RECORD YEAR NORMAL DEPARTURE LAST
                VALUE   (LST)  VALUE       VALUE  FROM      YEAR
                                                  NORMAL
..................................................................
TEMPERATURE (F)
 YESTERDAY
  MAXIMUM         59    346 PM  84    1990  64     -5       55
                                      1986
  MINIMUM         43    808 AM  26    1932  43      0       36
                                      1928
  AVERAGE         51                        53     -2       46

PRECIPITATION (IN)
  YESTERDAY        T             1.57 1959   0.12  -0.12     0.00
  MONTH TO DATE    3.96                      2.89   1.07     2.40
  SINCE MAR 1      8.13                      5.31   2.82     3.18
  SINCE JAN 1     11.91                      9.55   2.36     7.08

SNOWFALL (IN)
  YESTERDAY        0.0           1.0  1950   0.0    0.0      0.0
  MONTH TO DATE    4.1                       1.4    2.7       T
  SINCE MAR 1     10.9                       8.5    2.4      6.1
  SINCE JUL 1     70.2                      66.6    3.6     83.9
  SNOW DEPTH       0

DEGREE DAYS
 HEATING
  YESTERDAY       14                        12      2       19
  MONTH TO DATE  470                       454     16      381
  SINCE MAR 1   1160                      1309   -149     1323
  SINCE JUL 1   5290                      5998   -708     6420

 COOLING
  YESTERDAY        0                         0      0        0
  MONTH TO DATE    4                         0      4        2
  SINCE MAR 1      4                         1      3        2
  SINCE JAN 1      4                         1      3        2
..................................................................


WIND (MPH)
  HIGHEST WIND SPEED    23   HIGHEST WIND DIRECTION     E (110)
  HIGHEST GUST SPEED    30   HIGHEST GUST DIRECTION    SE (120)
  AVERAGE WIND SPEED    12.0


SKY COVER
  AVERAGE SKY COVER 1.0


WEATHER CONDITIONS
 THE FOLLOWING WEATHER WAS RECORDED YESTERDAY.
  LIGHT RAIN


RELATIVE HUMIDITY (PERCENT)
 HIGHEST    89           200 AM
 LOWEST     43           700 PM
 AVERAGE    66

..........................................................


THE SOUTH BEND CLIMATE NORMALS FOR TODAY
                         NORMAL    RECORD    YEAR
 MAXIMUM TEMPERATURE (F)   64        83      1899
                                             1896
 MINIMUM TEMPERATURE (F)   43        25      1907


SUNRISE AND SUNSET
APRIL 28 2016.........SUNRISE   645 AM EDT   SUNSET   841 PM EDT
APRIL 29 2016.........SUNRISE   644 AM EDT   SUNSET   842 PM EDT


-  INDICATES NEGATIVE NUMBERS.
R  INDICATES RECORD WAS SET OR TIED.
MM INDICATES DATA IS MISSING.
T  INDICATES TRACE AMOUNT.




$$
