000
CDUS43 KIWX 010521
CLISBN


CLIMATE REPORT
NATIONAL WEATHER SERVICE NORTHERN INDIANA
121 AM EDT MON SEP 1 2014


...................................

...THE SOUTH BEND CLIMATE SUMMARY FOR AUGUST 31 2014...

CLIMATE NORMAL PERIOD 1981 TO 2010
CLIMATE RECORD PERIOD 1893 TO 2014


WEATHER ITEM   OBSERVED TIME   RECORD YEAR NORMAL DEPARTURE LAST
                VALUE   (LST)  VALUE       VALUE  FROM      YEAR
                                                  NORMAL
..................................................................
TEMPERATURE (F)
 YESTERDAY
  MAXIMUM         85    401 PM  96    1953  79      6       80
  MINIMUM         68    715 AM  40    1911  60      8       69
  AVERAGE         77                        69      8       75

PRECIPITATION (IN)
  YESTERDAY        0.00          1.50 1962   0.13  -0.13     0.04
  MONTH TO DATE    2.20                      3.76  -1.56     3.03
  SINCE JUN 1     13.13                     11.55   1.58     9.62
  SINCE JAN 1     28.21                     25.27   2.94    26.92

DEGREE DAYS
 HEATING
  YESTERDAY        0                         1     -1        0
  MONTH TO DATE   10                         8      2       15
  SINCE JUN 1     45                        62    -17       66
  SINCE JUL 1     28                        18     10       29

 COOLING
  YESTERDAY       12                         5      7       10
  MONTH TO DATE  252                       208     44      190
  SINCE JUN 1    608                       626    -18      584
  SINCE JAN 1    693                       682     11      680
..................................................................


WIND (MPH)
  HIGHEST WIND SPEED    13   HIGHEST WIND DIRECTION     S (190)
  HIGHEST GUST SPEED    16   HIGHEST GUST DIRECTION     S (180)
  AVERAGE WIND SPEED     6.7


SKY COVER
  AVERAGE SKY COVER 0.5


WEATHER CONDITIONS
 THE FOLLOWING WEATHER WAS RECORDED YESTERDAY.
  NO SIGNIFICANT WEATHER WAS OBSERVED.


RELATIVE HUMIDITY (PERCENT)
 HIGHEST    90           200 AM
 LOWEST     59           400 PM
 AVERAGE    75

..........................................................


THE SOUTH BEND CLIMATE NORMALS FOR TODAY
                         NORMAL    RECORD    YEAR
 MAXIMUM TEMPERATURE (F)   79        99      1953
 MINIMUM TEMPERATURE (F)   59        41      1909


SUNRISE AND SUNSET
SEPTEMBER  1 2014.....SUNRISE   711 AM EDT   SUNSET   819 PM EDT
SEPTEMBER  2 2014.....SUNRISE   712 AM EDT   SUNSET   817 PM EDT


-  INDICATES NEGATIVE NUMBERS.
R  INDICATES RECORD WAS SET OR TIED.
MM INDICATES DATA IS MISSING.
T  INDICATES TRACE AMOUNT.




$$
