000
CDUS43 KIWX 220525
CLISBN


CLIMATE REPORT
NATIONAL WEATHER SERVICE NORTHERN INDIANA
124 AM EDT THU JUN 22 2017


...................................

...THE SOUTH BEND CLIMATE SUMMARY FOR JUNE 21 2017...

CLIMATE NORMAL PERIOD 1981 TO 2010
CLIMATE RECORD PERIOD 1893 TO 2017


WEATHER ITEM   OBSERVED TIME   RECORD YEAR NORMAL DEPARTURE LAST
                VALUE   (LST)  VALUE       VALUE  FROM      YEAR
                                                  NORMAL
..................................................................
TEMPERATURE (F)
 YESTERDAY
  MAXIMUM         79    329 PM 101    1988  81     -2       78
  MINIMUM         51    541 AM  42    1992  61    -10       58
                                      1897
  AVERAGE         65                        71     -6       68

PRECIPITATION (IN)
  YESTERDAY        0.00          1.12 1907   0.13  -0.13     0.00
  MONTH TO DATE    1.16                      2.73  -1.57     1.55
  SINCE JUN 1      1.16                      2.73  -1.57     1.55
  SINCE JAN 1     20.39                     16.45   3.94    16.66

DEGREE DAYS
 HEATING
  YESTERDAY        0                         1     -1        0
  MONTH TO DATE   13                        38    -25       24
  SINCE JUN 1     13                        38    -25       24
  SINCE JUL 1   5515                      6292   -777     5629

 COOLING
  YESTERDAY        0                         7     -7        3
  MONTH TO DATE  133                        98     35      119
  SINCE JUN 1    133                        98     35      119
  SINCE JAN 1    173                       154     19      188
..................................................................


WIND (MPH)
  HIGHEST WIND SPEED    13   HIGHEST WIND DIRECTION     S (160)
  HIGHEST GUST SPEED    15   HIGHEST GUST DIRECTION     S (160)
  AVERAGE WIND SPEED     4.5


SKY COVER
  AVERAGE SKY COVER 0.1


WEATHER CONDITIONS
 THE FOLLOWING WEATHER WAS RECORDED YESTERDAY.
  NO SIGNIFICANT WEATHER WAS OBSERVED.


RELATIVE HUMIDITY (PERCENT)
 HIGHEST    96           400 AM
 LOWEST     39           300 PM
 AVERAGE    68

..........................................................


THE SOUTH BEND CLIMATE NORMALS FOR TODAY
                         NORMAL    RECORD    YEAR
 MAXIMUM TEMPERATURE (F)   81        99      1988
 MINIMUM TEMPERATURE (F)   61        39      1992


SUNRISE AND SUNSET
JUNE 22 2017..........SUNRISE   611 AM EDT   SUNSET   924 PM EDT
JUNE 23 2017..........SUNRISE   611 AM EDT   SUNSET   924 PM EDT


-  INDICATES NEGATIVE NUMBERS.
R  INDICATES RECORD WAS SET OR TIED.
MM INDICATES DATA IS MISSING.
T  INDICATES TRACE AMOUNT.




$$
