000
CDUS43 KIWX 120023
CLISBN


CLIMATE REPORT
NATIONAL WEATHER SERVICE NORTHERN INDIANA
823 PM EDT TUE APR 11 2017


...................................

...THE SOUTH BEND CLIMATE SUMMARY FOR APRIL 11 2017...
VALID AS OF 0800 PM LOCAL TIME.

CLIMATE NORMAL PERIOD 1981 TO 2010
CLIMATE RECORD PERIOD 1893 TO 2017


WEATHER ITEM   OBSERVED TIME   RECORD YEAR NORMAL DEPARTURE LAST
                VALUE   (LST)  VALUE       VALUE  FROM      YEAR
                                                  NORMAL
..................................................................
TEMPERATURE (F)
 TODAY
  MAXIMUM         54   1218 AM  90    1930  58     -4       52
  MINIMUM         40    636 AM  16    1909  37      3       28
  AVERAGE         47                        47      0       40

PRECIPITATION (IN)
  TODAY            0.00          1.75 1922   0.11  -0.11     0.01
  MONTH TO DATE    1.13                      1.13   0.00     2.23
  SINCE MAR 1      5.36                      3.55   1.81     6.40
  SINCE JAN 1     12.35                      7.79   4.56    10.18

SNOWFALL (IN)
  TODAY            0.0           3.6  2007   0.1   -0.1      0.0
  MONTH TO DATE    0.6                       0.9   -0.3      4.1
  SINCE MAR 1      8.5                       8.0    0.5     10.9
  SINCE JUL 1     42.2                      66.1  -23.9     70.2
  SNOW DEPTH       0

DEGREE DAYS
 HEATING
  TODAY           18                        18      0       25
  MONTH TO DATE  200                       217    -17      310
  SINCE MAR 1   1062                      1072    -10     1000
  SINCE JUL 1   5039                      5761   -722     5130

 COOLING
  TODAY            0                         0      0        0
  MONTH TO DATE    0                         0      0        0
  SINCE MAR 1      0                         1     -1        0
  SINCE JAN 1      0                         1     -1        0
..................................................................


WIND (MPH)
  RESULTANT WIND SPEED   8   RESULTANT WIND DIRECTION  NW (300)
  HIGHEST WIND SPEED    17   HIGHEST WIND DIRECTION    NW (300)
  HIGHEST GUST SPEED    21   HIGHEST GUST DIRECTION     W (260)
  AVERAGE WIND SPEED     8.2


SKY COVER
  POSSIBLE SUNSHINE  MM
  AVERAGE SKY COVER 0.8


WEATHER CONDITIONS
 THE FOLLOWING WEATHER WAS RECORDED TODAY.
  FOG
  FOG W/VISIBILITY <= 1/4 MILE


RELATIVE HUMIDITY (PERCENT)
 HIGHEST   100           100 AM
 LOWEST     63           500 PM
 AVERAGE    82

..........................................................


THE SOUTH BEND CLIMATE NORMALS FOR TOMORROW
                         NORMAL    RECORD    YEAR
 MAXIMUM TEMPERATURE (F)   58        84      1977
 MINIMUM TEMPERATURE (F)   37        21      1950
                                             1940


SUNRISE AND SUNSET
APRIL 11 2017.........SUNRISE   711 AM EDT   SUNSET   822 PM EDT
APRIL 12 2017.........SUNRISE   710 AM EDT   SUNSET   823 PM EDT


-  INDICATES NEGATIVE NUMBERS.
R  INDICATES RECORD WAS SET OR TIED.
MM INDICATES DATA IS MISSING.
T  INDICATES TRACE AMOUNT.




$$
