000
CDUS43 KIWX 140532
CLISBN


CLIMATE REPORT
NATIONAL WEATHER SERVICE NORTHERN INDIANA
1231 AM EST FRI NOV 14 2014


...................................

...THE SOUTH BEND CLIMATE SUMMARY FOR NOVEMBER 13 2014...

CLIMATE NORMAL PERIOD 1981 TO 2010
CLIMATE RECORD PERIOD 1893 TO 2014


WEATHER ITEM   OBSERVED TIME   RECORD YEAR NORMAL DEPARTURE LAST
                VALUE   (LST)  VALUE       VALUE  FROM      YEAR
                                                  NORMAL
..................................................................
TEMPERATURE (F)
 YESTERDAY
  MAXIMUM         30   1142 AM  72    1989  50    -20       36
  MINIMUM         23   1102 PM   9    1911  34    -11       18
  AVERAGE         27                        42    -15       27

PRECIPITATION (IN)
  YESTERDAY        0.51          1.19 1959   0.12   0.39     0.00
  MONTH TO DATE    1.20                      1.39  -0.19     1.18
  SINCE SEP 1      9.59                      8.24   1.35     9.65
  SINCE JAN 1     37.80                     33.51   4.29    36.57

SNOWFALL (IN)
  YESTERDAY       12.3 R         4.7  1974   0.1   12.2      0.0
  MONTH TO DATE   12.3                       1.2   11.1      1.8
  SINCE SEP 1     12.5                       1.6   10.9      2.1
  SINCE JUL 1     12.5                       1.6   10.9      2.1
  SNOW DEPTH       T

DEGREE DAYS
 HEATING
  YESTERDAY       38                        23     15       38
  MONTH TO DATE  304                       267     37      297
  SINCE SEP 1    809                       790     19      767
  SINCE JUL 1    837                       808     29      796

 COOLING
  YESTERDAY        0                         0      0        0
  MONTH TO DATE    0                         0      0        0
  SINCE SEP 1     78                        91    -13      148
  SINCE JAN 1    771                       773     -2      828
..................................................................


WIND (MPH)
  HIGHEST WIND SPEED    21   HIGHEST WIND DIRECTION     W (290)
  HIGHEST GUST SPEED    26   HIGHEST GUST DIRECTION    NW (300)
  AVERAGE WIND SPEED    10.8


SKY COVER
  AVERAGE SKY COVER 1.0


WEATHER CONDITIONS
 THE FOLLOWING WEATHER WAS RECORDED YESTERDAY.
  HEAVY SNOW
  SNOW
  LIGHT SNOW
  FOG
  FOG W/VISIBILITY <= 1/4 MILE


RELATIVE HUMIDITY (PERCENT)
 HIGHEST    92           900 AM
 LOWEST     63          1200 AM
 AVERAGE    78

..........................................................


THE SOUTH BEND CLIMATE NORMALS FOR TODAY
                         NORMAL    RECORD    YEAR
 MAXIMUM TEMPERATURE (F)   49        71      1971
 MINIMUM TEMPERATURE (F)   34        10      1986
                                             1911


SUNRISE AND SUNSET
NOVEMBER 14 2014......SUNRISE   733 AM EST   SUNSET   526 PM EST
NOVEMBER 15 2014......SUNRISE   734 AM EST   SUNSET   525 PM EST


-  INDICATES NEGATIVE NUMBERS.
R  INDICATES RECORD WAS SET OR TIED.
MM INDICATES DATA IS MISSING.
T  INDICATES TRACE AMOUNT.




$$
