000
CDUS43 KIWX 050528
CLISBN


CLIMATE REPORT
NATIONAL WEATHER SERVICE NORTHERN INDIANA
127 AM EDT SAT APR 5 2014


...................................

...THE SOUTH BEND CLIMATE SUMMARY FOR APRIL 4 2014...

CLIMATE NORMAL PERIOD 1981 TO 2010
CLIMATE RECORD PERIOD 1893 TO 2014


WEATHER ITEM   OBSERVED TIME   RECORD YEAR NORMAL DEPARTURE LAST
                VALUE   (LST)  VALUE       VALUE  FROM      YEAR
                                                  NORMAL
..................................................................
TEMPERATURE (F)
 YESTERDAY
  MAXIMUM         47   1144 AM  77    1997  55     -8       57
                                      1921
  MINIMUM         35   1159 PM  18    1936  35      0       24
  AVERAGE         41                        45     -4       41

PRECIPITATION (IN)
  YESTERDAY        0.01          1.89 2003   0.10  -0.09     0.00
  MONTH TO DATE    1.18                      0.39   0.79      T
  SINCE MAR 1      2.87                      2.81   0.06     1.26
  SINCE JAN 1      8.81                      7.05   1.76     8.75

DEGREE DAYS
 HEATING
  YESTERDAY       24                        20      4       24
  MONTH TO DATE   82                        84     -2      126
  SINCE MAR 1   1158                       939    219     1140
  SINCE JUL 1   6341                      5628    713     5537

 COOLING
  YESTERDAY        0                         0      0        0
  MONTH TO DATE    0                         0      0        0
  SINCE MAR 1      0                         1     -1        0
  SINCE JAN 1      0                         1     -1        0
..................................................................


WIND (MPH)
  HIGHEST WIND SPEED    29   HIGHEST WIND DIRECTION     W (260)
  HIGHEST GUST SPEED    37   HIGHEST GUST DIRECTION     W (280)
  AVERAGE WIND SPEED    15.9


SKY COVER
  AVERAGE SKY COVER 1.0


WEATHER CONDITIONS
 THE FOLLOWING WEATHER WAS RECORDED YESTERDAY.
  RAIN
  LIGHT RAIN
  FOG
  FOG W/VISIBILITY <= 1/4 MILE


RELATIVE HUMIDITY (PERCENT)
 HIGHEST    93          1000 AM
 LOWEST     64           900 PM
 AVERAGE    79

..........................................................


THE SOUTH BEND CLIMATE NORMALS FOR TODAY
                         NORMAL    RECORD    YEAR
 MAXIMUM TEMPERATURE (F)   55        82      1988
 MINIMUM TEMPERATURE (F)   35        16      1898


SUNRISE AND SUNSET
APRIL  5 2014.........SUNRISE   722 AM EDT   SUNSET   815 PM EDT
APRIL  6 2014.........SUNRISE   720 AM EDT   SUNSET   816 PM EDT


-  INDICATES NEGATIVE NUMBERS.
R  INDICATES RECORD WAS SET OR TIED.
MM INDICATES DATA IS MISSING.
T  INDICATES TRACE AMOUNT.




$$
