000
CDUS43 KIWX 190521
CLISBN


CLIMATE REPORT
NATIONAL WEATHER SERVICE NORTHERN INDIANA
121 AM EDT THU MAR 19 2015


...................................

...THE SOUTH BEND CLIMATE SUMMARY FOR MARCH 18 2015...

CLIMATE NORMAL PERIOD 1981 TO 2010
CLIMATE RECORD PERIOD 1893 TO 2015


WEATHER ITEM   OBSERVED TIME   RECORD YEAR NORMAL DEPARTURE LAST
                VALUE   (LST)  VALUE       VALUE  FROM      YEAR
                                                  NORMAL
..................................................................
TEMPERATURE (F)
 YESTERDAY
  MAXIMUM         48    333 PM  77    2012  47      1       48
  MINIMUM         21    628 AM   7    1906  29     -8       24
  AVERAGE         35                        38     -3       36

PRECIPITATION (IN)
  YESTERDAY        0.00          0.74 1952   0.08  -0.08     0.00
  MONTH TO DATE    0.13                      1.36  -1.23     0.92
  SINCE MAR 1      0.13                      1.36  -1.23     0.92
  SINCE JAN 1      4.03                      5.60  -1.57     6.86

SNOWFALL (IN)
  YESTERDAY        0.0           6.0  1931   0.2   -0.2      0.0
  MONTH TO DATE    1.4                       5.2   -3.8      9.7
  SINCE MAR 1      1.4                       5.2   -3.8      9.7
  SINCE JUL 1     79.2                      63.3   15.9    103.7
  SNOW DEPTH       0

DEGREE DAYS
 HEATING
  YESTERDAY       30                        27      3       29
  MONTH TO DATE  559                       540     19      695
  SINCE MAR 1    559                       540     19      695
  SINCE JUL 1   5656                      5229    427     5878

 COOLING
  YESTERDAY        0                         0      0        0
  MONTH TO DATE    0                         0      0        0
  SINCE MAR 1      0                         0      0        0
  SINCE JAN 1      0                         0      0        0
..................................................................


WIND (MPH)
  HIGHEST WIND SPEED    16   HIGHEST WIND DIRECTION    NW (320)
  HIGHEST GUST SPEED    24   HIGHEST GUST DIRECTION    NW (320)
  AVERAGE WIND SPEED     4.4


SKY COVER
  AVERAGE SKY COVER 0.1


WEATHER CONDITIONS
 THE FOLLOWING WEATHER WAS RECORDED YESTERDAY.
  NO SIGNIFICANT WEATHER WAS OBSERVED.


RELATIVE HUMIDITY (PERCENT)
 HIGHEST    74           100 AM
 LOWEST     23           100 PM
 AVERAGE    49

..........................................................


THE SOUTH BEND CLIMATE NORMALS FOR TODAY
                         NORMAL    RECORD    YEAR
 MAXIMUM TEMPERATURE (F)   48        79      2012
 MINIMUM TEMPERATURE (F)   29         3      1934


SUNRISE AND SUNSET
MARCH 19 2015.........SUNRISE   751 AM EDT   SUNSET   756 PM EDT
MARCH 20 2015.........SUNRISE   749 AM EDT   SUNSET   757 PM EDT


-  INDICATES NEGATIVE NUMBERS.
R  INDICATES RECORD WAS SET OR TIED.
MM INDICATES DATA IS MISSING.
T  INDICATES TRACE AMOUNT.




$$
