000
CDUS43 KIWX 070020
CLISBN


CLIMATE REPORT
NATIONAL WEATHER SERVICE NORTHERN INDIANA
820 PM EDT FRI OCT 6 2017


...................................

...THE SOUTH BEND CLIMATE SUMMARY FOR OCTOBER 6 2017...
VALID AS OF 0800 PM LOCAL TIME.

CLIMATE NORMAL PERIOD 1981 TO 2010
CLIMATE RECORD PERIOD 1893 TO 2017


WEATHER ITEM   OBSERVED TIME   RECORD YEAR NORMAL DEPARTURE LAST
                VALUE   (LST)  VALUE       VALUE  FROM      YEAR
                                                  NORMAL
..................................................................
TEMPERATURE (F)
 TODAY
  MAXIMUM         70    458 PM  92    1963  66      4       78
  MINIMUM         55    743 AM  25    1935  45     10       57
  AVERAGE         63                        56      7       68

PRECIPITATION (IN)
  TODAY            0.33          1.82 1941   0.12   0.21     0.11
  MONTH TO DATE    0.56                      0.67  -0.11     1.01
  SINCE SEP 1      2.60                      4.20  -1.60     4.75
  SINCE JAN 1     30.19                     29.47   0.72    39.16

DEGREE DAYS
 HEATING
  TODAY            2                        10     -8        0
  MONTH TO DATE   10                        55    -45       19
  SINCE SEP 1    101                       171    -70       49
  SINCE JUL 1    122                       189    -67       57

 COOLING
  TODAY            0                         1     -1        3
  MONTH TO DATE   14                         6      8       10
  SINCE SEP 1    132                        88     44      133
  SINCE JAN 1    684                       770    -86      942
..................................................................


WIND (MPH)
  RESULTANT WIND SPEED   4   RESULTANT WIND DIRECTION   E (100)
  HIGHEST WIND SPEED    14   HIGHEST WIND DIRECTION     N (350)
  HIGHEST GUST SPEED    16   HIGHEST GUST DIRECTION     N (350)
  AVERAGE WIND SPEED     5.3


SKY COVER
  POSSIBLE SUNSHINE  MM
  AVERAGE SKY COVER 0.9


WEATHER CONDITIONS
 THE FOLLOWING WEATHER WAS RECORDED TODAY.
  THUNDERSTORM
  HEAVY RAIN
  RAIN
  LIGHT RAIN
  FOG
  HAZE


RELATIVE HUMIDITY (PERCENT)
 HIGHEST   100           300 AM
 LOWEST     72          1200 AM
 AVERAGE    86

..........................................................


THE SOUTH BEND CLIMATE NORMALS FOR TOMORROW
                         NORMAL    RECORD    YEAR
 MAXIMUM TEMPERATURE (F)   65        88      2007
 MINIMUM TEMPERATURE (F)   45        25      1935


SUNRISE AND SUNSET
OCTOBER  6 2017.......SUNRISE   748 AM EDT   SUNSET   718 PM EDT
OCTOBER  7 2017.......SUNRISE   749 AM EDT   SUNSET   716 PM EDT


-  INDICATES NEGATIVE NUMBERS.
R  INDICATES RECORD WAS SET OR TIED.
MM INDICATES DATA IS MISSING.
T  INDICATES TRACE AMOUNT.




$$
