235
CDUS43 KIWX 170533
CLISBN


CLIMATE REPORT
NATIONAL WEATHER SERVICE NORTHERN INDIANA
131 AM EDT SAT JUN 17 2017


...................................

...THE SOUTH BEND CLIMATE SUMMARY FOR JUNE 16 2017...

CLIMATE NORMAL PERIOD 1981 TO 2010
CLIMATE RECORD PERIOD 1893 TO 2017


WEATHER ITEM   OBSERVED TIME   RECORD YEAR NORMAL DEPARTURE LAST
                VALUE   (LST)  VALUE       VALUE  FROM      YEAR
                                                  NORMAL
..................................................................
TEMPERATURE (F)
 YESTERDAY
  MAXIMUM         82    628 PM  95    1994  80      2       77
                                      1918
  MINIMUM         66    551 AM  35    1917  59      7       58
  AVERAGE         74                        70      4       68

PRECIPITATION (IN)
  YESTERDAY        0.10          1.33 1922   0.12  -0.02      T
  MONTH TO DATE    1.07                      2.09  -1.02     0.44
  SINCE JUN 1      1.07                      2.09  -1.02     0.44
  SINCE JAN 1     20.30                     15.81   4.49    15.55

DEGREE DAYS
 HEATING
  YESTERDAY        0                         1     -1        0
  MONTH TO DATE   13                        33    -20       24
  SINCE JUN 1     13                        33    -20       24
  SINCE JUL 1   5515                      6287   -772     5629

 COOLING
  YESTERDAY        9                         6      3        3
  MONTH TO DATE  109                        66     43       79
  SINCE JUN 1    109                        66     43       79
  SINCE JAN 1    149                       122     27      148
..................................................................


WIND (MPH)
  HIGHEST WIND SPEED    16   HIGHEST WIND DIRECTION     W (270)
  HIGHEST GUST SPEED    21   HIGHEST GUST DIRECTION    SW (210)
  AVERAGE WIND SPEED     6.9


SKY COVER
  AVERAGE SKY COVER 0.3


WEATHER CONDITIONS
 THE FOLLOWING WEATHER WAS RECORDED YESTERDAY.
  THUNDERSTORM
  LIGHT RAIN
  FOG


RELATIVE HUMIDITY (PERCENT)
 HIGHEST   100           600 AM
 LOWEST     51           600 PM
 AVERAGE    76

..........................................................


THE SOUTH BEND CLIMATE NORMALS FOR TODAY
                         NORMAL    RECORD    YEAR
 MAXIMUM TEMPERATURE (F)   80        97      1994
 MINIMUM TEMPERATURE (F)   60        42      1980
                                             1903


SUNRISE AND SUNSET
JUNE 17 2017..........SUNRISE   610 AM EDT   SUNSET   922 PM EDT
JUNE 18 2017..........SUNRISE   610 AM EDT   SUNSET   923 PM EDT


-  INDICATES NEGATIVE NUMBERS.
R  INDICATES RECORD WAS SET OR TIED.
MM INDICATES DATA IS MISSING.
T  INDICATES TRACE AMOUNT.




$$
