000
CDUS43 KIWX 240020
CLISBN


CLIMATE REPORT
NATIONAL WEATHER SERVICE NORTHERN INDIANA
720 PM EST THU NOV 23 2017


...................................

...THE SOUTH BEND CLIMATE SUMMARY FOR NOVEMBER 23 2017...
VALID AS OF 0700 PM LOCAL TIME.

CLIMATE NORMAL PERIOD 1981 TO 2010
CLIMATE RECORD PERIOD 1893 TO 2017


WEATHER ITEM   OBSERVED TIME   RECORD YEAR NORMAL DEPARTURE LAST
                VALUE   (LST)  VALUE       VALUE  FROM      YEAR
                                                  NORMAL
..................................................................
TEMPERATURE (F)
 TODAY
  MAXIMUM         44    332 PM  71    1931  44      0       41
  MINIMUM         27    121 AM   1    1950  31     -4       33
  AVERAGE         36                        37     -1       37

PRECIPITATION (IN)
  TODAY            0.00          1.24 2014   0.12  -0.12     0.88
  MONTH TO DATE    3.38                      2.52   0.86     2.03
  SINCE SEP 1     14.55                      9.37   5.18     9.25
  SINCE JAN 1     42.14                     34.64   7.50    43.66

SNOWFALL (IN)
  TODAY            0.0           9.8  1970   0.3   -0.3       T
  MONTH TO DATE    T                         3.0   -3.0      0.5
  SINCE SEP 1      T                         3.4   -3.4      0.5
  SINCE JUL 1      T                         3.4   -3.4      0.5
  SNOW DEPTH       0

DEGREE DAYS
 HEATING
  TODAY           29                        28      1       28
  MONTH TO DATE  608                       522     86      407
  SINCE SEP 1    995                      1045    -50      731
  SINCE JUL 1   1016                      1063    -47      739

 COOLING
  TODAY            0                         0      0        0
  MONTH TO DATE    0                         0      0        1
  SINCE SEP 1    140                        91     49      141
  SINCE JAN 1    692                       773    -81      950
..................................................................


WIND (MPH)
  RESULTANT WIND SPEED   9   RESULTANT WIND DIRECTION  SW (210)
  HIGHEST WIND SPEED    17   HIGHEST WIND DIRECTION    SW (210)
  HIGHEST GUST SPEED    22   HIGHEST GUST DIRECTION    SW (210)
  AVERAGE WIND SPEED     9.0


SKY COVER
  POSSIBLE SUNSHINE  MM
  AVERAGE SKY COVER 0.5


WEATHER CONDITIONS
 THE FOLLOWING WEATHER WAS RECORDED TODAY.
  NO SIGNIFICANT WEATHER WAS OBSERVED.


RELATIVE HUMIDITY (PERCENT)
 HIGHEST    75          1200 AM
 LOWEST     49           200 PM
 AVERAGE    62

..........................................................


THE SOUTH BEND CLIMATE NORMALS FOR TOMORROW
                         NORMAL    RECORD    YEAR
 MAXIMUM TEMPERATURE (F)   44        65      1973
                                             1931
 MINIMUM TEMPERATURE (F)   30        -6      1950


SUNRISE AND SUNSET
NOVEMBER 23 2017......SUNRISE   744 AM EST   SUNSET   519 PM EST
NOVEMBER 24 2017......SUNRISE   745 AM EST   SUNSET   518 PM EST


-  INDICATES NEGATIVE NUMBERS.
R  INDICATES RECORD WAS SET OR TIED.
MM INDICATES DATA IS MISSING.
T  INDICATES TRACE AMOUNT.




$$
