000
CDUS43 KIWX 280103
CLISBN


CLIMATE REPORT
NATIONAL WEATHER SERVICE NORTHERN INDIANA
802 PM EST THU NOV 27 2014


...................................

...THE SOUTH BEND CLIMATE SUMMARY FOR NOVEMBER 27 2014...
VALID AS OF 0800 PM LOCAL TIME.

CLIMATE NORMAL PERIOD 1981 TO 2010
CLIMATE RECORD PERIOD 1893 TO 2014


WEATHER ITEM   OBSERVED TIME   RECORD YEAR NORMAL DEPARTURE LAST
                VALUE   (LST)  VALUE       VALUE  FROM      YEAR
                                                  NORMAL
..................................................................
TEMPERATURE (F)
 TODAY
  MAXIMUM         31    129 PM  68    1990  42    -11       29
  MINIMUM         26    659 PM   0    1930  29     -3       19
  AVERAGE         29                        36     -7       24

PRECIPITATION (IN)
  TODAY            0.17          3.92 1990   0.11   0.06     0.19
  MONTH TO DATE    3.36                      2.95   0.41     2.63
  SINCE SEP 1     11.75                      9.80   1.95    11.10
  SINCE JAN 1     39.96                     35.07   4.89    38.02

SNOWFALL (IN)
  TODAY            1.9           6.1  2013   0.3    1.6      6.1
  MONTH TO DATE   18.8                       4.0   14.8      8.8
  SINCE SEP 1     19.0                       4.4   14.6      9.1
  SINCE JUL 1     19.0                       4.4   14.6      9.1
  SNOW DEPTH       0

DEGREE DAYS
 HEATING
  TODAY           36                        29      7       41
  MONTH TO DATE  824                       637    187      689
  SINCE SEP 1   1329                      1160    169     1159
  SINCE JUL 1   1357                      1178    179     1188

 COOLING
  TODAY            0                         0      0        0
  MONTH TO DATE    0                         0      0        0
  SINCE SEP 1     78                        91    -13      148
  SINCE JAN 1    771                       773     -2      828
..................................................................


WIND (MPH)
  RESULTANT WIND SPEED   7   RESULTANT WIND DIRECTION   W (290)
  HIGHEST WIND SPEED    20   HIGHEST WIND DIRECTION     W (290)
  HIGHEST GUST SPEED    26   HIGHEST GUST DIRECTION    NW (310)
  AVERAGE WIND SPEED     8.2


SKY COVER
  POSSIBLE SUNSHINE  MM
  AVERAGE SKY COVER 1.0


WEATHER CONDITIONS
 THE FOLLOWING WEATHER WAS RECORDED TODAY.
  SNOW
  LIGHT SNOW
  FOG
  HAZE


RELATIVE HUMIDITY (PERCENT)
 HIGHEST    92           800 AM
 LOWEST     75           100 AM
 AVERAGE    84

..........................................................


THE SOUTH BEND CLIMATE NORMALS FOR TOMORROW
                         NORMAL    RECORD    YEAR
 MAXIMUM TEMPERATURE (F)   42        67      1909
 MINIMUM TEMPERATURE (F)   29         1      1930


SUNRISE AND SUNSET
NOVEMBER 27 2014......SUNRISE   748 AM EST   SUNSET   517 PM EST
NOVEMBER 28 2014......SUNRISE   750 AM EST   SUNSET   517 PM EST


-  INDICATES NEGATIVE NUMBERS.
R  INDICATES RECORD WAS SET OR TIED.
MM INDICATES DATA IS MISSING.
T  INDICATES TRACE AMOUNT.




$$
