000
CDUS43 KIWX 090521
CLISBN


CLIMATE REPORT
NATIONAL WEATHER SERVICE NORTHERN INDIANA
1220 AM EST SAT DEC 9 2017


...................................

...THE SOUTH BEND CLIMATE SUMMARY FOR DECEMBER 8 2017...

CLIMATE NORMAL PERIOD 1981 TO 2010
CLIMATE RECORD PERIOD 1893 TO 2017


WEATHER ITEM   OBSERVED TIME   RECORD YEAR NORMAL DEPARTURE LAST
                VALUE   (LST)  VALUE       VALUE  FROM      YEAR
                                                  NORMAL
..................................................................
TEMPERATURE (F)
 YESTERDAY
  MAXIMUM         31    432 PM  65    1966  37     -6       25
  MINIMUM         13    742 AM  -4    1927  25    -12       19
                                      1909
  AVERAGE         22                        31     -9       22

PRECIPITATION (IN)
  YESTERDAY        0.00          1.34 1924   0.09  -0.09     0.04
  MONTH TO DATE    0.13                      0.73  -0.60     0.49
  SINCE DEC 1      0.13                      0.73  -0.60     0.49
  SINCE JAN 1     42.29                     36.12   6.17    45.10

SNOWFALL (IN)
  YESTERDAY        0.0           7.7  2005   0.4   -0.4      1.6
  MONTH TO DATE    1.8                       3.3   -1.5      3.1
  SINCE DEC 1      1.8                       3.3   -1.5      3.1
  SINCE JUL 1      1.8                       8.5   -6.7      3.6
  SNOW DEPTH       0

DEGREE DAYS
 HEATING
  YESTERDAY       43                        34      9       43
  MONTH TO DATE  235                       262    -27      264
  SINCE DEC 1    235                       262    -27      264
  SINCE JUL 1   1418                      1531   -113     1165

 COOLING
  YESTERDAY        0                         0      0        0
  MONTH TO DATE    0                         0      0        0
  SINCE DEC 1      0                         0      0        0
  SINCE JAN 1    692                       773    -81      950
..................................................................


WIND (MPH)
  HIGHEST WIND SPEED    21   HIGHEST WIND DIRECTION    SW (230)
  HIGHEST GUST SPEED    27   HIGHEST GUST DIRECTION    SW (220)
  AVERAGE WIND SPEED    13.2


SKY COVER
  AVERAGE SKY COVER 0.2


WEATHER CONDITIONS
 THE FOLLOWING WEATHER WAS RECORDED YESTERDAY.
  NO SIGNIFICANT WEATHER WAS OBSERVED.


RELATIVE HUMIDITY (PERCENT)
 HIGHEST    84           600 AM
 LOWEST     46           600 PM
 AVERAGE    65

..........................................................


THE SOUTH BEND CLIMATE NORMALS FOR TODAY
                         NORMAL    RECORD    YEAR
 MAXIMUM TEMPERATURE (F)   37        58      1946
 MINIMUM TEMPERATURE (F)   24        -9      1958


SUNRISE AND SUNSET
DECEMBER  9 2017......SUNRISE   801 AM EST   SUNSET   515 PM EST
DECEMBER 10 2017......SUNRISE   802 AM EST   SUNSET   515 PM EST


-  INDICATES NEGATIVE NUMBERS.
R  INDICATES RECORD WAS SET OR TIED.
MM INDICATES DATA IS MISSING.
T  INDICATES TRACE AMOUNT.




$$
