195
CDUS43 KIWX 260523
CLISBN


CLIMATE REPORT
NATIONAL WEATHER SERVICE NORTHERN INDIANA
123 AM EDT MON JUN 26 2017


...................................

...THE SOUTH BEND CLIMATE SUMMARY FOR JUNE 25 2017...

CLIMATE NORMAL PERIOD 1981 TO 2010
CLIMATE RECORD PERIOD 1893 TO 2017


WEATHER ITEM   OBSERVED TIME   RECORD YEAR NORMAL DEPARTURE LAST
                VALUE   (LST)  VALUE       VALUE  FROM      YEAR
                                                  NORMAL
..................................................................
TEMPERATURE (F)
 YESTERDAY
  MAXIMUM         71    450 PM 104    1988  82    -11       86
  MINIMUM         53    429 AM  43    1986  62     -9       61
  AVERAGE         62                        72    -10       74

PRECIPITATION (IN)
  YESTERDAY        0.07          4.69 1968   0.12  -0.05     0.00
  MONTH TO DATE    1.38                      3.22  -1.84     3.09
  SINCE JUN 1      1.38                      3.22  -1.84     3.09
  SINCE JAN 1     20.61                     16.94   3.67    18.20

DEGREE DAYS
 HEATING
  YESTERDAY        3                         1      2        0
  MONTH TO DATE   16                        42    -26       24
  SINCE JUN 1     16                        42    -26       24
  SINCE JUL 1   5518                      6296   -778     5629

 COOLING
  YESTERDAY        0                         7     -7        9
  MONTH TO DATE  153                       126     27      151
  SINCE JUN 1    153                       126     27      151
  SINCE JAN 1    193                       182     11      220
..................................................................


WIND (MPH)
  HIGHEST WIND SPEED    26   HIGHEST WIND DIRECTION     W (270)
  HIGHEST GUST SPEED    34   HIGHEST GUST DIRECTION     W (270)
  AVERAGE WIND SPEED    11.1


SKY COVER
  AVERAGE SKY COVER 0.4


WEATHER CONDITIONS
 THE FOLLOWING WEATHER WAS RECORDED YESTERDAY.
  THUNDERSTORM
  HEAVY RAIN
  LIGHT RAIN


RELATIVE HUMIDITY (PERCENT)
 HIGHEST   100          1100 PM
 LOWEST     38           400 PM
 AVERAGE    69

..........................................................


THE SOUTH BEND CLIMATE NORMALS FOR TODAY
                         NORMAL    RECORD    YEAR
 MAXIMUM TEMPERATURE (F)   82        96      1983
                                             1933
 MINIMUM TEMPERATURE (F)   62        46      1902


SUNRISE AND SUNSET
JUNE 26 2017..........SUNRISE   612 AM EDT   SUNSET   924 PM EDT
JUNE 27 2017..........SUNRISE   613 AM EDT   SUNSET   924 PM EDT


-  INDICATES NEGATIVE NUMBERS.
R  INDICATES RECORD WAS SET OR TIED.
MM INDICATES DATA IS MISSING.
T  INDICATES TRACE AMOUNT.




$$
