000
CDUS43 KIWX 270022
CLISBN


CLIMATE REPORT
NATIONAL WEATHER SERVICE NORTHERN INDIANA
721 PM EST SUN FEB 26 2017


...................................

...THE SOUTH BEND CLIMATE SUMMARY FOR FEBRUARY 26 2017...
VALID AS OF 0700 PM LOCAL TIME.

CLIMATE NORMAL PERIOD 1981 TO 2010
CLIMATE RECORD PERIOD 1893 TO 2017


WEATHER ITEM   OBSERVED TIME   RECORD YEAR NORMAL DEPARTURE LAST
                VALUE   (LST)  VALUE       VALUE  FROM      YEAR
                                                  NORMAL
..................................................................
TEMPERATURE (F)
 TODAY
  MAXIMUM         46    418 PM  67    1932  39      7       32
  MINIMUM         19    732 AM  -6    1963  23     -4       26
  AVERAGE         33                        31      2       29

PRECIPITATION (IN)
  TODAY            0.01          1.36 1899   0.07  -0.06      T
  MONTH TO DATE    1.88                      1.79   0.09     2.09
  SINCE DEC 1      7.21                      6.69   0.52     7.81
  SINCE JAN 1      5.22                      4.08   1.14     3.69

SNOWFALL (IN)
  TODAY            0.1           8.7  2002   0.5   -0.4       T
  MONTH TO DATE    0.5                      14.2  -13.7     30.1
  SINCE DEC 1     33.3                      52.1  -18.8     50.2
  SINCE JUL 1     33.8                      57.3  -23.5     59.3
  SNOW DEPTH       0

DEGREE DAYS
 HEATING
  TODAY           32                        34     -2       36
  MONTH TO DATE  729                       976   -247      963
  SINCE DEC 1   3036                      3355   -319     2989
  SINCE JUL 1   3937                      4624   -687     4056

 COOLING
  TODAY            0                         0      0        0
  MONTH TO DATE    0                         0      0        0
  SINCE DEC 1      0                         0      0        0
  SINCE JAN 1      0                         0      0        0
..................................................................


WIND (MPH)
  RESULTANT WIND SPEED  11   RESULTANT WIND DIRECTION  SW (220)
  HIGHEST WIND SPEED    30   HIGHEST WIND DIRECTION    SW (210)
  HIGHEST GUST SPEED    38   HIGHEST GUST DIRECTION    SW (230)
  AVERAGE WIND SPEED    12.3


SKY COVER
  POSSIBLE SUNSHINE  MM
  AVERAGE SKY COVER 0.6


WEATHER CONDITIONS
 THE FOLLOWING WEATHER WAS RECORDED TODAY.
  NO SIGNIFICANT WEATHER WAS OBSERVED.


RELATIVE HUMIDITY (PERCENT)
 HIGHEST    84           600 AM
 LOWEST     37           300 PM
 AVERAGE    61

..........................................................


THE SOUTH BEND CLIMATE NORMALS FOR TOMORROW
                         NORMAL    RECORD    YEAR
 MAXIMUM TEMPERATURE (F)   39        69      1976
 MINIMUM TEMPERATURE (F)   23        -8      2015


SUNRISE AND SUNSET
FEBRUARY 26 2017......SUNRISE   724 AM EST   SUNSET   632 PM EST
FEBRUARY 27 2017......SUNRISE   723 AM EST   SUNSET   634 PM EST


-  INDICATES NEGATIVE NUMBERS.
R  INDICATES RECORD WAS SET OR TIED.
MM INDICATES DATA IS MISSING.
T  INDICATES TRACE AMOUNT.




$$
