000
CDUS43 KIWX 210024
CLISBN


CLIMATE REPORT
NATIONAL WEATHER SERVICE NORTHERN INDIANA
822 PM EDT SUN AUG 20 2017


...................................

...THE SOUTH BEND CLIMATE SUMMARY FOR AUGUST 20 2017...
VALID AS OF 0800 PM LOCAL TIME.

CLIMATE NORMAL PERIOD 1981 TO 2010
CLIMATE RECORD PERIOD 1893 TO 2017


WEATHER ITEM   OBSERVED TIME   RECORD YEAR NORMAL DEPARTURE LAST
                VALUE   (LST)  VALUE       VALUE  FROM      YEAR
                                                  NORMAL
..................................................................
TEMPERATURE (F)
 TODAY
  MAXIMUM         86    342 PM  98    1947  81      5       80
                                      1916
  MINIMUM         56    602 AM  44    1908  62     -6       64
                                      1897
  AVERAGE         71                        71      0       72

PRECIPITATION (IN)
  TODAY            0.00          1.43 2007   0.12  -0.12     0.30
  MONTH TO DATE    1.29                      2.47  -1.18    11.09
  SINCE JUN 1      7.46                     10.26  -2.80    17.58
  SINCE JAN 1     26.69                     23.98   2.71    32.69

DEGREE DAYS
 HEATING
  TODAY            0                         0      0        0
  MONTH TO DATE    6                         0      6        0
  SINCE JUN 1     32                        49    -17       43
  SINCE JUL 1      7                         5      2        8

 COOLING
  TODAY            6                         7     -1        7
  MONTH TO DATE   93                       142    -49      212
  SINCE JUN 1    486                       560    -74      658
  SINCE JAN 1    526                       616    -90      727
..................................................................


WIND (MPH)
  RESULTANT WIND SPEED   3   RESULTANT WIND DIRECTION   S (170)
  HIGHEST WIND SPEED    13   HIGHEST WIND DIRECTION     S (200)
  HIGHEST GUST SPEED    16   HIGHEST GUST DIRECTION     S (190)
  AVERAGE WIND SPEED     4.4


SKY COVER
  POSSIBLE SUNSHINE  MM
  AVERAGE SKY COVER 0.1


WEATHER CONDITIONS
 THE FOLLOWING WEATHER WAS RECORDED TODAY.
  LIGHT RAIN


RELATIVE HUMIDITY (PERCENT)
 HIGHEST   100           200 AM
 LOWEST     45           300 PM
 AVERAGE    73

..........................................................


THE SOUTH BEND CLIMATE NORMALS FOR TOMORROW
                         NORMAL    RECORD    YEAR
 MAXIMUM TEMPERATURE (F)   81       100      1916
 MINIMUM TEMPERATURE (F)   62        43      1950
                                             1940


SUNRISE AND SUNSET
AUGUST 20 2017........SUNRISE   659 AM EDT   SUNSET   837 PM EDT
AUGUST 21 2017........SUNRISE   700 AM EDT   SUNSET   836 PM EDT


-  INDICATES NEGATIVE NUMBERS.
R  INDICATES RECORD WAS SET OR TIED.
MM INDICATES DATA IS MISSING.
T  INDICATES TRACE AMOUNT.




$$
