000
CDUS43 KIWX 200024
CLISBN


CLIMATE REPORT
NATIONAL WEATHER SERVICE NORTHERN INDIANA
824 PM EDT THU OCT 19 2017


...................................

...THE SOUTH BEND CLIMATE SUMMARY FOR OCTOBER 19 2017...
VALID AS OF 0800 PM LOCAL TIME.

CLIMATE NORMAL PERIOD 1981 TO 2010
CLIMATE RECORD PERIOD 1893 TO 2017


WEATHER ITEM   OBSERVED TIME   RECORD YEAR NORMAL DEPARTURE LAST
                VALUE   (LST)  VALUE       VALUE  FROM      YEAR
                                                  NORMAL
..................................................................
TEMPERATURE (F)
 TODAY
  MAXIMUM         67    252 PM  85    1908  61      6       70
  MINIMUM         49    723 PM  25    1972  42      7       45
                                      1896
  AVERAGE         58                        51      7       58

PRECIPITATION (IN)
  TODAY            0.00          1.81 2011   0.10  -0.10     0.10
  MONTH TO DATE    6.93                      2.07   4.86     2.30
  SINCE SEP 1      8.97                      5.60   3.37     6.04
  SINCE JAN 1     36.56                     30.87   5.69    40.45

DEGREE DAYS
 HEATING
  TODAY            7                        14     -7        7
  MONTH TO DATE   83                       214   -131      105
  SINCE SEP 1    174                       330   -156      135
  SINCE JUL 1    195                       348   -153      143

 COOLING
  TODAY            0                         0      0        0
  MONTH TO DATE   21                         8     13       17
  SINCE SEP 1    139                        90     49      140
  SINCE JAN 1    691                       772    -81      949
..................................................................


WIND (MPH)
  RESULTANT WIND SPEED   6   RESULTANT WIND DIRECTION   W (250)
  HIGHEST WIND SPEED    16   HIGHEST WIND DIRECTION    SW (220)
  HIGHEST GUST SPEED    21   HIGHEST GUST DIRECTION    SW (210)
  AVERAGE WIND SPEED     8.6


SKY COVER
  POSSIBLE SUNSHINE  MM
  AVERAGE SKY COVER 0.0


WEATHER CONDITIONS
 THE FOLLOWING WEATHER WAS RECORDED TODAY.
  HAZE


RELATIVE HUMIDITY (PERCENT)
 HIGHEST    89           900 AM
 LOWEST     24           300 PM
 AVERAGE    57

..........................................................


THE SOUTH BEND CLIMATE NORMALS FOR TOMORROW
                         NORMAL    RECORD    YEAR
 MAXIMUM TEMPERATURE (F)   60        84      1953
 MINIMUM TEMPERATURE (F)   41        23      1952
                                             1895


SUNRISE AND SUNSET
OCTOBER 19 2017.......SUNRISE   802 AM EDT   SUNSET   657 PM EDT
OCTOBER 20 2017.......SUNRISE   803 AM EDT   SUNSET   656 PM EDT


-  INDICATES NEGATIVE NUMBERS.
R  INDICATES RECORD WAS SET OR TIED.
MM INDICATES DATA IS MISSING.
T  INDICATES TRACE AMOUNT.




$$
