000
CDUS43 KIWX 220023
CLISBN


CLIMATE REPORT
NATIONAL WEATHER SERVICE NORTHERN INDIANA
722 PM EST TUE NOV 21 2017


...................................

...THE SOUTH BEND CLIMATE SUMMARY FOR NOVEMBER 21 2017...
VALID AS OF 0700 PM LOCAL TIME.

CLIMATE NORMAL PERIOD 1981 TO 2010
CLIMATE RECORD PERIOD 1893 TO 2017


WEATHER ITEM   OBSERVED TIME   RECORD YEAR NORMAL DEPARTURE LAST
                VALUE   (LST)  VALUE       VALUE  FROM      YEAR
                                                  NORMAL
..................................................................
TEMPERATURE (F)
 TODAY
  MAXIMUM         45   1233 PM  70    1913  45      0       41
  MINIMUM         34    659 PM   9    1964  31      3       30
  AVERAGE         40                        38      2       36

PRECIPITATION (IN)
  TODAY            0.12          1.14 2007   0.11   0.01     0.00
  MONTH TO DATE    3.38                      2.29   1.09     1.15
  SINCE SEP 1     14.55                      9.14   5.41     8.37
  SINCE JAN 1     42.14                     34.41   7.73    42.78

SNOWFALL (IN)
  TODAY            0.0           9.4  2008   0.2   -0.2      0.0
  MONTH TO DATE    T                         2.5   -2.5      0.5
  SINCE SEP 1      T                         2.9   -2.9      0.5
  SINCE JUL 1      T                         2.9   -2.9      0.5
  SNOW DEPTH       0

DEGREE DAYS
 HEATING
  TODAY           25                        27     -2       29
  MONTH TO DATE  544                       467     77      348
  SINCE SEP 1    931                       990    -59      672
  SINCE JUL 1    952                      1008    -56      680

 COOLING
  TODAY            0                         0      0        0
  MONTH TO DATE    0                         0      0        1
  SINCE SEP 1    140                        91     49      141
  SINCE JAN 1    692                       773    -81      950
..................................................................


WIND (MPH)
  RESULTANT WIND SPEED  15   RESULTANT WIND DIRECTION  SW (230)
  HIGHEST WIND SPEED    25   HIGHEST WIND DIRECTION    SW (210)
  HIGHEST GUST SPEED    35   HIGHEST GUST DIRECTION    SW (210)
  AVERAGE WIND SPEED    16.9


SKY COVER
  POSSIBLE SUNSHINE  MM
  AVERAGE SKY COVER 0.4


WEATHER CONDITIONS
 THE FOLLOWING WEATHER WAS RECORDED TODAY.
  LIGHT RAIN
  FOG


RELATIVE HUMIDITY (PERCENT)
 HIGHEST   100           400 PM
 LOWEST     53           100 AM
 AVERAGE    77

..........................................................


THE SOUTH BEND CLIMATE NORMALS FOR TOMORROW
                         NORMAL    RECORD    YEAR
 MAXIMUM TEMPERATURE (F)   45        68      1913
 MINIMUM TEMPERATURE (F)   31         3      1929


SUNRISE AND SUNSET
NOVEMBER 21 2017......SUNRISE   742 AM EST   SUNSET   520 PM EST
NOVEMBER 22 2017......SUNRISE   743 AM EST   SUNSET   520 PM EST


-  INDICATES NEGATIVE NUMBERS.
R  INDICATES RECORD WAS SET OR TIED.
MM INDICATES DATA IS MISSING.
T  INDICATES TRACE AMOUNT.




$$
