000
CDUS43 KIWX 080535
CLISBN


CLIMATE REPORT
NATIONAL WEATHER SERVICE NORTHERN INDIANA
1234 AM EST THU DEC 8 2016


...................................

...THE SOUTH BEND CLIMATE SUMMARY FOR DECEMBER 7 2016...

CLIMATE NORMAL PERIOD 1981 TO 2010
CLIMATE RECORD PERIOD 1893 TO 2016


WEATHER ITEM   OBSERVED TIME   RECORD YEAR NORMAL DEPARTURE LAST
                VALUE   (LST)  VALUE       VALUE  FROM      YEAR
                                                  NORMAL
..................................................................
TEMPERATURE (F)
 YESTERDAY
  MAXIMUM         31    158 PM  61    1946  38     -7       42
  MINIMUM         25   1159 PM   0    2005  25      0       25
  AVERAGE         28                        31     -3       34

PRECIPITATION (IN)
  YESTERDAY        0.00          2.14 1966   0.09  -0.09     0.00
  MONTH TO DATE    0.45                      0.64  -0.19     0.13
  SINCE DEC 1      0.45                      0.64  -0.19     0.13
  SINCE JAN 1     45.06                     36.03   9.03    32.31

SNOWFALL (IN)
  YESTERDAY        0.0           3.6  1968   0.5   -0.5      0.0
  MONTH TO DATE    1.5                       2.9   -1.4      0.1
  SINCE DEC 1      1.5                       2.9   -1.4      0.1
  SINCE JUL 1      2.0                       8.1   -6.1      9.2
  SNOW DEPTH       0

DEGREE DAYS
 HEATING
  YESTERDAY       37                        34      3       31
  MONTH TO DATE  221                       228     -7      208
  SINCE DEC 1    221                       228     -7      208
  SINCE JUL 1   1122                      1497   -375     1275

 COOLING
  YESTERDAY        0                         0      0        0
  MONTH TO DATE    0                         0      0        0
  SINCE DEC 1      0                         0      0        0
  SINCE JAN 1    950                       773    177      784
..................................................................


WIND (MPH)
  HIGHEST WIND SPEED    24   HIGHEST WIND DIRECTION     W (280)
  HIGHEST GUST SPEED    30   HIGHEST GUST DIRECTION     W (280)
  AVERAGE WIND SPEED    13.6


SKY COVER
  AVERAGE SKY COVER 0.5


WEATHER CONDITIONS
 THE FOLLOWING WEATHER WAS RECORDED YESTERDAY.
  NO SIGNIFICANT WEATHER WAS OBSERVED.


RELATIVE HUMIDITY (PERCENT)
 HIGHEST    81           200 AM
 LOWEST     69          1100 AM
 AVERAGE    75

..........................................................


THE SOUTH BEND CLIMATE NORMALS FOR TODAY
                         NORMAL    RECORD    YEAR
 MAXIMUM TEMPERATURE (F)   37        65      1966
 MINIMUM TEMPERATURE (F)   25        -4      1927
                                             1909


SUNRISE AND SUNSET
DECEMBER  8 2016......SUNRISE   800 AM EST   SUNSET   515 PM EST
DECEMBER  9 2016......SUNRISE   801 AM EST   SUNSET   515 PM EST


-  INDICATES NEGATIVE NUMBERS.
R  INDICATES RECORD WAS SET OR TIED.
MM INDICATES DATA IS MISSING.
T  INDICATES TRACE AMOUNT.




$$
