507
CDUS43 KIWX 210547
CLISBN


CLIMATE REPORT
NATIONAL WEATHER SERVICE NORTHERN INDIANA
1246 AM EST SAT JAN 21 2017


...................................

...THE SOUTH BEND CLIMATE SUMMARY FOR JANUARY 20 2017...

CLIMATE NORMAL PERIOD 1981 TO 2010
CLIMATE RECORD PERIOD 1893 TO 2017


WEATHER ITEM   OBSERVED TIME   RECORD YEAR NORMAL DEPARTURE LAST
                VALUE   (LST)  VALUE       VALUE  FROM      YEAR
                                                  NORMAL
..................................................................
TEMPERATURE (F)
 YESTERDAY
  MAXIMUM         46   1159 PM  65    1907  31     15       22
  MINIMUM         37   1054 AM -22    1943  17     20       13
  AVERAGE         42                        24     18       18

PRECIPITATION (IN)
  YESTERDAY        0.41          1.24 1959   0.06   0.35     0.06
  MONTH TO DATE    2.92                      1.57   1.35     1.43
  SINCE DEC 1      4.91                      4.18   0.73     5.55
  SINCE JAN 1      2.92                      1.57   1.35     1.43

SNOWFALL (IN)
  YESTERDAY        0.0           6.6  2000   0.7   -0.7      0.9
  MONTH TO DATE    3.8                      13.1   -9.3     18.0
  SINCE DEC 1     27.5                      30.4   -2.9     19.4
  SINCE JUL 1     28.0                      35.6   -7.6     28.5
  SNOW DEPTH       0

DEGREE DAYS
 HEATING
  YESTERDAY       23                        41    -18       47
  MONTH TO DATE  745                       812    -67      845
  SINCE DEC 1   1966                      1934     32     1631
  SINCE JUL 1   2867                      3203   -336     2698

 COOLING
  YESTERDAY        0                         0      0        0
  MONTH TO DATE    0                         0      0        0
  SINCE DEC 1      0                         0      0        0
  SINCE JAN 1      0                         0      0        0
..................................................................


WIND (MPH)
  HIGHEST WIND SPEED    10   HIGHEST WIND DIRECTION    SW (220)
  HIGHEST GUST SPEED    16   HIGHEST GUST DIRECTION     E (100)
  AVERAGE WIND SPEED     5.9


SKY COVER
  AVERAGE SKY COVER 1.0


WEATHER CONDITIONS
 THE FOLLOWING WEATHER WAS RECORDED YESTERDAY.
  RAIN
  LIGHT RAIN
  FOG


RELATIVE HUMIDITY (PERCENT)
 HIGHEST   100           100 AM
 LOWEST     92          1200 AM
 AVERAGE    96

..........................................................


THE SOUTH BEND CLIMATE NORMALS FOR TODAY
                         NORMAL    RECORD    YEAR
 MAXIMUM TEMPERATURE (F)   31        66      1906
 MINIMUM TEMPERATURE (F)   17       -21      1984


SUNRISE AND SUNSET
JANUARY 21 2017.......SUNRISE   806 AM EST   SUNSET   547 PM EST
JANUARY 22 2017.......SUNRISE   806 AM EST   SUNSET   549 PM EST


-  INDICATES NEGATIVE NUMBERS.
R  INDICATES RECORD WAS SET OR TIED.
MM INDICATES DATA IS MISSING.
T  INDICATES TRACE AMOUNT.




$$
