000
CDUS43 KIWX 060536
CLISBN


CLIMATE REPORT
NATIONAL WEATHER SERVICE NORTHERN INDIANA
135 AM EDT FRI MAY 6 2016


...................................

...THE SOUTH BEND CLIMATE SUMMARY FOR MAY 5 2016...

CLIMATE NORMAL PERIOD 1981 TO 2010
CLIMATE RECORD PERIOD 1893 TO 2016


WEATHER ITEM   OBSERVED TIME   RECORD YEAR NORMAL DEPARTURE LAST
                VALUE   (LST)  VALUE       VALUE  FROM      YEAR
                                                  NORMAL
..................................................................
TEMPERATURE (F)
 YESTERDAY
  MAXIMUM         57    523 PM  90    1949  67    -10       67
  MINIMUM         39   1054 PM  30    1968  45     -6       55
  AVERAGE         48                        56     -8       61

PRECIPITATION (IN)
  YESTERDAY        0.01          1.17 1919   0.12  -0.11     1.04
  MONTH TO DATE    0.95                      0.58   0.37     1.04
  SINCE MAR 1      9.79                      6.23   3.56     4.22
  SINCE JAN 1     13.57                     10.47   3.10     8.12

SNOWFALL (IN)
  YESTERDAY        0.0           T    1954   0.0    0.0      0.0
  MONTH TO DATE    0.0                       0.0    0.0      0.0
  SINCE MAR 1     10.9                       8.5    2.4      6.1
  SINCE JUL 1     70.2                      66.6    3.6     83.9
  SNOW DEPTH       0

DEGREE DAYS
 HEATING
  YESTERDAY       17                        10      7        4
  MONTH TO DATE   77                        52     25       20
  SINCE MAR 1   1291                      1394   -103     1395
  SINCE JUL 1   5421                      6083   -662     6492

 COOLING
  YESTERDAY        0                         1     -1        0
  MONTH TO DATE    0                         3     -3        4
  SINCE MAR 1      4                        13     -9        6
  SINCE JAN 1      4                        13     -9        6
..................................................................


WIND (MPH)
  HIGHEST WIND SPEED    20   HIGHEST WIND DIRECTION     N (350)
  HIGHEST GUST SPEED    MM   HIGHEST GUST DIRECTION    MM
  AVERAGE WIND SPEED    12.4


SKY COVER
  AVERAGE SKY COVER 0.5


WEATHER CONDITIONS
 THE FOLLOWING WEATHER WAS RECORDED YESTERDAY.
  FOG


RELATIVE HUMIDITY (PERCENT)
 HIGHEST   100          1200 AM
 LOWEST     61           600 PM
 AVERAGE    81

..........................................................


THE SOUTH BEND CLIMATE NORMALS FOR TODAY
                         NORMAL    RECORD    YEAR
 MAXIMUM TEMPERATURE (F)   67        88      1959
                                             1949
                                             1934
 MINIMUM TEMPERATURE (F)   45        24      1968


SUNRISE AND SUNSET
MAY  6 2016...........SUNRISE   635 AM EDT   SUNSET   849 PM EDT
MAY  7 2016...........SUNRISE   634 AM EDT   SUNSET   850 PM EDT


-  INDICATES NEGATIVE NUMBERS.
R  INDICATES RECORD WAS SET OR TIED.
MM INDICATES DATA IS MISSING.
T  INDICATES TRACE AMOUNT.




$$
