000
CDUS43 KIWX 230537
CLISBN


CLIMATE REPORT
NATIONAL WEATHER SERVICE NORTHERN INDIANA
136 AM EDT WED AUG 23 2017


...................................

...THE SOUTH BEND CLIMATE SUMMARY FOR AUGUST 22 2017...

CLIMATE NORMAL PERIOD 1981 TO 2010
CLIMATE RECORD PERIOD 1893 TO 2017


WEATHER ITEM   OBSERVED TIME   RECORD YEAR NORMAL DEPARTURE LAST
                VALUE   (LST)  VALUE       VALUE  FROM      YEAR
                                                  NORMAL
..................................................................
TEMPERATURE (F)
 YESTERDAY
  MAXIMUM         77    417 PM 100    1936  81     -4       77
  MINIMUM         59   1159 PM  45    1923  61     -2       55
                                      1907
  AVERAGE         68                        71     -3       66

PRECIPITATION (IN)
  YESTERDAY        0.66          1.59 1913   0.12   0.54     0.00
  MONTH TO DATE    1.95                      2.70  -0.75    11.09
  SINCE JUN 1      8.12                     10.49  -2.37    17.58
  SINCE JAN 1     27.35                     24.21   3.14    32.69

DEGREE DAYS
 HEATING
  YESTERDAY        0                         0      0        0
  MONTH TO DATE    6                         0      6        0
  SINCE JUN 1     32                        49    -17       43
  SINCE JUL 1      7                         5      2        8

 COOLING
  YESTERDAY        3                         6     -3        1
  MONTH TO DATE  109                       154    -45      213
  SINCE JUN 1    502                       572    -70      659
  SINCE JAN 1    542                       628    -86      728
..................................................................


WIND (MPH)
  HIGHEST WIND SPEED    23   HIGHEST WIND DIRECTION    NW (330)
  HIGHEST GUST SPEED    32   HIGHEST GUST DIRECTION    NW (320)
  AVERAGE WIND SPEED    11.0


SKY COVER
  AVERAGE SKY COVER 0.6


WEATHER CONDITIONS
 THE FOLLOWING WEATHER WAS RECORDED YESTERDAY.
  THUNDERSTORM
  RAIN
  LIGHT RAIN
  FOG


RELATIVE HUMIDITY (PERCENT)
 HIGHEST   100           300 AM
 LOWEST     60           400 PM
 AVERAGE    80

..........................................................


THE SOUTH BEND CLIMATE NORMALS FOR TODAY
                         NORMAL    RECORD    YEAR
 MAXIMUM TEMPERATURE (F)   81        95      1959
                                             1947
                                             1914
 MINIMUM TEMPERATURE (F)   61        44      1920


SUNRISE AND SUNSET
AUGUST 23 2017........SUNRISE   702 AM EDT   SUNSET   833 PM EDT
AUGUST 24 2017........SUNRISE   703 AM EDT   SUNSET   831 PM EDT


-  INDICATES NEGATIVE NUMBERS.
R  INDICATES RECORD WAS SET OR TIED.
MM INDICATES DATA IS MISSING.
T  INDICATES TRACE AMOUNT.




$$
