436
CDUS43 KIWX 110036
CLISBN


CLIMATE REPORT
NATIONAL WEATHER SERVICE NORTHERN INDIANA
735 PM EST WED FEB 10 2016


...................................

...THE SOUTH BEND CLIMATE SUMMARY FOR FEBRUARY 10 2016...
VALID AS OF 0700 PM LOCAL TIME.

CLIMATE NORMAL PERIOD 1981 TO 2010
CLIMATE RECORD PERIOD 1893 TO 2016


WEATHER ITEM   OBSERVED TIME   RECORD YEAR NORMAL DEPARTURE LAST
                VALUE   (LST)  VALUE       VALUE  FROM      YEAR
                                                  NORMAL
..................................................................
TEMPERATURE (F)
 TODAY
  MAXIMUM         19    404 AM  62    2009  34    -15       29
  MINIMUM         13    659 PM -20    1899  19     -6        6
  AVERAGE         16                        26    -10       18

PRECIPITATION (IN)
  TODAY            0.15          1.03 1960   0.07   0.08     0.00
  MONTH TO DATE    0.77                      0.63   0.14     1.30
  SINCE DEC 1      6.49                      5.53   0.96     4.69
  SINCE JAN 1      2.37                      2.92  -0.55     3.22

SNOWFALL (IN)
  TODAY            5.5 R         4.5  1968   0.5    5.0      0.0
  MONTH TO DATE   10.4                       6.1    4.3     18.8
  SINCE DEC 1     30.5                      44.0  -13.5     41.1
  SINCE JUL 1     39.6                      49.2   -9.6     60.4
  SNOW DEPTH       7

DEGREE DAYS
 HEATING
  TODAY           49                        39     10       47
  MONTH TO DATE  357                       395    -38      432
  SINCE DEC 1   2383                      2774   -391     2718
  SINCE JUL 1   3450                      4043   -593     4160

 COOLING
  TODAY            0                         0      0        0
  MONTH TO DATE    0                         0      0        0
  SINCE DEC 1      0                         0      0        0
  SINCE JAN 1      0                         0      0        0
..................................................................


WIND (MPH)
  RESULTANT WIND SPEED  14   RESULTANT WIND DIRECTION  NW (300)
  HIGHEST WIND SPEED    21   HIGHEST WIND DIRECTION    NW (300)
  HIGHEST GUST SPEED    26   HIGHEST GUST DIRECTION    NW (300)
  AVERAGE WIND SPEED    14.7


SKY COVER
  POSSIBLE SUNSHINE  MM
  AVERAGE SKY COVER 1.0


WEATHER CONDITIONS
 THE FOLLOWING WEATHER WAS RECORDED TODAY.
  HEAVY SNOW
  SNOW
  LIGHT SNOW
  FOG
  FOG W/VISIBILITY <= 1/4 MILE
  HAZE


RELATIVE HUMIDITY (PERCENT)
 HIGHEST    92           500 AM
 LOWEST     73           400 PM
 AVERAGE    83

..........................................................


THE SOUTH BEND CLIMATE NORMALS FOR TOMORROW
                         NORMAL    RECORD    YEAR
 MAXIMUM TEMPERATURE (F)   34        72      1999
 MINIMUM TEMPERATURE (F)   20       -12      1899


SUNRISE AND SUNSET
FEBRUARY 10 2016......SUNRISE   748 AM EST   SUNSET   612 PM EST
FEBRUARY 11 2016......SUNRISE   747 AM EST   SUNSET   613 PM EST


-  INDICATES NEGATIVE NUMBERS.
R  INDICATES RECORD WAS SET OR TIED.
MM INDICATES DATA IS MISSING.
T  INDICATES TRACE AMOUNT.




$$
