000
CDUS43 KIWX 220522
CLISBN


CLIMATE REPORT
NATIONAL WEATHER SERVICE NORTHERN INDIANA
1222 AM EST SAT NOV 22 2014


...................................

...THE SOUTH BEND CLIMATE SUMMARY FOR NOVEMBER 21 2014...

CLIMATE NORMAL PERIOD 1981 TO 2010
CLIMATE RECORD PERIOD 1893 TO 2014


WEATHER ITEM   OBSERVED TIME   RECORD YEAR NORMAL DEPARTURE LAST
                VALUE   (LST)  VALUE       VALUE  FROM      YEAR
                                                  NORMAL
..................................................................
TEMPERATURE (F)
 YESTERDAY
  MAXIMUM         31    428 PM  70    1913  45    -14       49
  MINIMUM         16    901 AM   9    1964  31    -15       40
  AVERAGE         24                        38    -14       45

PRECIPITATION (IN)
  YESTERDAY        T             1.14 2007   0.11  -0.11     0.37
  MONTH TO DATE    1.35                      2.29  -0.94     2.35
  SINCE SEP 1      9.74                      9.14   0.60    10.82
  SINCE JAN 1     37.95                     34.41   3.54    37.74

SNOWFALL (IN)
  YESTERDAY        T             9.4  2008   0.2   -0.2      0.0
  MONTH TO DATE   16.9                       2.5   14.4      1.8
  SINCE SEP 1     17.1                       2.9   14.2      2.1
  SINCE JUL 1     17.1                       2.9   14.2      2.1
  SNOW DEPTH       2

DEGREE DAYS
 HEATING
  YESTERDAY       41                        27     14       20
  MONTH TO DATE  650                       467    183      463
  SINCE SEP 1   1155                       990    165      933
  SINCE JUL 1   1183                      1008    175      962

 COOLING
  YESTERDAY        0                         0      0        0
  MONTH TO DATE    0                         0      0        0
  SINCE SEP 1     78                        91    -13      148
  SINCE JAN 1    771                       773     -2      828
..................................................................


WIND (MPH)
  HIGHEST WIND SPEED    18   HIGHEST WIND DIRECTION    NW (310)
  HIGHEST GUST SPEED    22   HIGHEST GUST DIRECTION    NW (310)
  AVERAGE WIND SPEED     8.1


SKY COVER
  AVERAGE SKY COVER 0.4


WEATHER CONDITIONS
 THE FOLLOWING WEATHER WAS RECORDED YESTERDAY.
  NO SIGNIFICANT WEATHER WAS OBSERVED.


RELATIVE HUMIDITY (PERCENT)
 HIGHEST    73           700 AM
 LOWEST     43           400 PM
 AVERAGE    58

..........................................................


THE SOUTH BEND CLIMATE NORMALS FOR TODAY
                         NORMAL    RECORD    YEAR
 MAXIMUM TEMPERATURE (F)   45        68      1913
 MINIMUM TEMPERATURE (F)   31         3      1929


SUNRISE AND SUNSET
NOVEMBER 22 2014......SUNRISE   743 AM EST   SUNSET   520 PM EST
NOVEMBER 23 2014......SUNRISE   744 AM EST   SUNSET   519 PM EST


-  INDICATES NEGATIVE NUMBERS.
R  INDICATES RECORD WAS SET OR TIED.
MM INDICATES DATA IS MISSING.
T  INDICATES TRACE AMOUNT.




$$
