000
CDUS43 KIWX 310526
CLISBN


CLIMATE REPORT
NATIONAL WEATHER SERVICE NORTHERN INDIANA
126 AM EDT SUN MAY 31 2015


...................................

...THE SOUTH BEND CLIMATE SUMMARY FOR MAY 30 2015...

CLIMATE NORMAL PERIOD 1981 TO 2010
CLIMATE RECORD PERIOD 1893 TO 2015


WEATHER ITEM   OBSERVED TIME   RECORD YEAR NORMAL DEPARTURE LAST
                VALUE   (LST)  VALUE       VALUE  FROM      YEAR
                                                  NORMAL
..................................................................
TEMPERATURE (F)
 YESTERDAY
  MAXIMUM         76    147 PM  94    1942  74      2       83
                                      1895
  MINIMUM         54   1159 PM  34    1930  53      1       60
  AVERAGE         65                        64      1       72

PRECIPITATION (IN)
  YESTERDAY        2.00R         1.53 2004   0.14   1.86     0.00
  MONTH TO DATE    5.55                      3.70   1.85     5.10
  SINCE MAR 1      8.73                      9.35  -0.62     9.14
  SINCE JAN 1     12.63                     13.59  -0.96    15.08

SNOWFALL (IN)
  YESTERDAY        0.0           0.0  2002   0.0    0.0      0.0
                                      2001
  MONTH TO DATE    0.0                       0.0    0.0      0.0
  SINCE MAR 1      6.1                       8.5   -2.4     12.9
  SINCE JUL 1     83.9                      66.6   17.3    106.9
  SNOW DEPTH       0

DEGREE DAYS
 HEATING
  YESTERDAY        0                         4     -4        0
  MONTH TO DATE  121                       220    -99      208
  SINCE MAR 1   1496                      1562    -66     1753
  SINCE JUL 1   6593                      6251    342     6936

 COOLING
  YESTERDAY        0                         3     -3        7
  MONTH TO DATE   84                        44     40       76
  SINCE MAR 1     86                        54     32       78
  SINCE JAN 1     86                        54     32       78
..................................................................


WIND (MPH)
  HIGHEST WIND SPEED    21   HIGHEST WIND DIRECTION    NE (30)
  HIGHEST GUST SPEED    28   HIGHEST GUST DIRECTION    NE (40)
  AVERAGE WIND SPEED     9.0


SKY COVER
  AVERAGE SKY COVER 0.8


WEATHER CONDITIONS
 THE FOLLOWING WEATHER WAS RECORDED YESTERDAY.
  HEAVY RAIN
  RAIN
  LIGHT RAIN
  FOG


RELATIVE HUMIDITY (PERCENT)
 HIGHEST   100          1100 PM
 LOWEST     69           200 PM
 AVERAGE    85

..........................................................


THE SOUTH BEND CLIMATE NORMALS FOR TODAY
                         NORMAL    RECORD    YEAR
 MAXIMUM TEMPERATURE (F)   75        96      1934
 MINIMUM TEMPERATURE (F)   54        35      1897


SUNRISE AND SUNSET
MAY 31 2015...........SUNRISE   614 AM EDT   SUNSET   912 PM EDT
JUNE  1 2015..........SUNRISE   613 AM EDT   SUNSET   913 PM EDT


-  INDICATES NEGATIVE NUMBERS.
R  INDICATES RECORD WAS SET OR TIED.
MM INDICATES DATA IS MISSING.
T  INDICATES TRACE AMOUNT.




$$
