000
CDUS43 KIWX 290538
CLISBN


CLIMATE REPORT
NATIONAL WEATHER SERVICE NORTHERN INDIANA
125 AM EDT FRI JUL 29 2016


...................................

...THE SOUTH BEND CLIMATE SUMMARY FOR JULY 28 2016...

CLIMATE NORMAL PERIOD 1981 TO 2010
CLIMATE RECORD PERIOD 1893 TO 2016


WEATHER ITEM   OBSERVED TIME   RECORD YEAR NORMAL DEPARTURE LAST
                VALUE   (LST)  VALUE       VALUE  FROM      YEAR
                                                  NORMAL
..................................................................
TEMPERATURE (F)
 YESTERDAY
  MAXIMUM         86        MM 100    1983  82      4       90
  MINIMUM         68        MM  47    1925  63      5       65
  AVERAGE         77                        73      4       78

PRECIPITATION (IN)
  YESTERDAY        0.16          1.78 1971   0.13   0.03     0.00
  MONTH TO DATE    3.10                      3.61  -0.51     4.79
  SINCE JUN 1      6.35                      7.40  -1.05     8.86
  SINCE JAN 1     21.46                     21.12   0.34    21.95

SNOWFALL (IN)
  YESTERDAY        0.0           0.0  2002   0.0    0.0      0.0
                                      2001
  MONTH TO DATE    0.0                       0.0    0.0      0.0
  SINCE JUN 1      0.0                       0.0    0.0      0.0
  SINCE JUL 1      0.0                       0.0    0.0      0.0
  SNOW DEPTH       0

DEGREE DAYS
 HEATING
  YESTERDAY        0                         0      0        0
  MONTH TO DATE    8                         0      8       10
  SINCE JUN 1     43                        44     -1       29
  SINCE JUL 1      8                         0      8       10

 COOLING
  YESTERDAY       12                         8      4       13
  MONTH TO DATE  245                       224     21      178
  SINCE JUN 1    421                       389     32      335
  SINCE JAN 1    490                       445     45      421
..................................................................


WIND (MPH)
  HIGHEST WIND SPEED     7   HIGHEST WIND DIRECTION    SE (140)
  HIGHEST GUST SPEED    MM   HIGHEST GUST DIRECTION    MM
  AVERAGE WIND SPEED     2.3


SKY COVER
  AVERAGE SKY COVER 0.1


WEATHER CONDITIONS
 THE FOLLOWING WEATHER WAS RECORDED YESTERDAY.
  THUNDERSTORM
  HEAVY RAIN
  LIGHT RAIN
  FOG


RELATIVE HUMIDITY (PERCENT)
 HIGHEST    93           500 AM
 LOWEST     55          1100 AM
 AVERAGE    74

..........................................................


THE SOUTH BEND CLIMATE NORMALS FOR TODAY
                         NORMAL    RECORD    YEAR
 MAXIMUM TEMPERATURE (F)   82       102      1916
 MINIMUM TEMPERATURE (F)   63        46      1928


SUNRISE AND SUNSET
JULY 29 2016..........SUNRISE   637 AM EDT   SUNSET   906 PM EDT
JULY 30 2016..........SUNRISE   638 AM EDT   SUNSET   905 PM EDT


-  INDICATES NEGATIVE NUMBERS.
R  INDICATES RECORD WAS SET OR TIED.
MM INDICATES DATA IS MISSING.
T  INDICATES TRACE AMOUNT.




$$
