000
CDUS43 KIWX 192121
CLISBN


CLIMATE REPORT
NATIONAL WEATHER SERVICE NORTHERN INDIANA
421 PM EST FRI DEC 19 2014


...................................

...THE SOUTH BEND CLIMATE SUMMARY FOR DECEMBER 19 2014...
VALID TODAY AS OF 0400 PM LOCAL TIME.

CLIMATE NORMAL PERIOD 1981 TO 2010
CLIMATE RECORD PERIOD 1893 TO 2014


WEATHER ITEM   OBSERVED TIME   RECORD YEAR NORMAL DEPARTURE LAST
                VALUE   (LST)  VALUE       VALUE  FROM      YEAR
                                                  NORMAL
..................................................................
TEMPERATURE (F)
 TODAY
  MAXIMUM         35    206 PM  56    1895  34      1       42
  MINIMUM         27    404 AM  -9    1983  21      6       35
  AVERAGE         31                        28      3       39

PRECIPITATION (IN)
  TODAY            T             2.50 1895   0.08  -0.08     0.02
  MONTH TO DATE    0.55                      1.64  -1.09     0.93
  SINCE DEC 1      0.55                      1.64  -1.09     0.93
  SINCE JAN 1     40.52                     37.03   3.49    38.95

SNOWFALL (IN)
  TODAY            T            10.9  1973   0.6   -0.6     MM
  MONTH TO DATE    T                         9.7   -9.7      6.7
  SINCE DEC 1      T                         9.7   -9.7      6.7
  SINCE JUL 1     19.3                      14.9    4.4     15.9

DEGREE DAYS
 HEATING
  TODAY           34                        37     -3       26
  MONTH TO DATE  596                       657    -61      742
  SINCE DEC 1    596                       657    -61      742
  SINCE JUL 1   2038                      1926    112     2031

 COOLING
  TODAY            0                         0      0        0
  MONTH TO DATE    0                         0      0        0
  SINCE DEC 1      0                         0      0        0
  SINCE JAN 1    771                       773     -2      828
..................................................................


WIND (MPH)
  HIGHEST WIND SPEED    12   HIGHEST WIND DIRECTION    SW (240)
  HIGHEST GUST SPEED    14   HIGHEST GUST DIRECTION    SW (240)
  AVERAGE WIND SPEED     4.7


SKY COVER
  POSSIBLE SUNSHINE  MM
  AVERAGE SKY COVER 1.0


WEATHER CONDITIONS
 THE FOLLOWING WEATHER WAS RECORDED TODAY.
  FOG
  HAZE


RELATIVE HUMIDITY (PERCENT)
 HIGHEST    85           600 AM
 LOWEST     64           200 PM
 AVERAGE    75

..........................................................


THE SOUTH BEND CLIMATE NORMALS FOR TOMORROW
                         NORMAL    RECORD    YEAR
 MAXIMUM TEMPERATURE (F)   34        60      1949
 MINIMUM TEMPERATURE (F)   21        -9      1901


SUNRISE AND SUNSET
DECEMBER 19 2014......SUNRISE   808 AM EST   SUNSET   517 PM EST
DECEMBER 20 2014......SUNRISE   808 AM EST   SUNSET   517 PM EST


-  INDICATES NEGATIVE NUMBERS.
R  INDICATES RECORD WAS SET OR TIED.
MM INDICATES DATA IS MISSING.
T  INDICATES TRACE AMOUNT.




$$
