000
CDUS43 KIWX 060020
CLISBN


CLIMATE REPORT
NATIONAL WEATHER SERVICE NORTHERN INDIANA
820 PM EDT SUN JUL 5 2015


...................................

...THE SOUTH BEND CLIMATE SUMMARY FOR JULY 5 2015...
VALID AS OF 0800 PM LOCAL TIME.

CLIMATE NORMAL PERIOD 1981 TO 2010
CLIMATE RECORD PERIOD 1893 TO 2015


WEATHER ITEM   OBSERVED TIME   RECORD YEAR NORMAL DEPARTURE LAST
                VALUE   (LST)  VALUE       VALUE  FROM      YEAR
                                                  NORMAL
..................................................................
TEMPERATURE (F)
 TODAY
  MAXIMUM         84    355 PM 100    2012  83      1       78
                                      1911
  MINIMUM         59    542 AM  48    1997  63     -4       54
                                      1996
                                      1967
  AVERAGE         72                        73     -1       66

PRECIPITATION (IN)
  TODAY            0.00          1.45 1966   0.13  -0.13     0.00
  MONTH TO DATE    0.00                      0.60  -0.60     0.37
  SINCE JUN 1      4.07                      4.39  -0.32     9.51
  SINCE JAN 1     17.16                     18.11  -0.95    24.59

SNOWFALL (IN)
  TODAY            0.0           0.0  2002   0.0    0.0      0.0
                                      2001
  MONTH TO DATE    0.0                       0.0    0.0      0.0
  SINCE JUN 1      0.0                       0.0    0.0      0.0
  SINCE JUL 1      0.0                       0.0    0.0      0.0
  SNOW DEPTH       0

DEGREE DAYS
 HEATING
  TODAY            0                         0      0        0
  MONTH TO DATE    4                         0      4        2
  SINCE JUN 1     23                        44    -21       19
  SINCE JUL 1      4                         0      4        2

 COOLING
  TODAY            7                         8     -1        1
  MONTH TO DATE   13                        40    -27       13
  SINCE JUN 1    170                       205    -35      229
  SINCE JAN 1    256                       261     -5      314
..................................................................


WIND (MPH)
  RESULTANT WIND SPEED   2   RESULTANT WIND DIRECTION  SE (150)
  HIGHEST WIND SPEED    13   HIGHEST WIND DIRECTION     S (200)
  HIGHEST GUST SPEED    19   HIGHEST GUST DIRECTION     S (170)
  AVERAGE WIND SPEED     3.7


SKY COVER
  POSSIBLE SUNSHINE  MM
  AVERAGE SKY COVER 0.0


WEATHER CONDITIONS
 THE FOLLOWING WEATHER WAS RECORDED TODAY.
  FOG
  HAZE


RELATIVE HUMIDITY (PERCENT)
 HIGHEST    90           200 AM
 LOWEST     43           200 PM
 AVERAGE    67

..........................................................


THE SOUTH BEND CLIMATE NORMALS FOR TOMORROW
                         NORMAL    RECORD    YEAR
 MAXIMUM TEMPERATURE (F)   83       102      2012
 MINIMUM TEMPERATURE (F)   63        43      2001


SUNRISE AND SUNSET
JULY  5 2015..........SUNRISE   617 AM EDT   SUNSET   923 PM EDT
JULY  6 2015..........SUNRISE   617 AM EDT   SUNSET   922 PM EDT


-  INDICATES NEGATIVE NUMBERS.
R  INDICATES RECORD WAS SET OR TIED.
MM INDICATES DATA IS MISSING.
T  INDICATES TRACE AMOUNT.




$$
