000
CDUS43 KIWX 230523
CLISBN


CLIMATE REPORT
NATIONAL WEATHER SERVICE NORTHERN INDIANA
123 AM EDT FRI JUN 23 2017


...................................

...THE SOUTH BEND CLIMATE SUMMARY FOR JUNE 22 2017...

CLIMATE NORMAL PERIOD 1981 TO 2010
CLIMATE RECORD PERIOD 1893 TO 2017


WEATHER ITEM   OBSERVED TIME   RECORD YEAR NORMAL DEPARTURE LAST
                VALUE   (LST)  VALUE       VALUE  FROM      YEAR
                                                  NORMAL
..................................................................
TEMPERATURE (F)
 YESTERDAY
  MAXIMUM         87    153 PM  99    1988  81      6       79
  MINIMUM         69   1206 AM  39    1992  61      8       61
  AVERAGE         78                        71      7       70

PRECIPITATION (IN)
  YESTERDAY        0.02          2.32 1914   0.12  -0.10     1.54
  MONTH TO DATE    1.18                      2.85  -1.67     3.09
  SINCE JUN 1      1.18                      2.85  -1.67     3.09
  SINCE JAN 1     20.41                     16.57   3.84    18.20

DEGREE DAYS
 HEATING
  YESTERDAY        0                         1     -1        0
  MONTH TO DATE   13                        39    -26       24
  SINCE JUN 1     13                        39    -26       24
  SINCE JUL 1   5515                      6293   -778     5629

 COOLING
  YESTERDAY       13                         7      6        5
  MONTH TO DATE  146                       105     41      124
  SINCE JUN 1    146                       105     41      124
  SINCE JAN 1    186                       161     25      193
..................................................................


WIND (MPH)
  HIGHEST WIND SPEED    24   HIGHEST WIND DIRECTION    SW (210)
  HIGHEST GUST SPEED    31   HIGHEST GUST DIRECTION    SW (220)
  AVERAGE WIND SPEED    12.0


SKY COVER
  AVERAGE SKY COVER 0.4


WEATHER CONDITIONS
 THE FOLLOWING WEATHER WAS RECORDED YESTERDAY.
  LIGHT RAIN
  HAZE


RELATIVE HUMIDITY (PERCENT)
 HIGHEST    84           600 AM
 LOWEST     57           200 PM
 AVERAGE    71

..........................................................


THE SOUTH BEND CLIMATE NORMALS FOR TODAY
                         NORMAL    RECORD    YEAR
 MAXIMUM TEMPERATURE (F)   82        97      1930
                                             1923
 MINIMUM TEMPERATURE (F)   61        37      1918


SUNRISE AND SUNSET
JUNE 23 2017..........SUNRISE   611 AM EDT   SUNSET   924 PM EDT
JUNE 24 2017..........SUNRISE   612 AM EDT   SUNSET   924 PM EDT


-  INDICATES NEGATIVE NUMBERS.
R  INDICATES RECORD WAS SET OR TIED.
MM INDICATES DATA IS MISSING.
T  INDICATES TRACE AMOUNT.




$$
