000
CDUS43 KIWX 160528
CLISBN


CLIMATE REPORT
NATIONAL WEATHER SERVICE NORTHERN INDIANA
1226 AM EST MON JAN 16 2017


...................................

...THE SOUTH BEND CLIMATE SUMMARY FOR JANUARY 15 2017...

CLIMATE NORMAL PERIOD 1981 TO 2010
CLIMATE RECORD PERIOD 1893 TO 2017


WEATHER ITEM   OBSERVED TIME   RECORD YEAR NORMAL DEPARTURE LAST
                VALUE   (LST)  VALUE       VALUE  FROM      YEAR
                                                  NORMAL
..................................................................
TEMPERATURE (F)
 YESTERDAY
  MAXIMUM         36    420 PM  61    1932  31      5       43
  MINIMUM         17    807 AM -15    2009  17      0       31
                                      1994
  AVERAGE         27                        24      3       37

PRECIPITATION (IN)
  YESTERDAY        0.00          0.42 1997   0.07  -0.07     0.11
  MONTH TO DATE    1.82                      1.21   0.61     1.23
  SINCE DEC 1      3.81                      3.82  -0.01     5.35
  SINCE JAN 1      1.82                      1.21   0.61     1.23

SNOWFALL (IN)
  YESTERDAY        0.0           6.5  2009   0.7   -0.7       T
  MONTH TO DATE    3.8                       9.7   -5.9     14.4
  SINCE DEC 1     27.5                      27.0    0.5     15.8
  SINCE JUL 1     28.0                      32.2   -4.2     24.9
  SNOW DEPTH       0

DEGREE DAYS
 HEATING
  YESTERDAY       38                        41     -3       28
  MONTH TO DATE  607                       607      0      594
  SINCE DEC 1   1828                      1729     99     1380
  SINCE JUL 1   2729                      2998   -269     2447

 COOLING
  YESTERDAY        0                         0      0        0
  MONTH TO DATE    0                         0      0        0
  SINCE DEC 1      0                         0      0        0
  SINCE JAN 1      0                         0      0        0
..................................................................


WIND (MPH)
  HIGHEST WIND SPEED     7   HIGHEST WIND DIRECTION    SE (130)
  HIGHEST GUST SPEED     8   HIGHEST GUST DIRECTION    SE (140)
  AVERAGE WIND SPEED     2.3


SKY COVER
  AVERAGE SKY COVER 0.0


WEATHER CONDITIONS
 THE FOLLOWING WEATHER WAS RECORDED YESTERDAY.
  FOG
  HAZE


RELATIVE HUMIDITY (PERCENT)
 HIGHEST   100           400 AM
 LOWEST     63           500 PM
 AVERAGE    82

..........................................................


THE SOUTH BEND CLIMATE NORMALS FOR TODAY
                         NORMAL    RECORD    YEAR
 MAXIMUM TEMPERATURE (F)   31        57      1949
 MINIMUM TEMPERATURE (F)   17       -19      2009
                                             1972


SUNRISE AND SUNSET
JANUARY 16 2017.......SUNRISE   809 AM EST   SUNSET   541 PM EST
JANUARY 17 2017.......SUNRISE   809 AM EST   SUNSET   543 PM EST


-  INDICATES NEGATIVE NUMBERS.
R  INDICATES RECORD WAS SET OR TIED.
MM INDICATES DATA IS MISSING.
T  INDICATES TRACE AMOUNT.




$$
