000
CDUS43 KIWX 200522
CLISBN


CLIMATE REPORT
NATIONAL WEATHER SERVICE NORTHERN INDIANA
122 AM EDT WED MAY 20 2015


...................................

...THE SOUTH BEND CLIMATE SUMMARY FOR MAY 19 2015...

CLIMATE NORMAL PERIOD 1981 TO 2010
CLIMATE RECORD PERIOD 1893 TO 2015


WEATHER ITEM   OBSERVED TIME   RECORD YEAR NORMAL DEPARTURE LAST
                VALUE   (LST)  VALUE       VALUE  FROM      YEAR
                                                  NORMAL
..................................................................
TEMPERATURE (F)
 YESTERDAY
  MAXIMUM         52    147 PM  94    1934  71    -19       71
  MINIMUM         37   1126 PM  32    2002  50    -13       43
  AVERAGE         45                        60    -15       57

PRECIPITATION (IN)
  YESTERDAY        0.00          1.14 1926   0.13  -0.13     0.01
  MONTH TO DATE    3.02                      2.27   0.75     2.87
  SINCE MAR 1      6.20                      7.92  -1.72     6.91
  SINCE JAN 1     10.10                     12.16  -2.06    12.85

SNOWFALL (IN)
  YESTERDAY        0.0           T    1968   0.0    0.0      0.0
  MONTH TO DATE    0.0                       0.0    0.0      0.0
  SINCE MAR 1      6.1                       8.5   -2.4     12.9
  SINCE JUL 1     83.9                      66.6   17.3    106.9
  SNOW DEPTH       0

DEGREE DAYS
 HEATING
  YESTERDAY       20                         6     14        8
  MONTH TO DATE   85                       164    -79      190
  SINCE MAR 1   1460                      1506    -46     1735
  SINCE JUL 1   6557                      6195    362     6918

 COOLING
  YESTERDAY        0                         2     -2        0
  MONTH TO DATE   47                        20     27       23
  SINCE MAR 1     49                        30     19       25
  SINCE JAN 1     49                        30     19       25
..................................................................


WIND (MPH)
  HIGHEST WIND SPEED    21   HIGHEST WIND DIRECTION    NW (310)
  HIGHEST GUST SPEED    27   HIGHEST GUST DIRECTION    NW (300)
  AVERAGE WIND SPEED    11.9


SKY COVER
  AVERAGE SKY COVER 0.6


WEATHER CONDITIONS
 THE FOLLOWING WEATHER WAS RECORDED YESTERDAY.
  NO SIGNIFICANT WEATHER WAS OBSERVED.


RELATIVE HUMIDITY (PERCENT)
 HIGHEST    76           200 AM
 LOWEST     56           500 PM
 AVERAGE    66

..........................................................


THE SOUTH BEND CLIMATE NORMALS FOR TODAY
                         NORMAL    RECORD    YEAR
 MAXIMUM TEMPERATURE (F)   71        93      1934
 MINIMUM TEMPERATURE (F)   50        30      1895


SUNRISE AND SUNSET
MAY 20 2015...........SUNRISE   621 AM EDT   SUNSET   903 PM EDT
MAY 21 2015...........SUNRISE   620 AM EDT   SUNSET   904 PM EDT


-  INDICATES NEGATIVE NUMBERS.
R  INDICATES RECORD WAS SET OR TIED.
MM INDICATES DATA IS MISSING.
T  INDICATES TRACE AMOUNT.




$$
