000
CDUS43 KIWX 202021
CLISBN


CLIMATE REPORT
NATIONAL WEATHER SERVICE NORTHERN INDIANA
420 PM EDT SAT AUG 20 2016


...................................

...THE SOUTH BEND CLIMATE SUMMARY FOR AUGUST 20 2016...
VALID TODAY AS OF 0400 PM LOCAL TIME.

CLIMATE NORMAL PERIOD 1981 TO 2010
CLIMATE RECORD PERIOD 1893 TO 2016


WEATHER ITEM   OBSERVED TIME   RECORD YEAR NORMAL DEPARTURE LAST
                VALUE   (LST)  VALUE       VALUE  FROM      YEAR
                                                  NORMAL
..................................................................
TEMPERATURE (F)
 TODAY
  MAXIMUM         77    259 PM  98    1947  81     -4       72
                                      1916
  MINIMUM         69    542 AM  44    1908  62      7       59
                                      1897
  AVERAGE         73                        71      2       66

PRECIPITATION (IN)
  TODAY            0.26          1.43 2007   0.12   0.14     0.00
  MONTH TO DATE   11.05                      2.47   8.58     1.54
  SINCE JUN 1     17.54                     10.26   7.28    10.40
  SINCE JAN 1     32.65                     23.98   8.67    23.49

DEGREE DAYS
 HEATING
  TODAY            0                         0      0        0
  MONTH TO DATE    0                         0      0        0
  SINCE JUN 1     43                        49     -6       29
  SINCE JUL 1      8                         5      3       10

 COOLING
  TODAY            8                         7      1        1
  MONTH TO DATE  213                       142     71      169
  SINCE JUN 1    659                       560     99      534
  SINCE JAN 1    728                       616    112      620
..................................................................


WIND (MPH)
  HIGHEST WIND SPEED    22   HIGHEST WIND DIRECTION     S (180)
  HIGHEST GUST SPEED    31   HIGHEST GUST DIRECTION     S (190)
  AVERAGE WIND SPEED     9.5


SKY COVER
  POSSIBLE SUNSHINE  MM
  AVERAGE SKY COVER 0.5


WEATHER CONDITIONS
 THE FOLLOWING WEATHER WAS RECORDED TODAY.
  HEAVY RAIN
  RAIN
  LIGHT RAIN
  FOG


RELATIVE HUMIDITY (PERCENT)
 HIGHEST   100           300 AM
 LOWEST     82          1100 AM
 AVERAGE    91

..........................................................


THE SOUTH BEND CLIMATE NORMALS FOR TOMORROW
                         NORMAL    RECORD    YEAR
 MAXIMUM TEMPERATURE (F)   81       100      1916
 MINIMUM TEMPERATURE (F)   62        43      1950
                                             1940


SUNRISE AND SUNSET
AUGUST 20 2016........SUNRISE   659 AM EDT   SUNSET   837 PM EDT
AUGUST 21 2016........SUNRISE   700 AM EDT   SUNSET   835 PM EDT


-  INDICATES NEGATIVE NUMBERS.
R  INDICATES RECORD WAS SET OR TIED.
MM INDICATES DATA IS MISSING.
T  INDICATES TRACE AMOUNT.




$$
