000
CDUS43 KIWX 200533
CLISBN


CLIMATE REPORT
NATIONAL WEATHER SERVICE NORTHERN INDIANA
132 AM EDT MON OCT 20 2014


...................................

...THE SOUTH BEND CLIMATE SUMMARY FOR OCTOBER 19 2014...

CLIMATE NORMAL PERIOD 1981 TO 2010
CLIMATE RECORD PERIOD 1893 TO 2014


WEATHER ITEM   OBSERVED TIME   RECORD YEAR NORMAL DEPARTURE LAST
                VALUE   (LST)  VALUE       VALUE  FROM      YEAR
                                                  NORMAL
..................................................................
TEMPERATURE (F)
 YESTERDAY
  MAXIMUM         55    352 PM  85    1908  61     -6       54
  MINIMUM         32    733 AM  25    1972  42    -10       42
                                      1896
  AVERAGE         44                        51     -7       48

PRECIPITATION (IN)
  YESTERDAY        0.00          1.81 2011   0.10  -0.10     0.17
  MONTH TO DATE    4.95                      2.07   2.88     1.60
  SINCE SEP 1      7.66                      5.60   2.06     5.72
  SINCE JAN 1     35.87                     30.87   5.00    32.64

SNOWFALL (IN)
  YESTERDAY        0.0           7.4  1989   0.0    0.0      0.0
  MONTH TO DATE    0.0                       0.1   -0.1      0.0
  SINCE SEP 1      0.0                       0.1   -0.1      0.0
  SINCE JUL 1      0.0                       0.1   -0.1      0.0
  SNOW DEPTH       0

DEGREE DAYS
 HEATING
  YESTERDAY       21                        14      7       17
  MONTH TO DATE  214                       214      0      141
  SINCE SEP 1    334                       330      4      232
  SINCE JUL 1    362                       348     14      261

 COOLING
  YESTERDAY        0                         0      0        0
  MONTH TO DATE    4                         8     -4       30
  SINCE SEP 1     78                        90    -12      148
  SINCE JAN 1    771                       772     -1      828
..................................................................


WIND (MPH)
  HIGHEST WIND SPEED    15   HIGHEST WIND DIRECTION    SW (220)
  HIGHEST GUST SPEED    22   HIGHEST GUST DIRECTION    SW (220)
  AVERAGE WIND SPEED     6.6


SKY COVER
  AVERAGE SKY COVER 0.1


WEATHER CONDITIONS
 THE FOLLOWING WEATHER WAS RECORDED YESTERDAY.
  NO SIGNIFICANT WEATHER WAS OBSERVED.


RELATIVE HUMIDITY (PERCENT)
 HIGHEST    89           200 AM
 LOWEST     54           200 PM
 AVERAGE    72

..........................................................


THE SOUTH BEND CLIMATE NORMALS FOR TODAY
                         NORMAL    RECORD    YEAR
 MAXIMUM TEMPERATURE (F)   60        84      1953
 MINIMUM TEMPERATURE (F)   41        23      1952
                                             1895


SUNRISE AND SUNSET
OCTOBER 20 2014.......SUNRISE   803 AM EDT   SUNSET   656 PM EDT
OCTOBER 21 2014.......SUNRISE   804 AM EDT   SUNSET   655 PM EDT


-  INDICATES NEGATIVE NUMBERS.
R  INDICATES RECORD WAS SET OR TIED.
MM INDICATES DATA IS MISSING.
T  INDICATES TRACE AMOUNT.




$$
