000
CDUS43 KIWX 181324
CLISBN


CLIMATE REPORT
NATIONAL WEATHER SERVICE NORTHERN INDIANA
923 AM EDT SAT MAR 18 2017


...................................

...THE SOUTH BEND CLIMATE SUMMARY FOR MARCH 17 2017...

CLIMATE NORMAL PERIOD 1981 TO 2010
CLIMATE RECORD PERIOD 1893 TO 2017


WEATHER ITEM   OBSERVED TIME   RECORD YEAR NORMAL DEPARTURE LAST
                VALUE   (LST)  VALUE       VALUE  FROM      YEAR
                                                  NORMAL
..................................................................
TEMPERATURE (F)
 YESTERDAY
  MAXIMUM         40   1058 PM  78    2012  47     -7       55
  MINIMUM         27   1210 AM  -3    1900  29     -2       37
  AVERAGE         34                        38     -4       46

PRECIPITATION (IN)
  YESTERDAY        0.15          0.91 1965   0.07   0.08     0.00
  MONTH TO DATE    1.33                      1.28   0.05     1.94
  SINCE MAR 1      1.33                      1.28   0.05     1.94
  SINCE JAN 1      8.32                      5.52   2.80     5.72

SNOWFALL (IN)
  YESTERDAY       MM             5.5  1959   0.2   MM        0.0
  MONTH TO DATE    7.7                       5.0    2.7      6.8
  SINCE MAR 1      7.7                       5.0    2.7      6.8
  SINCE JUL 1     41.4                      63.1  -21.7     66.1
  SNOW DEPTH       0

DEGREE DAYS
 HEATING
  YESTERDAY       31                        27      4       19
  MONTH TO DATE  562                       513     49      384
  SINCE MAR 1    562                       513     49      384
  SINCE JUL 1   4539                      5202   -663     4514

 COOLING
  YESTERDAY        0                         0      0        0
  MONTH TO DATE    0                         0      0        0
  SINCE MAR 1      0                         0      0        0
  SINCE JAN 1      0                         0      0        0
..................................................................


WIND (MPH)
  HIGHEST WIND SPEED    18   HIGHEST WIND DIRECTION     W (250)
  HIGHEST GUST SPEED    22   HIGHEST GUST DIRECTION     W (250)
  AVERAGE WIND SPEED     9.0


SKY COVER
  AVERAGE SKY COVER 0.8


WEATHER CONDITIONS
 THE FOLLOWING WEATHER WAS RECORDED YESTERDAY.
  LIGHT RAIN
  FREEZING RAIN
  LT FREEZING RAIN
  LIGHT SNOW
  FOG
  FOG W/VISIBILITY <= 1/4 MILE


RELATIVE HUMIDITY (PERCENT)
 HIGHEST   100           400 PM
 LOWEST     59           500 AM
 AVERAGE    80

..........................................................


THE SOUTH BEND CLIMATE NORMALS FOR TODAY
                         NORMAL    RECORD    YEAR
 MAXIMUM TEMPERATURE (F)   47        77      2012
 MINIMUM TEMPERATURE (F)   29         7      1906


SUNRISE AND SUNSET
MARCH 18 2017.........SUNRISE   752 AM EDT   SUNSET   756 PM EDT
MARCH 19 2017.........SUNRISE   750 AM EDT   SUNSET   757 PM EDT


-  INDICATES NEGATIVE NUMBERS.
R  INDICATES RECORD WAS SET OR TIED.
MM INDICATES DATA IS MISSING.
T  INDICATES TRACE AMOUNT.




$$
