107
CDUS43 KIWX 270524
CLISBN


CLIMATE REPORT
NATIONAL WEATHER SERVICE NORTHERN INDIANA
124 AM EDT WED APR 27 2016


...................................

...THE SOUTH BEND CLIMATE SUMMARY FOR APRIL 26 2016...

CLIMATE NORMAL PERIOD 1981 TO 2010
CLIMATE RECORD PERIOD 1893 TO 2016


WEATHER ITEM   OBSERVED TIME   RECORD YEAR NORMAL DEPARTURE LAST
                VALUE   (LST)  VALUE       VALUE  FROM      YEAR
                                                  NORMAL
..................................................................
TEMPERATURE (F)
 YESTERDAY
  MAXIMUM         66   1243 AM  88    1915  64      2       57
  MINIMUM         42    731 AM  25    1997  42      0       36
                                      1930
                                      1928
  AVERAGE         54                        53      1       47

PRECIPITATION (IN)
  YESTERDAY        0.25          1.25 2011   0.11   0.14     0.00
  MONTH TO DATE    3.96                      2.77   1.19     2.40
  SINCE MAR 1      8.13                      5.19   2.94     3.18
  SINCE JAN 1     11.91                      9.43   2.48     7.08

SNOWFALL (IN)
  YESTERDAY        0.0           0.1  1996   0.0    0.0      0.0
  MONTH TO DATE    4.1                       1.4    2.7       T
  SINCE MAR 1     10.9                       8.5    2.4      6.1
  SINCE JUL 1     70.2                      66.6    3.6     83.9
  SNOW DEPTH       0

DEGREE DAYS
 HEATING
  YESTERDAY       11                        13     -2       18
  MONTH TO DATE  456                       442     14      362
  SINCE MAR 1   1146                      1297   -151     1304
  SINCE JUL 1   5276                      5986   -710     6401

 COOLING
  YESTERDAY        0                         0      0        0
  MONTH TO DATE    4                         0      4        2
  SINCE MAR 1      4                         1      3        2
  SINCE JAN 1      4                         1      3        2
..................................................................


WIND (MPH)
  HIGHEST WIND SPEED    29   HIGHEST WIND DIRECTION     W (270)
  HIGHEST GUST SPEED    36   HIGHEST GUST DIRECTION     W (270)
  AVERAGE WIND SPEED     9.4


SKY COVER
  AVERAGE SKY COVER 0.8


WEATHER CONDITIONS
 THE FOLLOWING WEATHER WAS RECORDED YESTERDAY.
  HEAVY RAIN
  LIGHT RAIN
  FOG
  FOG W/VISIBILITY <= 1/4 MILE


RELATIVE HUMIDITY (PERCENT)
 HIGHEST   100           500 AM
 LOWEST     82          1000 PM
 AVERAGE    91

..........................................................


THE SOUTH BEND CLIMATE NORMALS FOR TODAY
                         NORMAL    RECORD    YEAR
 MAXIMUM TEMPERATURE (F)   64        84      1990
                                             1986
 MINIMUM TEMPERATURE (F)   43        26      1932
                                             1928


SUNRISE AND SUNSET
APRIL 27 2016.........SUNRISE   647 AM EDT   SUNSET   840 PM EDT
APRIL 28 2016.........SUNRISE   645 AM EDT   SUNSET   841 PM EDT


-  INDICATES NEGATIVE NUMBERS.
R  INDICATES RECORD WAS SET OR TIED.
MM INDICATES DATA IS MISSING.
T  INDICATES TRACE AMOUNT.




$$
