007
CDUS43 KIWX 210528
CLISBN


CLIMATE REPORT
NATIONAL WEATHER SERVICE NORTHERN INDIANA
126 AM EDT THU JUL 21 2016


...................................

...THE SOUTH BEND CLIMATE SUMMARY FOR JULY 20 2016...

CLIMATE NORMAL PERIOD 1981 TO 2010
CLIMATE RECORD PERIOD 1893 TO 2016


WEATHER ITEM   OBSERVED TIME   RECORD YEAR NORMAL DEPARTURE LAST
                VALUE   (LST)  VALUE       VALUE  FROM      YEAR
                                                  NORMAL
..................................................................
TEMPERATURE (F)
 YESTERDAY
  MAXIMUM         89    433 PM 104    1934  83      6       85
  MINIMUM         64    554 AM  44    1929  63      1       62
  AVERAGE         77                        73      4       74

PRECIPITATION (IN)
  YESTERDAY        0.00          1.61 1931   0.14  -0.14     0.00
  MONTH TO DATE    0.91                      2.53  -1.62     4.79
  SINCE JUN 1      4.16                      6.32  -2.16     8.86
  SINCE JAN 1     19.27                     20.04  -0.77    21.95

SNOWFALL (IN)
  YESTERDAY        0.0           0.0  2002   0.0    0.0      0.0
                                      2001
  MONTH TO DATE    0.0                       0.0    0.0      0.0
  SINCE JUN 1      0.0                       0.0    0.0      0.0
  SINCE JUL 1      0.0                       0.0    0.0      0.0
  SNOW DEPTH       0

DEGREE DAYS
 HEATING
  YESTERDAY        0                         0      0        0
  MONTH TO DATE    8                         0      8       10
  SINCE JUN 1     43                        44     -1       29
  SINCE JUL 1      8                         0      8       10

 COOLING
  YESTERDAY       12                         8      4        9
  MONTH TO DATE  144                       160    -16      106
  SINCE JUN 1    320                       325     -5      263
  SINCE JAN 1    389                       381      8      349
..................................................................


WIND (MPH)
  HIGHEST WIND SPEED    14   HIGHEST WIND DIRECTION     S (200)
  HIGHEST GUST SPEED    20   HIGHEST GUST DIRECTION    SW (210)
  AVERAGE WIND SPEED     4.9


SKY COVER
  AVERAGE SKY COVER 0.0


WEATHER CONDITIONS
 THE FOLLOWING WEATHER WAS RECORDED YESTERDAY.
  NO SIGNIFICANT WEATHER WAS OBSERVED.


RELATIVE HUMIDITY (PERCENT)
 HIGHEST    87          1200 AM
 LOWEST     46          1200 PM
 AVERAGE    67

..........................................................


THE SOUTH BEND CLIMATE NORMALS FOR TODAY
                         NORMAL    RECORD    YEAR
 MAXIMUM TEMPERATURE (F)   83       107      1934
 MINIMUM TEMPERATURE (F)   63        47      1944


SUNRISE AND SUNSET
JULY 21 2016..........SUNRISE   629 AM EDT   SUNSET   913 PM EDT
JULY 22 2016..........SUNRISE   630 AM EDT   SUNSET   913 PM EDT


-  INDICATES NEGATIVE NUMBERS.
R  INDICATES RECORD WAS SET OR TIED.
MM INDICATES DATA IS MISSING.
T  INDICATES TRACE AMOUNT.




$$
